
{"id":229,"date":"2022-12-02T13:49:03","date_gmt":"2022-12-02T18:49:03","guid":{"rendered":"https:\/\/cssdn.gouv.qc.ca\/aubier\/?post_type=programme&#038;p=229"},"modified":"2026-02-11T14:35:30","modified_gmt":"2026-02-11T19:35:30","slug":"profil-sciences","status":"publish","type":"programme","link":"https:\/\/cssdn.gouv.qc.ca\/aubier\/programmes-et-profils\/profil-sciences\/","title":{"rendered":"Profil Sciences (1re et 2e secondaire)"},"content":{"rendered":"<section class=\"align programmes-details\" id=\"testimonial-block_07552dbea1738143bdb52ea9a4af23fe\">\n            <dl class=\"act-post-metadata__list\">\n                                <dt class=\"act-post-metadata__label act-post-metadata__label--niveau\">Le niveau :<\/dt>\n                    <dd class=\"act-post-metadata__value act-post-metadata__value--niveau\">Secondaire<\/dd>\n                                <dt class=\"act-post-metadata__label act-post-metadata__label--domaine\">Le domaine d&rsquo;\u00e9tude :<\/dt>\n                    <dd class=\"act-post-metadata__value act-post-metadata__value--domaine\">Sciences<\/dd>\n                    <\/dl>\n        \n    <\/section>\n\n\n\n\n\n<p class=\"wp-block-paragraph\">Les \u00e9l\u00e8ves qui ont un int\u00e9r\u00eat marqu\u00e9 pour la science et la technologie auront du plaisir \u00e0 parfaire leurs apprentissages dans ce profil. Ils seront entour\u00e9s par des enseignants comp\u00e9tents, curieux et dynamiques !<\/p>\n\n\n\n<p class=\"wp-block-paragraph\">La r\u00e9solution de probl\u00e8mes scientifiques et technologiques ainsi que la communication dans un langage scientifique et technologique sont parmi les comp\u00e9tences d\u00e9velopp\u00e9es. Les \u00e9l\u00e8ves re\u00e7oivent des conf\u00e9renciers experts dans leur domaine et sont \u00e9galement encourag\u00e9s \u00e0 participer \u00e0 divers concours (robotique, d\u00e9fi g\u00e9nie inventif, etc.).<\/p>\n","protected":false},"template":"","niveau":[9],"domaine":[19],"municipalite":[21],"class_list":["post-229","programme","type-programme","status-publish","hentry","niveau-secondaire","domaine-sciences","municipalite-levis"],"acf":[],"yoast_head":"<!-- This site is optimized with the Yoast SEO plugin v27.4 - https:\/\/yoast.com\/product\/yoast-seo-wordpress\/ -->\n<title>Profil Sciences (1re et 2e secondaire) - \u00c9cole secondaire de l&#039;Aubier<\/title>\n<meta name=\"robots\" content=\"index, follow, max-snippet:-1, max-image-preview:large, max-video-preview:-1\" \/>\n<link rel=\"canonical\" href=\"https:\/\/cssdn.gouv.qc.ca\/aubier\/programmes-et-profils\/profil-sciences\/\" \/>\n<meta property=\"og:locale\" content=\"fr_CA\" \/>\n<meta property=\"og:type\" content=\"article\" \/>\n<meta property=\"og:title\" content=\"Profil Sciences (1re et 2e secondaire) - \u00c9cole secondaire de l&#039;Aubier\" \/>\n<meta property=\"og:description\" content=\"Les \u00e9l\u00e8ves qui ont un int\u00e9r\u00eat marqu\u00e9 pour la science et la technologie auront du plaisir \u00e0 parfaire leurs apprentissages dans ce profil. Ils seront entour\u00e9s par des enseignants comp\u00e9tents, curieux et dynamiques ! La r\u00e9solution de probl\u00e8mes scientifiques et technologiques ainsi que la communication dans un langage scientifique et technologique sont parmi les comp\u00e9tences [&hellip;]\" \/>\n<meta property=\"og:url\" content=\"https:\/\/cssdn.gouv.qc.ca\/aubier\/programmes-et-profils\/profil-sciences\/\" \/>\n<meta property=\"og:site_name\" content=\"\u00c9cole secondaire de l&#039;Aubier\" \/>\n<meta property=\"article:publisher\" content=\"https:\/\/www.facebook.com\/ecolesecondairedelaubier\" \/>\n<meta property=\"article:modified_time\" content=\"2026-02-11T19:35:30+00:00\" \/>\n<meta name=\"twitter:card\" content=\"summary_large_image\" \/>\n<meta name=\"twitter:site\" content=\"@CSSNavigateurs\" \/>\n<meta name=\"twitter:label1\" content=\"Estimation du temps de lecture\" \/>\n\t<meta name=\"twitter:data1\" content=\"1 minute\" \/>\n<script type=\"application\/ld+json\" class=\"yoast-schema-graph\">{\"@context\":\"https:\\\/\\\/schema.org\",\"@graph\":[{\"@type\":\"WebPage\",\"@id\":\"https:\\\/\\\/cssdn.gouv.qc.ca\\\/aubier\\\/programmes-et-profils\\\/profil-sciences\\\/\",\"url\":\"https:\\\/\\\/cssdn.gouv.qc.ca\\\/aubier\\\/programmes-et-profils\\\/profil-sciences\\\/\",\"name\":\"Profil Sciences (1re et 2e secondaire) - \u00c9cole secondaire de l&#039;Aubier\",\"isPartOf\":{\"@id\":\"https:\\\/\\\/cssdn.gouv.qc.ca\\\/aubier\\\/#website\"},\"datePublished\":\"2022-12-02T18:49:03+00:00\",\"dateModified\":\"2026-02-11T19:35:30+00:00\",\"breadcrumb\":{\"@id\":\"https:\\\/\\\/cssdn.gouv.qc.ca\\\/aubier\\\/programmes-et-profils\\\/profil-sciences\\\/#breadcrumb\"},\"inLanguage\":\"fr-CA\",\"potentialAction\":[{\"@type\":\"ReadAction\",\"target\":[\"https:\\\/\\\/cssdn.gouv.qc.ca\\\/aubier\\\/programmes-et-profils\\\/profil-sciences\\\/\"]}]},{\"@type\":\"BreadcrumbList\",\"@id\":\"https:\\\/\\\/cssdn.gouv.qc.ca\\\/aubier\\\/programmes-et-profils\\\/profil-sciences\\\/#breadcrumb\",\"itemListElement\":[{\"@type\":\"ListItem\",\"position\":1,\"name\":\"Accueil\",\"item\":\"https:\\\/\\\/cssdn.gouv.qc.ca\\\/aubier\\\/\"},{\"@type\":\"ListItem\",\"position\":2,\"name\":\"Programmes et profils\",\"item\":\"https:\\\/\\\/cssdn.gouv.qc.ca\\\/aubier\\\/programmes-et-profils\\\/\"},{\"@type\":\"ListItem\",\"position\":3,\"name\":\"Profil Sciences (1re et 2e secondaire)\"}]},{\"@type\":\"WebSite\",\"@id\":\"https:\\\/\\\/cssdn.gouv.qc.ca\\\/aubier\\\/#website\",\"url\":\"https:\\\/\\\/cssdn.gouv.qc.ca\\\/aubier\\\/\",\"name\":\"\u00c9cole secondaire de l&#039;Aubier\",\"description\":\"Un site des centres de services scolaires des Navigateurs\",\"publisher\":{\"@id\":\"https:\\\/\\\/cssdn.gouv.qc.ca\\\/aubier\\\/#organization\"},\"potentialAction\":[{\"@type\":\"SearchAction\",\"target\":{\"@type\":\"EntryPoint\",\"urlTemplate\":\"https:\\\/\\\/cssdn.gouv.qc.ca\\\/aubier\\\/?s={search_term_string}\"},\"query-input\":{\"@type\":\"PropertyValueSpecification\",\"valueRequired\":true,\"valueName\":\"search_term_string\"}}],\"inLanguage\":\"fr-CA\"},{\"@type\":\"Organization\",\"@id\":\"https:\\\/\\\/cssdn.gouv.qc.ca\\\/aubier\\\/#organization\",\"name\":\"\u00c9cole secondaire de l&#039;Aubier\",\"url\":\"https:\\\/\\\/cssdn.gouv.qc.ca\\\/aubier\\\/\",\"logo\":{\"@type\":\"ImageObject\",\"inLanguage\":\"fr-CA\",\"@id\":\"https:\\\/\\\/cssdn.gouv.qc.ca\\\/aubier\\\/#\\\/schema\\\/logo\\\/image\\\/\",\"url\":\"https:\\\/\\\/cssdn.gouv.qc.ca\\\/aubier\\\/wp-content\\\/uploads\\\/sites\\\/10\\\/2023\\\/01\\\/logo_quebec.svg\",\"contentUrl\":\"https:\\\/\\\/cssdn.gouv.qc.ca\\\/aubier\\\/wp-content\\\/uploads\\\/sites\\\/10\\\/2023\\\/01\\\/logo_quebec.svg\",\"width\":188,\"height\":41,\"caption\":\"\u00c9cole secondaire de l&#039;Aubier\"},\"image\":{\"@id\":\"https:\\\/\\\/cssdn.gouv.qc.ca\\\/aubier\\\/#\\\/schema\\\/logo\\\/image\\\/\"},\"sameAs\":[\"https:\\\/\\\/www.facebook.com\\\/ecolesecondairedelaubier\",\"https:\\\/\\\/x.com\\\/CSSNavigateurs\",\"https:\\\/\\\/www.instagram.com\\\/cssnavigateurs\\\/\",\"https:\\\/\\\/www.youtube.com\\\/channel\\\/UCHbNBehije70JBzCIVT82bQ\",\"https:\\\/\\\/www.linkedin.com\\\/company\\\/cssdn\"]}]}<\/script>\n<!-- \/ Yoast SEO plugin. -->","yoast_head_json":{"title":"Profil Sciences (1re et 2e secondaire) - \u00c9cole secondaire de l&#039;Aubier","robots":{"index":"index","follow":"follow","max-snippet":"max-snippet:-1","max-image-preview":"max-image-preview:large","max-video-preview":"max-video-preview:-1"},"canonical":"https:\/\/cssdn.gouv.qc.ca\/aubier\/programmes-et-profils\/profil-sciences\/","og_locale":"fr_CA","og_type":"article","og_title":"Profil Sciences (1re et 2e secondaire) - \u00c9cole secondaire de l&#039;Aubier","og_description":"Les \u00e9l\u00e8ves qui ont un int\u00e9r\u00eat marqu\u00e9 pour la science et la technologie auront du plaisir \u00e0 parfaire leurs apprentissages dans ce profil. Ils seront entour\u00e9s par des enseignants comp\u00e9tents, curieux et dynamiques ! La r\u00e9solution de probl\u00e8mes scientifiques et technologiques ainsi que la communication dans un langage scientifique et technologique sont parmi les comp\u00e9tences [&hellip;]","og_url":"https:\/\/cssdn.gouv.qc.ca\/aubier\/programmes-et-profils\/profil-sciences\/","og_site_name":"\u00c9cole secondaire de l&#039;Aubier","article_publisher":"https:\/\/www.facebook.com\/ecolesecondairedelaubier","article_modified_time":"2026-02-11T19:35:30+00:00","twitter_card":"summary_large_image","twitter_site":"@CSSNavigateurs","twitter_misc":{"Estimation du temps de lecture":"1 minute"},"schema":{"@context":"https:\/\/schema.org","@graph":[{"@type":"WebPage","@id":"https:\/\/cssdn.gouv.qc.ca\/aubier\/programmes-et-profils\/profil-sciences\/","url":"https:\/\/cssdn.gouv.qc.ca\/aubier\/programmes-et-profils\/profil-sciences\/","name":"Profil Sciences (1re et 2e secondaire) - \u00c9cole secondaire de l&#039;Aubier","isPartOf":{"@id":"https:\/\/cssdn.gouv.qc.ca\/aubier\/#website"},"datePublished":"2022-12-02T18:49:03+00:00","dateModified":"2026-02-11T19:35:30+00:00","breadcrumb":{"@id":"https:\/\/cssdn.gouv.qc.ca\/aubier\/programmes-et-profils\/profil-sciences\/#breadcrumb"},"inLanguage":"fr-CA","potentialAction":[{"@type":"ReadAction","target":["https:\/\/cssdn.gouv.qc.ca\/aubier\/programmes-et-profils\/profil-sciences\/"]}]},{"@type":"BreadcrumbList","@id":"https:\/\/cssdn.gouv.qc.ca\/aubier\/programmes-et-profils\/profil-sciences\/#breadcrumb","itemListElement":[{"@type":"ListItem","position":1,"name":"Accueil","item":"https:\/\/cssdn.gouv.qc.ca\/aubier\/"},{"@type":"ListItem","position":2,"name":"Programmes et profils","item":"https:\/\/cssdn.gouv.qc.ca\/aubier\/programmes-et-profils\/"},{"@type":"ListItem","position":3,"name":"Profil Sciences (1re et 2e secondaire)"}]},{"@type":"WebSite","@id":"https:\/\/cssdn.gouv.qc.ca\/aubier\/#website","url":"https:\/\/cssdn.gouv.qc.ca\/aubier\/","name":"\u00c9cole secondaire de l&#039;Aubier","description":"Un site des centres de services scolaires des Navigateurs","publisher":{"@id":"https:\/\/cssdn.gouv.qc.ca\/aubier\/#organization"},"potentialAction":[{"@type":"SearchAction","target":{"@type":"EntryPoint","urlTemplate":"https:\/\/cssdn.gouv.qc.ca\/aubier\/?s={search_term_string}"},"query-input":{"@type":"PropertyValueSpecification","valueRequired":true,"valueName":"search_term_string"}}],"inLanguage":"fr-CA"},{"@type":"Organization","@id":"https:\/\/cssdn.gouv.qc.ca\/aubier\/#organization","name":"\u00c9cole secondaire de l&#039;Aubier","url":"https:\/\/cssdn.gouv.qc.ca\/aubier\/","logo":{"@type":"ImageObject","inLanguage":"fr-CA","@id":"https:\/\/cssdn.gouv.qc.ca\/aubier\/#\/schema\/logo\/image\/","url":"https:\/\/cssdn.gouv.qc.ca\/aubier\/wp-content\/uploads\/sites\/10\/2023\/01\/logo_quebec.svg","contentUrl":"https:\/\/cssdn.gouv.qc.ca\/aubier\/wp-content\/uploads\/sites\/10\/2023\/01\/logo_quebec.svg","width":188,"height":41,"caption":"\u00c9cole secondaire de l&#039;Aubier"},"image":{"@id":"https:\/\/cssdn.gouv.qc.ca\/aubier\/#\/schema\/logo\/image\/"},"sameAs":["https:\/\/www.facebook.com\/ecolesecondairedelaubier","https:\/\/x.com\/CSSNavigateurs","https:\/\/www.instagram.com\/cssnavigateurs\/","https:\/\/www.youtube.com\/channel\/UCHbNBehije70JBzCIVT82bQ","https:\/\/www.linkedin.com\/company\/cssdn"]}]}},"publishpress_future_workflow_manual_trigger":{"enabledWorkflows":[]},"_links":{"self":[{"href":"https:\/\/cssdn.gouv.qc.ca\/aubier\/wp-json\/wp\/v2\/programmes\/229","targetHints":{"allow":["GET"]}}],"collection":[{"href":"https:\/\/cssdn.gouv.qc.ca\/aubier\/wp-json\/wp\/v2\/programmes"}],"about":[{"href":"https:\/\/cssdn.gouv.qc.ca\/aubier\/wp-json\/wp\/v2\/types\/programme"}],"wp:attachment":[{"href":"https:\/\/cssdn.gouv.qc.ca\/aubier\/wp-json\/wp\/v2\/media?parent=229"}],"wp:term":[{"taxonomy":"niveau","embeddable":true,"href":"https:\/\/cssdn.gouv.qc.ca\/aubier\/wp-json\/wp\/v2\/niveau?post=229"},{"taxonomy":"domaine","embeddable":true,"href":"https:\/\/cssdn.gouv.qc.ca\/aubier\/wp-json\/wp\/v2\/domaine?post=229"},{"taxonomy":"municipalite","embeddable":true,"href":"https:\/\/cssdn.gouv.qc.ca\/aubier\/wp-json\/wp\/v2\/municipalite?post=229"}],"curies":[{"name":"wp","href":"https:\/\/api.w.org\/{rel}","templated":true}]}}

<section class="align programmes-details" id="testimonial-block_07552dbea1738143bdb52ea9a4af23fe">
            <dl class="act-post-metadata__list">
                                <dt class="act-post-metadata__label act-post-metadata__label--niveau">Le niveau :</dt>
                    <dd class="act-post-metadata__value act-post-metadata__value--niveau">Secondaire</dd>
                                <dt class="act-post-metadata__label act-post-metadata__label--domaine">Le domaine d&rsquo;étude :</dt>
                    <dd class="act-post-metadata__value act-post-metadata__value--domaine">Sciences</dd>
                    </dl>
        
    </section>





<p class="wp-block-paragraph">Les élèves qui ont un intérêt marqué pour la science et la technologie auront du plaisir à parfaire leurs apprentissages dans ce profil. Ils seront entourés par des enseignants compétents, curieux et dynamiques !</p>



<p class="wp-block-paragraph">La résolution de problèmes scientifiques et technologiques ainsi que la communication dans un langage scientifique et technologique sont parmi les compétences développées. Les élèves reçoivent des conférenciers experts dans leur domaine et sont également encouragés à participer à divers concours (robotique, défi génie inventif, etc.).</p>

<!-- This site is optimized with the Yoast SEO plugin v27.4 - https://yoast.com/product/yoast-seo-wordpress/ -->
<title>Profil Sciences (1re et 2e secondaire) - École secondaire de l&#039;Aubier</title>
<meta name="robots" content="index, follow, max-snippet:-1, max-image-preview:large, max-video-preview:-1" />
<link rel="canonical" href="https://cssdn.gouv.qc.ca/aubier/programmes-et-profils/profil-sciences/" />
<meta property="og:locale" content="fr_CA" />
<meta property="og:type" content="article" />
<meta property="og:title" content="Profil Sciences (1re et 2e secondaire) - École secondaire de l&#039;Aubier" />
<meta property="og:description" content="Les élèves qui ont un intérêt marqué pour la science et la technologie auront du plaisir à parfaire leurs apprentissages dans ce profil. Ils seront entourés par des enseignants compétents, curieux et dynamiques ! La résolution de problèmes scientifiques et technologiques ainsi que la communication dans un langage scientifique et technologique sont parmi les compétences [&hellip;]" />
<meta property="og:url" content="https://cssdn.gouv.qc.ca/aubier/programmes-et-profils/profil-sciences/" />
<meta property="og:site_name" content="École secondaire de l&#039;Aubier" />
<meta property="article:publisher" content="https://www.facebook.com/ecolesecondairedelaubier" />
<meta property="article:modified_time" content="2026-02-11T19:35:30+00:00" />
<meta name="twitter:card" content="summary_large_image" />
<meta name="twitter:site" content="@CSSNavigateurs" />
<meta name="twitter:label1" content="Estimation du temps de lecture" />
	<meta name="twitter:data1" content="1 minute" />
<script type="application/ld+json" class="yoast-schema-graph">{"@context":"https:\/\/schema.org","@graph":[{"@type":"WebPage","@id":"https:\/\/cssdn.gouv.qc.ca\/aubier\/programmes-et-profils\/profil-sciences\/","url":"https:\/\/cssdn.gouv.qc.ca\/aubier\/programmes-et-profils\/profil-sciences\/","name":"Profil Sciences (1re et 2e secondaire) - École secondaire de l&#039;Aubier","isPartOf":{"@id":"https:\/\/cssdn.gouv.qc.ca\/aubier\/#website"},"datePublished":"2022-12-02T18:49:03+00:00","dateModified":"2026-02-11T19:35:30+00:00","breadcrumb":{"@id":"https:\/\/cssdn.gouv.qc.ca\/aubier\/programmes-et-profils\/profil-sciences\/#breadcrumb"},"inLanguage":"fr-CA","potentialAction":[{"@type":"ReadAction","target":["https:\/\/cssdn.gouv.qc.ca\/aubier\/programmes-et-profils\/profil-sciences\/"]}]},{"@type":"BreadcrumbList","@id":"https:\/\/cssdn.gouv.qc.ca\/aubier\/programmes-et-profils\/profil-sciences\/#breadcrumb","itemListElement":[{"@type":"ListItem","position":1,"name":"Accueil","item":"https:\/\/cssdn.gouv.qc.ca\/aubier\/"},{"@type":"ListItem","position":2,"name":"Programmes et profils","item":"https:\/\/cssdn.gouv.qc.ca\/aubier\/programmes-et-profils\/"},{"@type":"ListItem","position":3,"name":"Profil Sciences (1re et 2e secondaire)"}]},{"@type":"WebSite","@id":"https:\/\/cssdn.gouv.qc.ca\/aubier\/#website","url":"https:\/\/cssdn.gouv.qc.ca\/aubier\/","name":"École secondaire de l&#039;Aubier","description":"Un site des centres de services scolaires des Navigateurs","publisher":{"@id":"https:\/\/cssdn.gouv.qc.ca\/aubier\/#organization"},"potentialAction":[{"@type":"SearchAction","target":{"@type":"EntryPoint","urlTemplate":"https:\/\/cssdn.gouv.qc.ca\/aubier\/?s={search_term_string}"},"query-input":{"@type":"PropertyValueSpecification","valueRequired":true,"valueName":"search_term_string"}}],"inLanguage":"fr-CA"},{"@type":"Organization","@id":"https:\/\/cssdn.gouv.qc.ca\/aubier\/#organization","name":"École secondaire de l&#039;Aubier","url":"https:\/\/cssdn.gouv.qc.ca\/aubier\/","logo":{"@type":"ImageObject","inLanguage":"fr-CA","@id":"https:\/\/cssdn.gouv.qc.ca\/aubier\/#\/schema\/logo\/image\/","url":"https:\/\/cssdn.gouv.qc.ca\/aubier\/wp-content\/uploads\/sites\/10\/2023\/01\/logo_quebec.svg","contentUrl":"https:\/\/cssdn.gouv.qc.ca\/aubier\/wp-content\/uploads\/sites\/10\/2023\/01\/logo_quebec.svg","width":188,"height":41,"caption":"École secondaire de l&#039;Aubier"},"image":{"@id":"https:\/\/cssdn.gouv.qc.ca\/aubier\/#\/schema\/logo\/image\/"},"sameAs":["https:\/\/www.facebook.com\/ecolesecondairedelaubier","https:\/\/x.com\/CSSNavigateurs","https:\/\/www.instagram.com\/cssnavigateurs\/","https:\/\/www.youtube.com\/channel\/UCHbNBehije70JBzCIVT82bQ","https:\/\/www.linkedin.com\/company\/cssdn"]}]}</script>
<!-- / Yoast SEO plugin. -->

Profil Sciences (1re et 2e secondaire) - École secondaire de l&#039;Aubier

Les élèves qui ont un intérêt marqué pour la science et la technologie auront du plaisir à parfaire leurs apprentissages dans ce profil. Ils seront entourés par des enseignants compétents, curieux et dynamiques ! La résolution de problèmes scientifiques et technologiques ainsi que la communication dans un langage scientifique et technologique sont parmi les compétences [&hellip;]

École secondaire de l&#039;Aubier
