
{"id":488,"date":"2024-12-18T10:04:33","date_gmt":"2024-12-18T15:04:33","guid":{"rendered":"https:\/\/cssdn.gouv.qc.ca\/cfernavigateurs\/?page_id=488"},"modified":"2024-12-18T10:13:41","modified_gmt":"2024-12-18T15:13:41","slug":"programme-institutionnel","status":"publish","type":"page","link":"https:\/\/cssdn.gouv.qc.ca\/cfer\/ecole-entreprise\/programme-institutionnel\/","title":{"rendered":"Programme institutionnel"},"content":{"rendered":"\n<div class=\"wp-block-cover alignfull has-parallax is-style-title-banner\"><span aria-hidden=\"true\" class=\"wp-block-cover__background has-primary-background-color has-background-dim\"><\/span><div role=\"img\" aria-label=\"Centre de formation en entreprise et r\u00e9cup\u00e9ration (CFER) des Navigateurs\" class=\"wp-block-cover__image-background wp-image-348 has-parallax lazyload\" style=\"background-position:50% 50%;background-image:inherit\" data-bg-image=\"url(https:\/\/cssdn.gouv.qc.ca\/cfernavigateurs\/wp-content\/uploads\/sites\/85\/2024\/11\/centre-formation-entreprise-recuperation-navigateurs_accueil.png)\"><\/div><div class=\"wp-block-cover__inner-container\"><h3 class=\"wp-block-post-title\">Programme institutionnel<\/h3><\/div><\/div>\n\n\n\n<div class=\"wp-block-group alignfull has-padding-y-large has-secondary-background-color has-background\"><div class=\"yoast-breadcrumbs alignwide \"><span class=\"breadcrumbs\"><a href=\"https:\/\/cssdn.gouv.qc.ca\/cfer\/\" class=\"breadcrumbs__element\">Accueil<\/a> <span class=\"breadcrumbs__separator\">\n        <svg class=\"icon icon-breadcrumb__separator\"><use xlink:href=\"#icon-breadcrumb__separator\"><\/use><\/svg>\n    <\/span> <a href=\"https:\/\/cssdn.gouv.qc.ca\/cfer\/ecole-entreprise\/\" class=\"breadcrumbs__element\">\u00c9cole-entreprise<\/a> <span class=\"breadcrumbs__separator\">\n        <svg class=\"icon icon-breadcrumb__separator\"><use xlink:href=\"#icon-breadcrumb__separator\"><\/use><\/svg>\n    <\/span> <span class=\"breadcrumbs__element breadcrumbs__element-current\">Programme institutionnel<\/span><\/span><\/div><\/div>\n\n\n\n\n\n<h2 class=\"wp-block-heading\">Client\u00e8le cibl\u00e9e<\/h2>\n\n\n\n<ul class=\"wp-block-list\">\n<li>\u00c9l\u00e8ves \u00e2g\u00e9s entre 15 et 18 ans<\/li>\n\n\n\n<li>El\u00e8ves n\u2019ayant pas les crit\u00e8res de r\u00e9ussite d\u2019une 6<sup>e<\/sup> ann\u00e9e primaire<\/li>\n<\/ul>\n\n\n\n<h2 class=\"wp-block-heading\">Moyens utilis\u00e9s<\/h2>\n\n\n\n<ul class=\"wp-block-list\">\n<li>P\u00e9dagogie par projets<\/li>\n\n\n\n<li>Approche d\u2019orientation individualis\u00e9e<\/li>\n\n\n\n<li>T\u00e2che globale et coenseignement<\/li>\n\n\n\n<li>Entreprises de formation sur place op\u00e9r\u00e9es par les enseignants<\/li>\n\n\n\n<li>Outils et approche CFER : Caravane, Actualit\u00e9s, T\u00e2che globale<\/li>\n<\/ul>\n\n\n\n<h2 class=\"wp-block-heading\">Encadrement et services offerts \u00e0 l&rsquo;\u00e9l\u00e8ve<\/h2>\n\n\n\n<ul class=\"wp-block-list\">\n<li>Groupes restreints<\/li>\n\n\n\n<li>Plan d\u2019intervention individualis\u00e9<\/li>\n\n\n\n<li>\u00c9ducatrices\/ \u00e9ducateurs sp\u00e9cialis\u00e9es<\/li>\n\n\n\n<li>Service de psycho\u00e9ducation<\/li>\n\n\n\n<li>Service d\u2019orientation<\/li>\n\n\n\n<li>Services sociaux et sant\u00e9<\/li>\n\n\n\n<li>T\u00e2che globale avec enseignants qui suivent les \u00e9l\u00e8ves sur 3 ans<\/li>\n\n\n\n<li>Coenseignement<\/li>\n\n\n\n<li><a href=\"https:\/\/cssdn.gouv.qc.ca\/cfernavigateurs\/vie-scolaire\/\">Vie \u00e9tudiante<\/a><\/li>\n<\/ul>\n\n\n\n<h2 class=\"wp-block-heading\">Dur\u00e9e du programme<\/h2>\n\n\n\n<p class=\"wp-block-paragraph\">Le programme est d\u2019une dur\u00e9e de 3 ans. Lors des deux premi\u00e8res ann\u00e9es (CFER 1 et CFER 2), tous les \u00e9l\u00e8ves suivent le m\u00eame programme avec les m\u00eames cours. \u00c0 la troisi\u00e8me ann\u00e9e, les \u00e9l\u00e8ves qui ont un projet de vie, qui pr\u00e9sentent les capacit\u00e9s \u00e0 r\u00e9ussir leur premi\u00e8re secondaire en fran\u00e7ais et en math\u00e9matiques et qui ont les comp\u00e9tences pour r\u00e9ussir tous les crit\u00e8res en stage sont inscrits en FMS au CFER. Les autres \u00e9l\u00e8ves suivent le parcours traditionnel et poursuivent en CFER 3.<\/p>\n\n\n\n<p class=\"wp-block-paragraph\">Pour certains \u00e9l\u00e8ves, il arrive qu\u2019une ann\u00e9e de formation de plus soit ajout\u00e9e pour permettre la r\u00e9ussite du programme. Il s\u2019agit alors d\u2019une r\u00e9ponse aux besoins de l\u2019\u00e9l\u00e8ve.<\/p>\n\n\n\n<h2 class=\"wp-block-heading\">D\u00e9tail des cours du programme<\/h2>\n\n\n\n<div class=\"act-collapsible\">\n<h2 class=\"wp-block-heading act-collapsible__heading\">Premi\u00e8re ann\u00e9e (CFER1)<\/h2>\n\n\n\n<div class=\"act-collapsible__content\"><div class=\"act-collapsible__content-inner\">\n<p class=\"wp-block-paragraph\">Cours obligatoires<\/p>\n\n\n\n<figure class=\"wp-block-table\"><table class=\"has-fixed-layout\"><thead><tr><th>Titre du cours<\/th><th>Code<\/th><th>Heures par ann\u00e9e<\/th><\/tr><\/thead><tbody><tr><td>Fran\u00e7ais<\/td><td>130130-13<\/td><td>150<\/td><\/tr><tr><td>Math\u00e9matique<\/td><td>067130-13<\/td><td>150<\/td><\/tr><tr><td>Anglais<\/td><td>135130-13<\/td><td>50<\/td><\/tr><tr><td>G\u00e9ographie, histoire et \u00e9ducation \u00e0 la citoyennet\u00e9<\/td><td>093130-13<\/td><td>50<\/td><\/tr><tr><td>Autonomie et participation sociale<\/td><td>103130-13<\/td><td>100<\/td><\/tr><tr><td>Pr\u00e9paration au monde du travail<\/td><td>199130-13<\/td><td>50<\/td><\/tr><tr><td>Exp\u00e9rimentations scientifiques et technologiques<\/td><td>059134-13<\/td><td>100<\/td><\/tr><tr><td>Sensibilisation au march\u00e9 du travail<\/td><td>109134-13<\/td><td>150<\/td><\/tr><tr><td>\u00c9ducation physique et \u00e0 la sant\u00e9<\/td><td>045130-13<\/td><td>50<\/td><\/tr><tr><td>Temps non r\u00e9parti<\/td><td><\/td><td>50<\/td><\/tr><\/tbody><\/table><\/figure>\n<\/div><\/div>\n<\/div>\n\n\n\n<div class=\"act-collapsible\">\n<h2 class=\"wp-block-heading act-collapsible__heading\">Deuxi\u00e8me ann\u00e9e (CFER2)<\/h2>\n\n\n\n<div class=\"act-collapsible__content\"><div class=\"act-collapsible__content-inner\">\n<p class=\"wp-block-paragraph\">Cours obligatoires<\/p>\n\n\n\n<figure class=\"wp-block-table\"><table class=\"has-fixed-layout\"><thead><tr><th>Titre du cours<\/th><th>Code<\/th><th>Heures par ann\u00e9e<\/th><\/tr><\/thead><tbody><tr><td>Fran\u00e7ais<\/td><td>130230-23<\/td><td>100<\/td><\/tr><tr><td>Math\u00e9matique<\/td><td>067230-23<\/td><td>100<\/td><\/tr><tr><td>Anglais<\/td><td>135234-23<\/td><td>50<\/td><\/tr><tr><td>Autonomie et participation sociale<\/td><td>103230-23<\/td><td>100<\/td><\/tr><tr><td>G\u00e9ographie, histoire et \u00e9ducation \u00e0 la citoyennet\u00e9<\/td><td>093230-23<\/td><td>50<\/td><\/tr><tr><td>Insertion professionnelle<\/td><td>108230-23<\/td><td>300<\/td><\/tr><tr><td>Pr\u00e9paration au march\u00e9 du travail<\/td><td>199230-23<\/td><td>100<\/td><\/tr><tr><td>\u00c9ducation physique et \u00e0 la sant\u00e9<\/td><td>045234-23<\/td><td>50<\/td><\/tr><tr><td>Temps non r\u00e9parti<\/td><td><\/td><td>50<\/td><\/tr><\/tbody><\/table><\/figure>\n<\/div><\/div>\n<\/div>\n\n\n\n<div class=\"act-collapsible\">\n<h2 class=\"wp-block-heading act-collapsible__heading\">Troisi\u00e8me ann\u00e9e (CFER3)<\/h2>\n\n\n\n<div class=\"act-collapsible__content\"><div class=\"act-collapsible__content-inner\">\n<p class=\"wp-block-paragraph\">Cours obligatoires<\/p>\n\n\n\n<figure class=\"wp-block-table\"><table class=\"has-fixed-layout\"><thead><tr><th>Titre du cours<\/th><th>Code<\/th><th>Heures par ann\u00e9e<\/th><\/tr><\/thead><tbody><tr><td>Fran\u00e7ais<\/td><td>130234-32<\/td><td>50<\/td><\/tr><tr><td>Math\u00e9matique<\/td><td>067234-32<\/td><td>50<\/td><\/tr><tr><td>Autonomie et participation sociale<\/td><td>103234-32<\/td><td>50<\/td><\/tr><tr><td>G\u00e9ographie, histoire et \u00e9ducation \u00e0 la citoyennet\u00e9<\/td><td>093234-32<\/td><td>50<\/td><\/tr><tr><td>Pr\u00e9paration au march\u00e9 du travail<\/td><td>199233-32<\/td><td>50<\/td><\/tr><tr><td>Insertion professionnelle<\/td><td>108234-32<\/td><td>600<\/td><\/tr><tr><td>Temps non r\u00e9parti<\/td><td><\/td><td>50<\/td><\/tr><\/tbody><\/table><\/figure>\n\n\n\n<p class=\"wp-block-paragraph\">Pour avoir droit \u00e0 sa certification CFER, l\u2019\u00e9l\u00e8ve doit avoir r\u00e9ussi les deux comp\u00e9tences au niveau des mati\u00e8res insertion professionnelle de deuxi\u00e8me et troisi\u00e8me ann\u00e9e et avoir fait le minimum de 900 heures de stages\/ insertion professionnelle en CFER 2 et 3.<\/p>\n<\/div><\/div>\n<\/div>\n\n\n\n<div class=\"act-collapsible\">\n<h2 class=\"wp-block-heading act-collapsible__heading\">Troisi\u00e8me ann\u00e9e (CFER3)<\/h2>\n\n\n\n<div class=\"act-collapsible__content\"><div class=\"act-collapsible__content-inner\">\n<p class=\"wp-block-paragraph\">Cours obligatoires<\/p>\n\n\n\n<figure class=\"wp-block-table\"><table class=\"has-fixed-layout\"><thead><tr><th>Titre du cours<\/th><th>Code<\/th><th>Heures par ann\u00e9e<\/th><\/tr><\/thead><tbody><tr><td>Fran\u00e7ais<\/td><td>132108-35<\/td><td>200<\/td><\/tr><tr><td>Math\u00e9matique<\/td><td>063126-35<\/td><td>150<\/td><\/tr><tr><td>Anglais<\/td><td>134104-35<\/td><td>100<\/td><\/tr><tr><td>Pr\u00e9paration \u00e0 l&rsquo;exercice du m\u00e9tier semi-sp\u00e9cialis\u00e9<\/td><td>196204-35<\/td><td>375<\/td><\/tr><tr><td>Pr\u00e9paration au march\u00e9 du travail<\/td><td>199233-35<\/td><td>75<\/td><\/tr><\/tbody><\/table><\/figure>\n\n\n\n<p class=\"wp-block-paragraph\">Pour avoir droit \u00e0 sa certification FMSS, l\u2019\u00e9l\u00e8ve doit avoir fait les 900 heures en 3e ann\u00e9e, avoir r\u00e9ussi les deux comp\u00e9tences au niveau de son stage et avoir r\u00e9ussi les mati\u00e8res pr\u00e9paration \u00e0 l\u2019exercice du m\u00e9tier semi-sp\u00e9cialis\u00e9 et pr\u00e9paration au march\u00e9 du travail. (450 heures).<\/p>\n<\/div><\/div>\n<\/div>\n","protected":false},"excerpt":{"rendered":"<p>Client\u00e8le cibl\u00e9e Moyens utilis\u00e9s Encadrement et services offerts \u00e0 l&rsquo;\u00e9l\u00e8ve Dur\u00e9e du programme Le programme est d\u2019une dur\u00e9e de 3 ans. Lors des deux premi\u00e8res ann\u00e9es (CFER 1 et CFER 2), tous les \u00e9l\u00e8ves suivent le m\u00eame programme avec les m\u00eames cours. \u00c0 la troisi\u00e8me ann\u00e9e, les \u00e9l\u00e8ves qui ont un projet de vie, qui [&hellip;]<\/p>\n","protected":false},"author":21,"featured_media":0,"parent":181,"menu_order":1,"comment_status":"closed","ping_status":"closed","template":"","meta":{"_acf_changed":false,"_crdt_document":"","inline_featured_image":false,"footnotes":""},"categories":[],"tags":[],"class_list":["post-488","page","type-page","status-publish","hentry"],"acf":[],"yoast_head":"<!-- This site is optimized with the Yoast SEO plugin v27.3 - https:\/\/yoast.com\/product\/yoast-seo-wordpress\/ -->\n<title>Programme institutionnel - Centre de formation en entreprise et r\u00e9cup\u00e9ration (CFER) des Navigateurs<\/title>\n<meta name=\"description\" content=\"Programme institutionnel du centre de formation en entreprise et r\u00e9cup\u00e9ration des Navigateurs (d\u00e9tail des cours, client\u00e8le vis\u00e9e, etc.)\" \/>\n<meta name=\"robots\" content=\"index, follow, max-snippet:-1, max-image-preview:large, max-video-preview:-1\" \/>\n<link rel=\"canonical\" href=\"https:\/\/cssdn.gouv.qc.ca\/cfer\/ecole-entreprise\/programme-institutionnel\/\" \/>\n<meta property=\"og:locale\" content=\"fr_CA\" \/>\n<meta property=\"og:type\" content=\"article\" \/>\n<meta property=\"og:title\" content=\"Programme institutionnel - Centre de formation en entreprise et r\u00e9cup\u00e9ration (CFER) des Navigateurs\" \/>\n<meta property=\"og:description\" content=\"Programme institutionnel du centre de formation en entreprise et r\u00e9cup\u00e9ration des Navigateurs (d\u00e9tail des cours, client\u00e8le vis\u00e9e, etc.)\" \/>\n<meta property=\"og:url\" content=\"https:\/\/cssdn.gouv.qc.ca\/cfer\/ecole-entreprise\/programme-institutionnel\/\" \/>\n<meta property=\"og:site_name\" content=\"Centre de formation en entreprise et r\u00e9cup\u00e9ration (CFER) des Navigateurs\" \/>\n<meta property=\"article:publisher\" content=\"https:\/\/www.facebook.com\/cferdesnavigateurs\" \/>\n<meta property=\"article:modified_time\" content=\"2024-12-18T15:13:41+00:00\" \/>\n<meta name=\"twitter:card\" content=\"summary_large_image\" \/>\n<meta name=\"twitter:site\" content=\"@CSSNavigateurs\" \/>\n<meta name=\"twitter:label1\" content=\"Estimation du temps de lecture\" \/>\n\t<meta name=\"twitter:data1\" content=\"3 minutes\" \/>\n<script type=\"application\/ld+json\" class=\"yoast-schema-graph\">{\"@context\":\"https:\\\/\\\/schema.org\",\"@graph\":[{\"@type\":\"WebPage\",\"@id\":\"https:\\\/\\\/cssdn.gouv.qc.ca\\\/cfer\\\/ecole-entreprise\\\/programme-institutionnel\\\/\",\"url\":\"https:\\\/\\\/cssdn.gouv.qc.ca\\\/cfer\\\/ecole-entreprise\\\/programme-institutionnel\\\/\",\"name\":\"Programme institutionnel - Centre de formation en entreprise et r\u00e9cup\u00e9ration (CFER) des Navigateurs\",\"isPartOf\":{\"@id\":\"https:\\\/\\\/cssdn.gouv.qc.ca\\\/cfer\\\/#website\"},\"datePublished\":\"2024-12-18T15:04:33+00:00\",\"dateModified\":\"2024-12-18T15:13:41+00:00\",\"description\":\"Programme institutionnel du centre de formation en entreprise et r\u00e9cup\u00e9ration des Navigateurs (d\u00e9tail des cours, client\u00e8le vis\u00e9e, etc.)\",\"breadcrumb\":{\"@id\":\"https:\\\/\\\/cssdn.gouv.qc.ca\\\/cfer\\\/ecole-entreprise\\\/programme-institutionnel\\\/#breadcrumb\"},\"inLanguage\":\"fr-CA\",\"potentialAction\":[{\"@type\":\"ReadAction\",\"target\":[\"https:\\\/\\\/cssdn.gouv.qc.ca\\\/cfer\\\/ecole-entreprise\\\/programme-institutionnel\\\/\"]}]},{\"@type\":\"BreadcrumbList\",\"@id\":\"https:\\\/\\\/cssdn.gouv.qc.ca\\\/cfer\\\/ecole-entreprise\\\/programme-institutionnel\\\/#breadcrumb\",\"itemListElement\":[{\"@type\":\"ListItem\",\"position\":1,\"name\":\"Accueil\",\"item\":\"https:\\\/\\\/cssdn.gouv.qc.ca\\\/cfer\\\/\"},{\"@type\":\"ListItem\",\"position\":2,\"name\":\"\u00c9cole-entreprise\",\"item\":\"https:\\\/\\\/cssdn.gouv.qc.ca\\\/cfer\\\/ecole-entreprise\\\/\"},{\"@type\":\"ListItem\",\"position\":3,\"name\":\"Programme institutionnel\"}]},{\"@type\":\"WebSite\",\"@id\":\"https:\\\/\\\/cssdn.gouv.qc.ca\\\/cfer\\\/#website\",\"url\":\"https:\\\/\\\/cssdn.gouv.qc.ca\\\/cfer\\\/\",\"name\":\"Centre de formation en entreprise et r\u00e9cup\u00e9ration (CFER) des Navigateurs\",\"description\":\"Un site des centres de services scolaires des Navigateurs\",\"publisher\":{\"@id\":\"https:\\\/\\\/cssdn.gouv.qc.ca\\\/cfer\\\/#organization\"},\"potentialAction\":[{\"@type\":\"SearchAction\",\"target\":{\"@type\":\"EntryPoint\",\"urlTemplate\":\"https:\\\/\\\/cssdn.gouv.qc.ca\\\/cfer\\\/?s={search_term_string}\"},\"query-input\":{\"@type\":\"PropertyValueSpecification\",\"valueRequired\":true,\"valueName\":\"search_term_string\"}}],\"inLanguage\":\"fr-CA\"},{\"@type\":\"Organization\",\"@id\":\"https:\\\/\\\/cssdn.gouv.qc.ca\\\/cfer\\\/#organization\",\"name\":\"Centre de formation en entreprise et r\u00e9cup\u00e9ration (CFER) des Navigateurs\",\"url\":\"https:\\\/\\\/cssdn.gouv.qc.ca\\\/cfer\\\/\",\"logo\":{\"@type\":\"ImageObject\",\"inLanguage\":\"fr-CA\",\"@id\":\"https:\\\/\\\/cssdn.gouv.qc.ca\\\/cfer\\\/#\\\/schema\\\/logo\\\/image\\\/\",\"url\":\"https:\\\/\\\/cssdn.gouv.qc.ca\\\/cfernavigateurs\\\/wp-content\\\/uploads\\\/sites\\\/85\\\/2024\\\/11\\\/centre-formation-entreprise-recuperation-navigateurs_logo.jpg\",\"contentUrl\":\"https:\\\/\\\/cssdn.gouv.qc.ca\\\/cfernavigateurs\\\/wp-content\\\/uploads\\\/sites\\\/85\\\/2024\\\/11\\\/centre-formation-entreprise-recuperation-navigateurs_logo.jpg\",\"width\":1800,\"height\":600,\"caption\":\"Centre de formation en entreprise et r\u00e9cup\u00e9ration (CFER) des Navigateurs\"},\"image\":{\"@id\":\"https:\\\/\\\/cssdn.gouv.qc.ca\\\/cfer\\\/#\\\/schema\\\/logo\\\/image\\\/\"},\"sameAs\":[\"https:\\\/\\\/www.facebook.com\\\/cferdesnavigateurs\",\"https:\\\/\\\/x.com\\\/CSSNavigateurs\",\"https:\\\/\\\/www.instagram.com\\\/cssnavigateurs\\\/\",\"https:\\\/\\\/www.youtube.com\\\/channel\\\/UCHbNBehije70JBzCIVT82bQ\",\"https:\\\/\\\/www.linkedin.com\\\/company\\\/centre-services-scolaire-navigateurs\"]}]}<\/script>\n<!-- \/ Yoast SEO plugin. -->","yoast_head_json":{"title":"Programme institutionnel - Centre de formation en entreprise et r\u00e9cup\u00e9ration (CFER) des Navigateurs","description":"Programme institutionnel du centre de formation en entreprise et r\u00e9cup\u00e9ration des Navigateurs (d\u00e9tail des cours, client\u00e8le vis\u00e9e, etc.)","robots":{"index":"index","follow":"follow","max-snippet":"max-snippet:-1","max-image-preview":"max-image-preview:large","max-video-preview":"max-video-preview:-1"},"canonical":"https:\/\/cssdn.gouv.qc.ca\/cfer\/ecole-entreprise\/programme-institutionnel\/","og_locale":"fr_CA","og_type":"article","og_title":"Programme institutionnel - Centre de formation en entreprise et r\u00e9cup\u00e9ration (CFER) des Navigateurs","og_description":"Programme institutionnel du centre de formation en entreprise et r\u00e9cup\u00e9ration des Navigateurs (d\u00e9tail des cours, client\u00e8le vis\u00e9e, etc.)","og_url":"https:\/\/cssdn.gouv.qc.ca\/cfer\/ecole-entreprise\/programme-institutionnel\/","og_site_name":"Centre de formation en entreprise et r\u00e9cup\u00e9ration (CFER) des Navigateurs","article_publisher":"https:\/\/www.facebook.com\/cferdesnavigateurs","article_modified_time":"2024-12-18T15:13:41+00:00","twitter_card":"summary_large_image","twitter_site":"@CSSNavigateurs","twitter_misc":{"Estimation du temps de lecture":"3 minutes"},"schema":{"@context":"https:\/\/schema.org","@graph":[{"@type":"WebPage","@id":"https:\/\/cssdn.gouv.qc.ca\/cfer\/ecole-entreprise\/programme-institutionnel\/","url":"https:\/\/cssdn.gouv.qc.ca\/cfer\/ecole-entreprise\/programme-institutionnel\/","name":"Programme institutionnel - Centre de formation en entreprise et r\u00e9cup\u00e9ration (CFER) des Navigateurs","isPartOf":{"@id":"https:\/\/cssdn.gouv.qc.ca\/cfer\/#website"},"datePublished":"2024-12-18T15:04:33+00:00","dateModified":"2024-12-18T15:13:41+00:00","description":"Programme institutionnel du centre de formation en entreprise et r\u00e9cup\u00e9ration des Navigateurs (d\u00e9tail des cours, client\u00e8le vis\u00e9e, etc.)","breadcrumb":{"@id":"https:\/\/cssdn.gouv.qc.ca\/cfer\/ecole-entreprise\/programme-institutionnel\/#breadcrumb"},"inLanguage":"fr-CA","potentialAction":[{"@type":"ReadAction","target":["https:\/\/cssdn.gouv.qc.ca\/cfer\/ecole-entreprise\/programme-institutionnel\/"]}]},{"@type":"BreadcrumbList","@id":"https:\/\/cssdn.gouv.qc.ca\/cfer\/ecole-entreprise\/programme-institutionnel\/#breadcrumb","itemListElement":[{"@type":"ListItem","position":1,"name":"Accueil","item":"https:\/\/cssdn.gouv.qc.ca\/cfer\/"},{"@type":"ListItem","position":2,"name":"\u00c9cole-entreprise","item":"https:\/\/cssdn.gouv.qc.ca\/cfer\/ecole-entreprise\/"},{"@type":"ListItem","position":3,"name":"Programme institutionnel"}]},{"@type":"WebSite","@id":"https:\/\/cssdn.gouv.qc.ca\/cfer\/#website","url":"https:\/\/cssdn.gouv.qc.ca\/cfer\/","name":"Centre de formation en entreprise et r\u00e9cup\u00e9ration (CFER) des Navigateurs","description":"Un site des centres de services scolaires des Navigateurs","publisher":{"@id":"https:\/\/cssdn.gouv.qc.ca\/cfer\/#organization"},"potentialAction":[{"@type":"SearchAction","target":{"@type":"EntryPoint","urlTemplate":"https:\/\/cssdn.gouv.qc.ca\/cfer\/?s={search_term_string}"},"query-input":{"@type":"PropertyValueSpecification","valueRequired":true,"valueName":"search_term_string"}}],"inLanguage":"fr-CA"},{"@type":"Organization","@id":"https:\/\/cssdn.gouv.qc.ca\/cfer\/#organization","name":"Centre de formation en entreprise et r\u00e9cup\u00e9ration (CFER) des Navigateurs","url":"https:\/\/cssdn.gouv.qc.ca\/cfer\/","logo":{"@type":"ImageObject","inLanguage":"fr-CA","@id":"https:\/\/cssdn.gouv.qc.ca\/cfer\/#\/schema\/logo\/image\/","url":"https:\/\/cssdn.gouv.qc.ca\/cfernavigateurs\/wp-content\/uploads\/sites\/85\/2024\/11\/centre-formation-entreprise-recuperation-navigateurs_logo.jpg","contentUrl":"https:\/\/cssdn.gouv.qc.ca\/cfernavigateurs\/wp-content\/uploads\/sites\/85\/2024\/11\/centre-formation-entreprise-recuperation-navigateurs_logo.jpg","width":1800,"height":600,"caption":"Centre de formation en entreprise et r\u00e9cup\u00e9ration (CFER) des Navigateurs"},"image":{"@id":"https:\/\/cssdn.gouv.qc.ca\/cfer\/#\/schema\/logo\/image\/"},"sameAs":["https:\/\/www.facebook.com\/cferdesnavigateurs","https:\/\/x.com\/CSSNavigateurs","https:\/\/www.instagram.com\/cssnavigateurs\/","https:\/\/www.youtube.com\/channel\/UCHbNBehije70JBzCIVT82bQ","https:\/\/www.linkedin.com\/company\/centre-services-scolaire-navigateurs"]}]}},"publishpress_future_action":{"enabled":false,"date":"2026-04-20 15:00:54","action":"change-status","newStatus":"draft","terms":[],"taxonomy":"category","extraData":[]},"publishpress_future_workflow_manual_trigger":{"enabledWorkflows":[]},"_links":{"self":[{"href":"https:\/\/cssdn.gouv.qc.ca\/cfer\/wp-json\/wp\/v2\/pages\/488","targetHints":{"allow":["GET"]}}],"collection":[{"href":"https:\/\/cssdn.gouv.qc.ca\/cfer\/wp-json\/wp\/v2\/pages"}],"about":[{"href":"https:\/\/cssdn.gouv.qc.ca\/cfer\/wp-json\/wp\/v2\/types\/page"}],"author":[{"embeddable":true,"href":"https:\/\/cssdn.gouv.qc.ca\/cfer\/wp-json\/wp\/v2\/users\/21"}],"replies":[{"embeddable":true,"href":"https:\/\/cssdn.gouv.qc.ca\/cfer\/wp-json\/wp\/v2\/comments?post=488"}],"version-history":[{"count":0,"href":"https:\/\/cssdn.gouv.qc.ca\/cfer\/wp-json\/wp\/v2\/pages\/488\/revisions"}],"up":[{"embeddable":true,"href":"https:\/\/cssdn.gouv.qc.ca\/cfer\/wp-json\/wp\/v2\/pages\/181"}],"wp:attachment":[{"href":"https:\/\/cssdn.gouv.qc.ca\/cfer\/wp-json\/wp\/v2\/media?parent=488"}],"wp:term":[{"taxonomy":"category","embeddable":true,"href":"https:\/\/cssdn.gouv.qc.ca\/cfer\/wp-json\/wp\/v2\/categories?post=488"},{"taxonomy":"post_tag","embeddable":true,"href":"https:\/\/cssdn.gouv.qc.ca\/cfer\/wp-json\/wp\/v2\/tags?post=488"}],"curies":[{"name":"wp","href":"https:\/\/api.w.org\/{rel}","templated":true}]}}