
{"id":9,"date":"2022-11-08T16:07:54","date_gmt":"2022-11-08T21:07:54","guid":{"rendered":"https:\/\/cssdn.gouv.qc.ca\/charlesrodriguepixels\/a-propos\/notre-equipe\/"},"modified":"2025-11-04T19:20:31","modified_gmt":"2025-11-05T00:20:31","slug":"notre-equipe","status":"publish","type":"page","link":"https:\/\/cssdn.gouv.qc.ca\/charlesrodriguepixels\/a-propos\/notre-equipe\/","title":{"rendered":"Notre \u00e9quipe"},"content":{"rendered":"\n<div class=\"wp-block-cover alignfull is-light is-style-title-banner\"><img decoding=\"async\" class=\"wp-block-cover__image-background wp-image-111 lazyload\" alt=\"\" data-src=\"https:\/\/cssdn.gouv.qc.ca\/wp-content\/uploads\/2022\/08\/Seawire-Hero-06.jpg\" data-object-fit=\"cover\" src=\"data:image\/svg+xml;base64,PHN2ZyB3aWR0aD0iMSIgaGVpZ2h0PSIxIiB4bWxucz0iaHR0cDovL3d3dy53My5vcmcvMjAwMC9zdmciPjwvc3ZnPg==\" \/><span aria-hidden=\"true\" class=\"wp-block-cover__background has-primary-background-color has-background-dim\"><\/span><div class=\"wp-block-cover__inner-container\"><h3 class=\"wp-block-post-title\">Notre \u00e9quipe<\/h3><\/div><\/div>\n\n\n\n<div class=\"wp-block-group alignfull has-padding-y-large has-secondary-background-color has-background\"><div class=\"yoast-breadcrumbs alignwide \"><span class=\"breadcrumbs\"><a href=\"https:\/\/cssdn.gouv.qc.ca\/charlesrodriguepixels\/\" class=\"breadcrumbs__element\">Accueil<\/a> <span class=\"breadcrumbs__separator\">\n        <svg class=\"icon icon-breadcrumb__separator\"><use xlink:href=\"#icon-breadcrumb__separator\"><\/use><\/svg>\n    <\/span> <a href=\"https:\/\/cssdn.gouv.qc.ca\/charlesrodriguepixels\/a-propos\/\" class=\"breadcrumbs__element\">\u00c0 propos<\/a> <span class=\"breadcrumbs__separator\">\n        <svg class=\"icon icon-breadcrumb__separator\"><use xlink:href=\"#icon-breadcrumb__separator\"><\/use><\/svg>\n    <\/span> <span class=\"breadcrumbs__element breadcrumbs__element-current\">Notre \u00e9quipe<\/span><\/span><\/div><\/div>\n\n\n\n<p class=\"has-heading-5-font-size wp-block-paragraph\"><\/p>\n\n\n\n<h3 class=\"wp-block-heading has-heading-3-font-size\">Personnel administratif<\/h3>\n\n\n\n<p class=\"wp-block-paragraph\"><strong>Direction&nbsp;<\/strong>: Marianne Rioux<br><strong>Directions adjointes&nbsp;:<\/strong>&nbsp;L\u00e9andre Racine-\u00c9thier et Marie-France Lessard<br><strong>Secr\u00e9tariat&nbsp;:&nbsp;<\/strong>M\u00e9lissa Charland (Charles-Rodrigue) et&nbsp;Nadia Lapointe (Pixels), ainsi que Anick Ouellet<\/p>\n\n\n\n<h4 class=\"wp-block-heading has-heading-3-font-size\">Personnel enseignant<\/h4>\n\n\n\n<p class=\"wp-block-paragraph\"><strong>Passe-Partout:\u00a0<\/strong>Genevi\u00e8ve Plante<br><strong>Pr\u00e9scolaire 4 ans :<\/strong>\u00a0Lucie Breton et Rosalie Lehouillier<br><strong>Pr\u00e9scolaire 5 ans:\u00a0<\/strong>\u00a0Marie-\u00c8ve Francoeur, Manon Rancourt, Josianne L\u00e9vesque et Cinthia Fortier<br><strong>1<sup>re<\/sup>\u00a0ann\u00e9e :\u00a0<\/strong>M\u00e9lissa Plante, Andr\u00e9anne Carrier, Megan Gendron et Katherine Larriv\u00e9e-Thibault<br><strong>2<sup>e<\/sup>\u00a0ann\u00e9e :<\/strong>\u00a0Edith Pelchat, Annie Cayer, Catherine Nobert et Karelle Marcoux-Tremblay<br><strong>3<sup>e<\/sup>\u00a0ann\u00e9e :<\/strong>\u00a0Karine Goupil, Ariane Bilodeau et \u00c9mily Albert (en remplacement de Debbie Deslauriers)<br><strong>3<sup>e<\/sup>-4<sup>e<\/sup>\u00a0ann\u00e9e :\u00a0<\/strong>Olivia Gonthier<br><strong>4<sup>e<\/sup>\u00a0ann\u00e9e :\u00a0<\/strong>Jennifer Mercier, Julie Lapierre, Florence Labrecque et Malyka De Visch (en remplacement de \u00c9lizabeth Trudeau)<br><strong>5<sup>e<\/sup>\u00a0ann\u00e9e :\u00a0<\/strong>Marie-Pierre Labrie, Annie Gagn\u00e9 et Maxime Tremblay (en remplacement de Catherine Desrochers)<br><strong>5<sup>e<\/sup>-6<sup>e<\/sup>\u00a0ann\u00e9e :\u00a0<\/strong>Martin Lavoie-Bouchard<br><strong>6<sup>e<\/sup>\u00a0ann\u00e9e :\u00a0<\/strong>Jonathan Plante, Caroline Nadeau et Alex Pelletier<br><strong>CISA:\u00a0<\/strong>Andr\u00e9anne Flamand-Goulet et Camille B\u00e9rub\u00e9-Lefebvre<br><strong>CUBE:<\/strong> Marie-Pierre Marceau<br><strong>Anglais :\u00a0<\/strong>Catherine Falardeau et Lavinia Grecu Casiania<br><strong>\u00c9ducation physique :\u00a0<\/strong>Gabriel Gigu\u00e8re, Alexandra Johnston et Christopher C\u00f4t\u00e9<br><strong>Musique :\u00a0<\/strong>Yvan Ouellet (en remplacement d&rsquo;\u00c9tienne Proven\u00e7al) et Julia Millett<br><strong>Compl\u00e9ments de t\u00e2che :<\/strong>\u00a0Vanessa Gagnon et Florence Lemay<br><strong>Francisation :<\/strong>\u00a0Alexanne Germain et Vanessa Gagnon<\/p>\n\n\n\n<h6 class=\"wp-block-heading has-heading-3-font-size\">Services compl\u00e9mentaires<\/h6>\n\n\n\n<p class=\"wp-block-paragraph\"><strong>Infirmi\u00e8re :<\/strong>\u00a0 Anne L\u00e9vesque<br><strong>Orthop\u00e9dagoque :\u00a0<\/strong>Marie C\u00f4t\u00e9,\u00a0Audrey Laferri\u00e8re, Kim Pr\u00e9mont<br><strong>Orthophoniste :\u00a0<\/strong>Audrey Bois-Doonan et Isabelle Bruaux<br><strong>Psychologue :<\/strong>\u00a0Bianca Poulin<br><strong>Psycho\u00e9ducatrice:\u00a0<\/strong>Rose-H\u00e9l\u00e8ne Gaudreau et M\u00e9lodie B\u00e9lisle<br><strong>Ergoth\u00e9rapeute<\/strong>: Emie Beauregard et Rapha\u00eblle Sauro<br><strong>Techniciens\u00a0en \u00e9ducation sp\u00e9cialis\u00e9e :<\/strong> Jessica Tremblay, Jessica Cyr-Jean, Alexandra Lalibert\u00e9, Fanie Gagn\u00e9, Janelle Labrie, Sabrina-Han Roy, Francis B\u00e9dard, M\u00e9lanie Durand, Karine Boucher, Jennifer Pouliot,  Alex St-Gelais, Sophie Tremblay, Alex Dalele, St\u00e9phanie Plante et Caroline Bernier<br><strong>Conciergerie:\u00a0<\/strong>Derko (Charles-Rodrigue) et Services KPV inc. (des Pixels)<\/p>\n\n\n\n<h6 class=\"wp-block-heading has-heading-3-font-size\">Service de garde<\/h6>\n\n\n\n<p class=\"wp-block-paragraph\"><strong>Responsable du service de garde<\/strong>\u00a0: Chantal Cournoyer<br><strong>Classe principale :\u00a0<\/strong>Patricia Capellini et Marie-H\u00e9l\u00e8ne Bernard<br><strong>\u00c9ducateurs:\u00a0<\/strong>Sylvana Langevin, Ann Desbiens, \u00c9ric Valli\u00e8res, Dalila Hami, M\u00e9lanie Bernier, Andrea Zurita, M\u00e9lanie Lecours, Sonia Dallaire, Djouher Benamane Hadj, Diane Thivierge, Samuel Beaulieu-Faguy, Nouara Djemai, Nelson Junior Beaulieu, Hanene Essafi, Kim St-Hilaire, Wiem Jabri, Fahima Ounnas, Marie-Pier Gervais, Marie-Fr\u00e9d\u00e9rique Leclerc, Tidya Nait Chabane, Souad Sakrani, Kassandra St-Pierre, Najeh Trabelski, St\u00e9phanie Trudel et Johanne Valli\u00e8res<\/p>\n","protected":false},"excerpt":{"rendered":"<p>Personnel administratif Direction&nbsp;: Marianne RiouxDirections adjointes&nbsp;:&nbsp;L\u00e9andre Racine-\u00c9thier et Marie-France LessardSecr\u00e9tariat&nbsp;:&nbsp;M\u00e9lissa Charland (Charles-Rodrigue) et&nbsp;Nadia Lapointe (Pixels), ainsi que Anick Ouellet Personnel enseignant Passe-Partout:\u00a0Genevi\u00e8ve PlantePr\u00e9scolaire 4 ans :\u00a0Lucie Breton et Rosalie LehouillierPr\u00e9scolaire 5 ans:\u00a0\u00a0Marie-\u00c8ve Francoeur, Manon Rancourt, Josianne L\u00e9vesque et Cinthia Fortier1re\u00a0ann\u00e9e :\u00a0M\u00e9lissa Plante, Andr\u00e9anne Carrier, Megan Gendron et Katherine Larriv\u00e9e-Thibault2e\u00a0ann\u00e9e :\u00a0Edith Pelchat, Annie Cayer, Catherine Nobert [&hellip;]<\/p>\n","protected":false},"author":1,"featured_media":0,"parent":6,"menu_order":0,"comment_status":"closed","ping_status":"closed","template":"","meta":{"_acf_changed":false,"_crdt_document":"","inline_featured_image":false,"footnotes":""},"categories":[],"tags":[],"class_list":["post-9","page","type-page","status-publish","hentry"],"acf":[],"yoast_head":"<!-- This site is optimized with the Yoast SEO plugin v27.3 - https:\/\/yoast.com\/product\/yoast-seo-wordpress\/ -->\n<title>Notre \u00e9quipe - \u00c9cole Charles-Rodrigue, des\u00a0Pixels<\/title>\n<meta name=\"robots\" content=\"index, follow, max-snippet:-1, max-image-preview:large, max-video-preview:-1\" \/>\n<link rel=\"canonical\" href=\"https:\/\/cssdn.gouv.qc.ca\/charlesrodriguepixels\/a-propos\/notre-equipe\/\" \/>\n<meta property=\"og:locale\" content=\"fr_CA\" \/>\n<meta property=\"og:type\" content=\"article\" \/>\n<meta property=\"og:title\" content=\"Notre \u00e9quipe - \u00c9cole Charles-Rodrigue, des\u00a0Pixels\" \/>\n<meta property=\"og:description\" content=\"Personnel administratif Direction&nbsp;: Marianne RiouxDirections adjointes&nbsp;:&nbsp;L\u00e9andre Racine-\u00c9thier et Marie-France LessardSecr\u00e9tariat&nbsp;:&nbsp;M\u00e9lissa Charland (Charles-Rodrigue) et&nbsp;Nadia Lapointe (Pixels), ainsi que Anick Ouellet Personnel enseignant Passe-Partout:\u00a0Genevi\u00e8ve PlantePr\u00e9scolaire 4 ans :\u00a0Lucie Breton et Rosalie LehouillierPr\u00e9scolaire 5 ans:\u00a0\u00a0Marie-\u00c8ve Francoeur, Manon Rancourt, Josianne L\u00e9vesque et Cinthia Fortier1re\u00a0ann\u00e9e :\u00a0M\u00e9lissa Plante, Andr\u00e9anne Carrier, Megan Gendron et Katherine Larriv\u00e9e-Thibault2e\u00a0ann\u00e9e :\u00a0Edith Pelchat, Annie Cayer, Catherine Nobert [&hellip;]\" \/>\n<meta property=\"og:url\" content=\"https:\/\/cssdn.gouv.qc.ca\/charlesrodriguepixels\/a-propos\/notre-equipe\/\" \/>\n<meta property=\"og:site_name\" content=\"\u00c9cole Charles-Rodrigue, des\u00a0Pixels\" \/>\n<meta property=\"article:publisher\" content=\"https:\/\/www.facebook.com\/ecolecharlesrodrigue\" \/>\n<meta property=\"article:modified_time\" content=\"2025-11-05T00:20:31+00:00\" \/>\n<meta name=\"twitter:card\" content=\"summary_large_image\" \/>\n<meta name=\"twitter:label1\" content=\"Estimation du temps de lecture\" \/>\n\t<meta name=\"twitter:data1\" content=\"2 minutes\" \/>\n<script type=\"application\/ld+json\" class=\"yoast-schema-graph\">{\"@context\":\"https:\\\/\\\/schema.org\",\"@graph\":[{\"@type\":\"WebPage\",\"@id\":\"https:\\\/\\\/cssdn.gouv.qc.ca\\\/charlesrodriguepixels\\\/a-propos\\\/notre-equipe\\\/\",\"url\":\"https:\\\/\\\/cssdn.gouv.qc.ca\\\/charlesrodriguepixels\\\/a-propos\\\/notre-equipe\\\/\",\"name\":\"Notre \u00e9quipe - \u00c9cole Charles-Rodrigue, des\u00a0Pixels\",\"isPartOf\":{\"@id\":\"https:\\\/\\\/cssdn.gouv.qc.ca\\\/charlesrodriguepixels\\\/#website\"},\"primaryImageOfPage\":{\"@id\":\"https:\\\/\\\/cssdn.gouv.qc.ca\\\/charlesrodriguepixels\\\/a-propos\\\/notre-equipe\\\/#primaryimage\"},\"image\":{\"@id\":\"https:\\\/\\\/cssdn.gouv.qc.ca\\\/charlesrodriguepixels\\\/a-propos\\\/notre-equipe\\\/#primaryimage\"},\"thumbnailUrl\":\"https:\\\/\\\/cssdn.gouv.qc.ca\\\/wp-content\\\/uploads\\\/2022\\\/08\\\/Seawire-Hero-06.jpg\",\"datePublished\":\"2022-11-08T21:07:54+00:00\",\"dateModified\":\"2025-11-05T00:20:31+00:00\",\"breadcrumb\":{\"@id\":\"https:\\\/\\\/cssdn.gouv.qc.ca\\\/charlesrodriguepixels\\\/a-propos\\\/notre-equipe\\\/#breadcrumb\"},\"inLanguage\":\"fr-CA\",\"potentialAction\":[{\"@type\":\"ReadAction\",\"target\":[\"https:\\\/\\\/cssdn.gouv.qc.ca\\\/charlesrodriguepixels\\\/a-propos\\\/notre-equipe\\\/\"]}]},{\"@type\":\"ImageObject\",\"inLanguage\":\"fr-CA\",\"@id\":\"https:\\\/\\\/cssdn.gouv.qc.ca\\\/charlesrodriguepixels\\\/a-propos\\\/notre-equipe\\\/#primaryimage\",\"url\":\"https:\\\/\\\/cssdn.gouv.qc.ca\\\/wp-content\\\/uploads\\\/2022\\\/08\\\/Seawire-Hero-06.jpg\",\"contentUrl\":\"https:\\\/\\\/cssdn.gouv.qc.ca\\\/wp-content\\\/uploads\\\/2022\\\/08\\\/Seawire-Hero-06.jpg\"},{\"@type\":\"BreadcrumbList\",\"@id\":\"https:\\\/\\\/cssdn.gouv.qc.ca\\\/charlesrodriguepixels\\\/a-propos\\\/notre-equipe\\\/#breadcrumb\",\"itemListElement\":[{\"@type\":\"ListItem\",\"position\":1,\"name\":\"Accueil\",\"item\":\"https:\\\/\\\/cssdn.gouv.qc.ca\\\/charlesrodriguepixels\\\/\"},{\"@type\":\"ListItem\",\"position\":2,\"name\":\"\u00c0 propos\",\"item\":\"https:\\\/\\\/cssdn.gouv.qc.ca\\\/charlesrodriguepixels\\\/a-propos\\\/\"},{\"@type\":\"ListItem\",\"position\":3,\"name\":\"Notre \u00e9quipe\"}]},{\"@type\":\"WebSite\",\"@id\":\"https:\\\/\\\/cssdn.gouv.qc.ca\\\/charlesrodriguepixels\\\/#website\",\"url\":\"https:\\\/\\\/cssdn.gouv.qc.ca\\\/charlesrodriguepixels\\\/\",\"name\":\"\u00c9cole Charles-Rodrigue, des\u00a0Pixels\",\"description\":\"Un site des centres de services scolaires des Navigateurs\",\"publisher\":{\"@id\":\"https:\\\/\\\/cssdn.gouv.qc.ca\\\/charlesrodriguepixels\\\/#organization\"},\"potentialAction\":[{\"@type\":\"SearchAction\",\"target\":{\"@type\":\"EntryPoint\",\"urlTemplate\":\"https:\\\/\\\/cssdn.gouv.qc.ca\\\/charlesrodriguepixels\\\/?s={search_term_string}\"},\"query-input\":{\"@type\":\"PropertyValueSpecification\",\"valueRequired\":true,\"valueName\":\"search_term_string\"}}],\"inLanguage\":\"fr-CA\"},{\"@type\":\"Organization\",\"@id\":\"https:\\\/\\\/cssdn.gouv.qc.ca\\\/charlesrodriguepixels\\\/#organization\",\"name\":\"\u00c9cole Charles-Rodrigue, des\u00a0Pixels\",\"url\":\"https:\\\/\\\/cssdn.gouv.qc.ca\\\/charlesrodriguepixels\\\/\",\"logo\":{\"@type\":\"ImageObject\",\"inLanguage\":\"fr-CA\",\"@id\":\"https:\\\/\\\/cssdn.gouv.qc.ca\\\/charlesrodriguepixels\\\/#\\\/schema\\\/logo\\\/image\\\/\",\"url\":\"https:\\\/\\\/cssdn.gouv.qc.ca\\\/charlesrodriguepixels\\\/wp-content\\\/uploads\\\/sites\\\/37\\\/2023\\\/01\\\/logo_quebec.svg\",\"contentUrl\":\"https:\\\/\\\/cssdn.gouv.qc.ca\\\/charlesrodriguepixels\\\/wp-content\\\/uploads\\\/sites\\\/37\\\/2023\\\/01\\\/logo_quebec.svg\",\"width\":188,\"height\":41,\"caption\":\"\u00c9cole Charles-Rodrigue, des\u00a0Pixels\"},\"image\":{\"@id\":\"https:\\\/\\\/cssdn.gouv.qc.ca\\\/charlesrodriguepixels\\\/#\\\/schema\\\/logo\\\/image\\\/\"},\"sameAs\":[\"https:\\\/\\\/www.facebook.com\\\/ecolecharlesrodrigue\"]}]}<\/script>\n<!-- \/ Yoast SEO plugin. -->","yoast_head_json":{"title":"Notre \u00e9quipe - \u00c9cole Charles-Rodrigue, des\u00a0Pixels","robots":{"index":"index","follow":"follow","max-snippet":"max-snippet:-1","max-image-preview":"max-image-preview:large","max-video-preview":"max-video-preview:-1"},"canonical":"https:\/\/cssdn.gouv.qc.ca\/charlesrodriguepixels\/a-propos\/notre-equipe\/","og_locale":"fr_CA","og_type":"article","og_title":"Notre \u00e9quipe - \u00c9cole Charles-Rodrigue, des\u00a0Pixels","og_description":"Personnel administratif Direction&nbsp;: Marianne RiouxDirections adjointes&nbsp;:&nbsp;L\u00e9andre Racine-\u00c9thier et Marie-France LessardSecr\u00e9tariat&nbsp;:&nbsp;M\u00e9lissa Charland (Charles-Rodrigue) et&nbsp;Nadia Lapointe (Pixels), ainsi que Anick Ouellet Personnel enseignant Passe-Partout:\u00a0Genevi\u00e8ve PlantePr\u00e9scolaire 4 ans :\u00a0Lucie Breton et Rosalie LehouillierPr\u00e9scolaire 5 ans:\u00a0\u00a0Marie-\u00c8ve Francoeur, Manon Rancourt, Josianne L\u00e9vesque et Cinthia Fortier1re\u00a0ann\u00e9e :\u00a0M\u00e9lissa Plante, Andr\u00e9anne Carrier, Megan Gendron et Katherine Larriv\u00e9e-Thibault2e\u00a0ann\u00e9e :\u00a0Edith Pelchat, Annie Cayer, Catherine Nobert [&hellip;]","og_url":"https:\/\/cssdn.gouv.qc.ca\/charlesrodriguepixels\/a-propos\/notre-equipe\/","og_site_name":"\u00c9cole Charles-Rodrigue, des\u00a0Pixels","article_publisher":"https:\/\/www.facebook.com\/ecolecharlesrodrigue","article_modified_time":"2025-11-05T00:20:31+00:00","twitter_card":"summary_large_image","twitter_misc":{"Estimation du temps de lecture":"2 minutes"},"schema":{"@context":"https:\/\/schema.org","@graph":[{"@type":"WebPage","@id":"https:\/\/cssdn.gouv.qc.ca\/charlesrodriguepixels\/a-propos\/notre-equipe\/","url":"https:\/\/cssdn.gouv.qc.ca\/charlesrodriguepixels\/a-propos\/notre-equipe\/","name":"Notre \u00e9quipe - \u00c9cole Charles-Rodrigue, des\u00a0Pixels","isPartOf":{"@id":"https:\/\/cssdn.gouv.qc.ca\/charlesrodriguepixels\/#website"},"primaryImageOfPage":{"@id":"https:\/\/cssdn.gouv.qc.ca\/charlesrodriguepixels\/a-propos\/notre-equipe\/#primaryimage"},"image":{"@id":"https:\/\/cssdn.gouv.qc.ca\/charlesrodriguepixels\/a-propos\/notre-equipe\/#primaryimage"},"thumbnailUrl":"https:\/\/cssdn.gouv.qc.ca\/wp-content\/uploads\/2022\/08\/Seawire-Hero-06.jpg","datePublished":"2022-11-08T21:07:54+00:00","dateModified":"2025-11-05T00:20:31+00:00","breadcrumb":{"@id":"https:\/\/cssdn.gouv.qc.ca\/charlesrodriguepixels\/a-propos\/notre-equipe\/#breadcrumb"},"inLanguage":"fr-CA","potentialAction":[{"@type":"ReadAction","target":["https:\/\/cssdn.gouv.qc.ca\/charlesrodriguepixels\/a-propos\/notre-equipe\/"]}]},{"@type":"ImageObject","inLanguage":"fr-CA","@id":"https:\/\/cssdn.gouv.qc.ca\/charlesrodriguepixels\/a-propos\/notre-equipe\/#primaryimage","url":"https:\/\/cssdn.gouv.qc.ca\/wp-content\/uploads\/2022\/08\/Seawire-Hero-06.jpg","contentUrl":"https:\/\/cssdn.gouv.qc.ca\/wp-content\/uploads\/2022\/08\/Seawire-Hero-06.jpg"},{"@type":"BreadcrumbList","@id":"https:\/\/cssdn.gouv.qc.ca\/charlesrodriguepixels\/a-propos\/notre-equipe\/#breadcrumb","itemListElement":[{"@type":"ListItem","position":1,"name":"Accueil","item":"https:\/\/cssdn.gouv.qc.ca\/charlesrodriguepixels\/"},{"@type":"ListItem","position":2,"name":"\u00c0 propos","item":"https:\/\/cssdn.gouv.qc.ca\/charlesrodriguepixels\/a-propos\/"},{"@type":"ListItem","position":3,"name":"Notre \u00e9quipe"}]},{"@type":"WebSite","@id":"https:\/\/cssdn.gouv.qc.ca\/charlesrodriguepixels\/#website","url":"https:\/\/cssdn.gouv.qc.ca\/charlesrodriguepixels\/","name":"\u00c9cole Charles-Rodrigue, des\u00a0Pixels","description":"Un site des centres de services scolaires des Navigateurs","publisher":{"@id":"https:\/\/cssdn.gouv.qc.ca\/charlesrodriguepixels\/#organization"},"potentialAction":[{"@type":"SearchAction","target":{"@type":"EntryPoint","urlTemplate":"https:\/\/cssdn.gouv.qc.ca\/charlesrodriguepixels\/?s={search_term_string}"},"query-input":{"@type":"PropertyValueSpecification","valueRequired":true,"valueName":"search_term_string"}}],"inLanguage":"fr-CA"},{"@type":"Organization","@id":"https:\/\/cssdn.gouv.qc.ca\/charlesrodriguepixels\/#organization","name":"\u00c9cole Charles-Rodrigue, des\u00a0Pixels","url":"https:\/\/cssdn.gouv.qc.ca\/charlesrodriguepixels\/","logo":{"@type":"ImageObject","inLanguage":"fr-CA","@id":"https:\/\/cssdn.gouv.qc.ca\/charlesrodriguepixels\/#\/schema\/logo\/image\/","url":"https:\/\/cssdn.gouv.qc.ca\/charlesrodriguepixels\/wp-content\/uploads\/sites\/37\/2023\/01\/logo_quebec.svg","contentUrl":"https:\/\/cssdn.gouv.qc.ca\/charlesrodriguepixels\/wp-content\/uploads\/sites\/37\/2023\/01\/logo_quebec.svg","width":188,"height":41,"caption":"\u00c9cole Charles-Rodrigue, des\u00a0Pixels"},"image":{"@id":"https:\/\/cssdn.gouv.qc.ca\/charlesrodriguepixels\/#\/schema\/logo\/image\/"},"sameAs":["https:\/\/www.facebook.com\/ecolecharlesrodrigue"]}]}},"publishpress_future_action":{"enabled":false,"date":"2026-04-13 10:41:06","action":"change-status","newStatus":"draft","terms":[],"taxonomy":"category","extraData":[]},"publishpress_future_workflow_manual_trigger":{"enabledWorkflows":[]},"_links":{"self":[{"href":"https:\/\/cssdn.gouv.qc.ca\/charlesrodriguepixels\/wp-json\/wp\/v2\/pages\/9","targetHints":{"allow":["GET"]}}],"collection":[{"href":"https:\/\/cssdn.gouv.qc.ca\/charlesrodriguepixels\/wp-json\/wp\/v2\/pages"}],"about":[{"href":"https:\/\/cssdn.gouv.qc.ca\/charlesrodriguepixels\/wp-json\/wp\/v2\/types\/page"}],"author":[{"embeddable":true,"href":"https:\/\/cssdn.gouv.qc.ca\/charlesrodriguepixels\/wp-json\/wp\/v2\/users\/1"}],"replies":[{"embeddable":true,"href":"https:\/\/cssdn.gouv.qc.ca\/charlesrodriguepixels\/wp-json\/wp\/v2\/comments?post=9"}],"version-history":[{"count":0,"href":"https:\/\/cssdn.gouv.qc.ca\/charlesrodriguepixels\/wp-json\/wp\/v2\/pages\/9\/revisions"}],"up":[{"embeddable":true,"href":"https:\/\/cssdn.gouv.qc.ca\/charlesrodriguepixels\/wp-json\/wp\/v2\/pages\/6"}],"wp:attachment":[{"href":"https:\/\/cssdn.gouv.qc.ca\/charlesrodriguepixels\/wp-json\/wp\/v2\/media?parent=9"}],"wp:term":[{"taxonomy":"category","embeddable":true,"href":"https:\/\/cssdn.gouv.qc.ca\/charlesrodriguepixels\/wp-json\/wp\/v2\/categories?post=9"},{"taxonomy":"post_tag","embeddable":true,"href":"https:\/\/cssdn.gouv.qc.ca\/charlesrodriguepixels\/wp-json\/wp\/v2\/tags?post=9"}],"curies":[{"name":"wp","href":"https:\/\/api.w.org\/{rel}","templated":true}]}}