
{"id":13,"date":"2022-11-08T16:07:55","date_gmt":"2022-11-08T21:07:55","guid":{"rendered":"https:\/\/cssdn.gouv.qc.ca\/desjardins\/informations-aux-parents\/"},"modified":"2025-07-04T10:33:42","modified_gmt":"2025-07-04T14:33:42","slug":"informations-aux-parents","status":"publish","type":"page","link":"https:\/\/cssdn.gouv.qc.ca\/desjardins\/informations-aux-parents\/","title":{"rendered":"Informations aux parents"},"content":{"rendered":"\n<div class=\"wp-block-cover alignfull is-light is-style-title-banner\"><img decoding=\"async\" class=\"wp-block-cover__image-background wp-image-111 lazyload\" alt=\"\" data-src=\"https:\/\/cssdn.gouv.qc.ca\/wp-content\/uploads\/2022\/08\/Seawire-Hero-06.jpg\" data-object-fit=\"cover\" src=\"data:image\/svg+xml;base64,PHN2ZyB3aWR0aD0iMSIgaGVpZ2h0PSIxIiB4bWxucz0iaHR0cDovL3d3dy53My5vcmcvMjAwMC9zdmciPjwvc3ZnPg==\" \/><span aria-hidden=\"true\" class=\"wp-block-cover__background has-primary-background-color has-background-dim\"><\/span><div class=\"wp-block-cover__inner-container\"><h3 class=\"wp-block-post-title\">Informations aux parents<\/h3><\/div><\/div>\n\n\n\n<div class=\"wp-block-group alignfull has-padding-y-large has-secondary-background-color has-background\"><div class=\"yoast-breadcrumbs alignwide \"><span class=\"breadcrumbs\"><a href=\"https:\/\/cssdn.gouv.qc.ca\/desjardins\/\" class=\"breadcrumbs__element\">Accueil<\/a> <span class=\"breadcrumbs__separator\">\n        <svg class=\"icon icon-breadcrumb__separator\"><use xlink:href=\"#icon-breadcrumb__separator\"><\/use><\/svg>\n    <\/span> <span class=\"breadcrumbs__element breadcrumbs__element-current\">Informations aux parents<\/span><\/span><\/div><\/div>\n\n\n\n<h4 class=\"wp-block-heading\"><strong>Plan d&rsquo;action 2024-2025<\/strong><\/h4>\n\n\n\n<p class=\"wp-block-paragraph\">Pour un climat positif qui favorise la s\u00e9curit\u00e9 et le bien-\u00eatre de tous.<\/p>\n\n\n\n<div class=\"wp-block-file\"><a id=\"wp-block-file--media-01eba615-176e-4d34-b21a-96e356b3c0d6\" href=\"https:\/\/cssdn.gouv.qc.ca\/desjardins\/wp-content\/uploads\/sites\/26\/2025\/06\/Plan-daction-2024-2025-3.pdf\">Plan d&rsquo;action  2024-2025<\/a><a href=\"https:\/\/cssdn.gouv.qc.ca\/desjardins\/wp-content\/uploads\/sites\/26\/2025\/06\/Plan-daction-2024-2025-3.pdf\" class=\"wp-block-file__button wp-element-button\" download aria-describedby=\"wp-block-file--media-01eba615-176e-4d34-b21a-96e356b3c0d6\">T\u00e9l\u00e9charger<\/a><\/div>\n\n\n\n<h4 class=\"wp-block-heading\">R\u00e8gles de conduite et de s\u00e9curit\u00e9 2025-2026<\/h4>\n\n\n\n<div class=\"wp-block-file\"><a id=\"wp-block-file--media-c0985d75-7688-4d3b-9aa3-1d989415fc63\" href=\"https:\/\/cssdn.gouv.qc.ca\/desjardins\/wp-content\/uploads\/sites\/26\/2025\/06\/Cadre-de-reference-des-comportements-attendus.docx.pdf\">Cadre de r\u00e9f\u00e9rence des comportements attendus..docx<\/a><a href=\"https:\/\/cssdn.gouv.qc.ca\/desjardins\/wp-content\/uploads\/sites\/26\/2025\/06\/Cadre-de-reference-des-comportements-attendus.docx.pdf\" class=\"wp-block-file__button wp-element-button\" download aria-describedby=\"wp-block-file--media-c0985d75-7688-4d3b-9aa3-1d989415fc63\">T\u00e9l\u00e9charger<\/a><\/div>\n\n\n\n<h4 class=\"wp-block-heading\">Cadre de r\u00e9f\u00e9rence des comportements attendus<\/h4>\n\n\n\n<div class=\"wp-block-file\"><a id=\"wp-block-file--media-d4f4f653-10b4-4b4c-b182-3efc2d16cd70\" href=\"https:\/\/cssdn.gouv.qc.ca\/desjardins\/wp-content\/uploads\/sites\/26\/2025\/06\/Regles-de-conduite-et-securite-2025-2026.pdf\">R\u00e8gles de conduite et s\u00e9curit\u00e9 2025-2026<\/a><a href=\"https:\/\/cssdn.gouv.qc.ca\/desjardins\/wp-content\/uploads\/sites\/26\/2025\/06\/Regles-de-conduite-et-securite-2025-2026.pdf\" class=\"wp-block-file__button wp-element-button\" download aria-describedby=\"wp-block-file--media-d4f4f653-10b4-4b4c-b182-3efc2d16cd70\">T\u00e9l\u00e9charger<\/a><\/div>\n\n\n\n<h2 class=\"wp-block-heading has-large-font-size\">Plan de lutte contre l&rsquo;intimidation et la violence<\/h2>\n\n\n\n<div data-wp-interactive=\"core\/file\" class=\"wp-block-file\"><object data-wp-bind--hidden=\"!state.hasPdfPreview\" hidden class=\"wp-block-file__embed\" data=\"https:\/\/cssdn.gouv.qc.ca\/desjardins\/wp-content\/uploads\/sites\/26\/2025\/07\/023-Plan-lutte-contre-limtimidation-et-la-violence_022025-1.pdf\" type=\"application\/pdf\" style=\"width:100%;height:600px\" aria-label=\"Contenu incorpor\u00e9 023-Plan lutte contre l&apos;imtimidation et la violence_022025.\"><\/object><a id=\"wp-block-file--media-5358aa81-01af-4843-b939-0322a22914b9\" href=\"https:\/\/cssdn.gouv.qc.ca\/desjardins\/wp-content\/uploads\/sites\/26\/2025\/07\/023-Plan-lutte-contre-limtimidation-et-la-violence_022025-1.pdf\">023-Plan lutte contre l&rsquo;imtimidation et la violence_022025<\/a><a href=\"https:\/\/cssdn.gouv.qc.ca\/desjardins\/wp-content\/uploads\/sites\/26\/2025\/07\/023-Plan-lutte-contre-limtimidation-et-la-violence_022025-1.pdf\" class=\"wp-block-file__button wp-element-button\" download aria-describedby=\"wp-block-file--media-5358aa81-01af-4843-b939-0322a22914b9\">T\u00e9l\u00e9charger<\/a><\/div>\n\n\n","protected":false},"excerpt":{"rendered":"<p>Plan d&rsquo;action 2024-2025 Pour un climat positif qui favorise la s\u00e9curit\u00e9 et le bien-\u00eatre de tous. R\u00e8gles de conduite et de s\u00e9curit\u00e9 2025-2026 Cadre de r\u00e9f\u00e9rence des comportements attendus Plan de lutte contre l&rsquo;intimidation et la violence<\/p>\n","protected":false},"author":1,"featured_media":0,"parent":0,"menu_order":30,"comment_status":"closed","ping_status":"closed","template":"","meta":{"_acf_changed":false,"_crdt_document":"","inline_featured_image":false,"footnotes":""},"categories":[],"tags":[],"class_list":["post-13","page","type-page","status-publish","hentry"],"acf":[],"yoast_head":"<!-- This site is optimized with the Yoast SEO plugin v27.4 - https:\/\/yoast.com\/product\/yoast-seo-wordpress\/ -->\n<title>Informations aux parents - \u00c9cole Desjardins<\/title>\n<meta name=\"robots\" content=\"index, follow, max-snippet:-1, max-image-preview:large, max-video-preview:-1\" \/>\n<link rel=\"canonical\" href=\"https:\/\/cssdn.gouv.qc.ca\/desjardins\/informations-aux-parents\/\" \/>\n<meta property=\"og:locale\" content=\"fr_CA\" \/>\n<meta property=\"og:type\" content=\"article\" \/>\n<meta property=\"og:title\" content=\"Informations aux parents - \u00c9cole Desjardins\" \/>\n<meta property=\"og:description\" content=\"Plan d&rsquo;action 2024-2025 Pour un climat positif qui favorise la s\u00e9curit\u00e9 et le bien-\u00eatre de tous. R\u00e8gles de conduite et de s\u00e9curit\u00e9 2025-2026 Cadre de r\u00e9f\u00e9rence des comportements attendus Plan de lutte contre l&rsquo;intimidation et la violence\" \/>\n<meta property=\"og:url\" content=\"https:\/\/cssdn.gouv.qc.ca\/desjardins\/informations-aux-parents\/\" \/>\n<meta property=\"og:site_name\" content=\"\u00c9cole Desjardins\" \/>\n<meta property=\"article:publisher\" content=\"https:\/\/www.facebook.com\/profile.php?id=100064235490507\" \/>\n<meta property=\"article:modified_time\" content=\"2025-07-04T14:33:42+00:00\" \/>\n<meta name=\"twitter:card\" content=\"summary_large_image\" \/>\n<meta name=\"twitter:label1\" content=\"Estimation du temps de lecture\" \/>\n\t<meta name=\"twitter:data1\" content=\"1 minute\" \/>\n<script type=\"application\/ld+json\" class=\"yoast-schema-graph\">{\"@context\":\"https:\\\/\\\/schema.org\",\"@graph\":[{\"@type\":\"WebPage\",\"@id\":\"https:\\\/\\\/cssdn.gouv.qc.ca\\\/desjardins\\\/informations-aux-parents\\\/\",\"url\":\"https:\\\/\\\/cssdn.gouv.qc.ca\\\/desjardins\\\/informations-aux-parents\\\/\",\"name\":\"Informations aux parents - \u00c9cole Desjardins\",\"isPartOf\":{\"@id\":\"https:\\\/\\\/cssdn.gouv.qc.ca\\\/desjardins\\\/#website\"},\"primaryImageOfPage\":{\"@id\":\"https:\\\/\\\/cssdn.gouv.qc.ca\\\/desjardins\\\/informations-aux-parents\\\/#primaryimage\"},\"image\":{\"@id\":\"https:\\\/\\\/cssdn.gouv.qc.ca\\\/desjardins\\\/informations-aux-parents\\\/#primaryimage\"},\"thumbnailUrl\":\"https:\\\/\\\/cssdn.gouv.qc.ca\\\/wp-content\\\/uploads\\\/2022\\\/08\\\/Seawire-Hero-06.jpg\",\"datePublished\":\"2022-11-08T21:07:55+00:00\",\"dateModified\":\"2025-07-04T14:33:42+00:00\",\"breadcrumb\":{\"@id\":\"https:\\\/\\\/cssdn.gouv.qc.ca\\\/desjardins\\\/informations-aux-parents\\\/#breadcrumb\"},\"inLanguage\":\"fr-CA\",\"potentialAction\":[{\"@type\":\"ReadAction\",\"target\":[\"https:\\\/\\\/cssdn.gouv.qc.ca\\\/desjardins\\\/informations-aux-parents\\\/\"]}]},{\"@type\":\"ImageObject\",\"inLanguage\":\"fr-CA\",\"@id\":\"https:\\\/\\\/cssdn.gouv.qc.ca\\\/desjardins\\\/informations-aux-parents\\\/#primaryimage\",\"url\":\"https:\\\/\\\/cssdn.gouv.qc.ca\\\/wp-content\\\/uploads\\\/2022\\\/08\\\/Seawire-Hero-06.jpg\",\"contentUrl\":\"https:\\\/\\\/cssdn.gouv.qc.ca\\\/wp-content\\\/uploads\\\/2022\\\/08\\\/Seawire-Hero-06.jpg\"},{\"@type\":\"BreadcrumbList\",\"@id\":\"https:\\\/\\\/cssdn.gouv.qc.ca\\\/desjardins\\\/informations-aux-parents\\\/#breadcrumb\",\"itemListElement\":[{\"@type\":\"ListItem\",\"position\":1,\"name\":\"Accueil\",\"item\":\"https:\\\/\\\/cssdn.gouv.qc.ca\\\/desjardins\\\/\"},{\"@type\":\"ListItem\",\"position\":2,\"name\":\"Informations aux parents\"}]},{\"@type\":\"WebSite\",\"@id\":\"https:\\\/\\\/cssdn.gouv.qc.ca\\\/desjardins\\\/#website\",\"url\":\"https:\\\/\\\/cssdn.gouv.qc.ca\\\/desjardins\\\/\",\"name\":\"\u00c9cole Desjardins\",\"description\":\"Un site des centres de services scolaires des Navigateurs\",\"publisher\":{\"@id\":\"https:\\\/\\\/cssdn.gouv.qc.ca\\\/desjardins\\\/#organization\"},\"potentialAction\":[{\"@type\":\"SearchAction\",\"target\":{\"@type\":\"EntryPoint\",\"urlTemplate\":\"https:\\\/\\\/cssdn.gouv.qc.ca\\\/desjardins\\\/?s={search_term_string}\"},\"query-input\":{\"@type\":\"PropertyValueSpecification\",\"valueRequired\":true,\"valueName\":\"search_term_string\"}}],\"inLanguage\":\"fr-CA\"},{\"@type\":\"Organization\",\"@id\":\"https:\\\/\\\/cssdn.gouv.qc.ca\\\/desjardins\\\/#organization\",\"name\":\"\u00c9cole Desjardins\",\"url\":\"https:\\\/\\\/cssdn.gouv.qc.ca\\\/desjardins\\\/\",\"logo\":{\"@type\":\"ImageObject\",\"inLanguage\":\"fr-CA\",\"@id\":\"https:\\\/\\\/cssdn.gouv.qc.ca\\\/desjardins\\\/#\\\/schema\\\/logo\\\/image\\\/\",\"url\":\"https:\\\/\\\/cssdn.gouv.qc.ca\\\/desjardins\\\/wp-content\\\/uploads\\\/sites\\\/26\\\/2023\\\/01\\\/logo_quebec.svg\",\"contentUrl\":\"https:\\\/\\\/cssdn.gouv.qc.ca\\\/desjardins\\\/wp-content\\\/uploads\\\/sites\\\/26\\\/2023\\\/01\\\/logo_quebec.svg\",\"width\":188,\"height\":41,\"caption\":\"\u00c9cole Desjardins\"},\"image\":{\"@id\":\"https:\\\/\\\/cssdn.gouv.qc.ca\\\/desjardins\\\/#\\\/schema\\\/logo\\\/image\\\/\"},\"sameAs\":[\"https:\\\/\\\/www.facebook.com\\\/profile.php?id=100064235490507\"]}]}<\/script>\n<!-- \/ Yoast SEO plugin. -->","yoast_head_json":{"title":"Informations aux parents - \u00c9cole Desjardins","robots":{"index":"index","follow":"follow","max-snippet":"max-snippet:-1","max-image-preview":"max-image-preview:large","max-video-preview":"max-video-preview:-1"},"canonical":"https:\/\/cssdn.gouv.qc.ca\/desjardins\/informations-aux-parents\/","og_locale":"fr_CA","og_type":"article","og_title":"Informations aux parents - \u00c9cole Desjardins","og_description":"Plan d&rsquo;action 2024-2025 Pour un climat positif qui favorise la s\u00e9curit\u00e9 et le bien-\u00eatre de tous. R\u00e8gles de conduite et de s\u00e9curit\u00e9 2025-2026 Cadre de r\u00e9f\u00e9rence des comportements attendus Plan de lutte contre l&rsquo;intimidation et la violence","og_url":"https:\/\/cssdn.gouv.qc.ca\/desjardins\/informations-aux-parents\/","og_site_name":"\u00c9cole Desjardins","article_publisher":"https:\/\/www.facebook.com\/profile.php?id=100064235490507","article_modified_time":"2025-07-04T14:33:42+00:00","twitter_card":"summary_large_image","twitter_misc":{"Estimation du temps de lecture":"1 minute"},"schema":{"@context":"https:\/\/schema.org","@graph":[{"@type":"WebPage","@id":"https:\/\/cssdn.gouv.qc.ca\/desjardins\/informations-aux-parents\/","url":"https:\/\/cssdn.gouv.qc.ca\/desjardins\/informations-aux-parents\/","name":"Informations aux parents - \u00c9cole Desjardins","isPartOf":{"@id":"https:\/\/cssdn.gouv.qc.ca\/desjardins\/#website"},"primaryImageOfPage":{"@id":"https:\/\/cssdn.gouv.qc.ca\/desjardins\/informations-aux-parents\/#primaryimage"},"image":{"@id":"https:\/\/cssdn.gouv.qc.ca\/desjardins\/informations-aux-parents\/#primaryimage"},"thumbnailUrl":"https:\/\/cssdn.gouv.qc.ca\/wp-content\/uploads\/2022\/08\/Seawire-Hero-06.jpg","datePublished":"2022-11-08T21:07:55+00:00","dateModified":"2025-07-04T14:33:42+00:00","breadcrumb":{"@id":"https:\/\/cssdn.gouv.qc.ca\/desjardins\/informations-aux-parents\/#breadcrumb"},"inLanguage":"fr-CA","potentialAction":[{"@type":"ReadAction","target":["https:\/\/cssdn.gouv.qc.ca\/desjardins\/informations-aux-parents\/"]}]},{"@type":"ImageObject","inLanguage":"fr-CA","@id":"https:\/\/cssdn.gouv.qc.ca\/desjardins\/informations-aux-parents\/#primaryimage","url":"https:\/\/cssdn.gouv.qc.ca\/wp-content\/uploads\/2022\/08\/Seawire-Hero-06.jpg","contentUrl":"https:\/\/cssdn.gouv.qc.ca\/wp-content\/uploads\/2022\/08\/Seawire-Hero-06.jpg"},{"@type":"BreadcrumbList","@id":"https:\/\/cssdn.gouv.qc.ca\/desjardins\/informations-aux-parents\/#breadcrumb","itemListElement":[{"@type":"ListItem","position":1,"name":"Accueil","item":"https:\/\/cssdn.gouv.qc.ca\/desjardins\/"},{"@type":"ListItem","position":2,"name":"Informations aux parents"}]},{"@type":"WebSite","@id":"https:\/\/cssdn.gouv.qc.ca\/desjardins\/#website","url":"https:\/\/cssdn.gouv.qc.ca\/desjardins\/","name":"\u00c9cole Desjardins","description":"Un site des centres de services scolaires des Navigateurs","publisher":{"@id":"https:\/\/cssdn.gouv.qc.ca\/desjardins\/#organization"},"potentialAction":[{"@type":"SearchAction","target":{"@type":"EntryPoint","urlTemplate":"https:\/\/cssdn.gouv.qc.ca\/desjardins\/?s={search_term_string}"},"query-input":{"@type":"PropertyValueSpecification","valueRequired":true,"valueName":"search_term_string"}}],"inLanguage":"fr-CA"},{"@type":"Organization","@id":"https:\/\/cssdn.gouv.qc.ca\/desjardins\/#organization","name":"\u00c9cole Desjardins","url":"https:\/\/cssdn.gouv.qc.ca\/desjardins\/","logo":{"@type":"ImageObject","inLanguage":"fr-CA","@id":"https:\/\/cssdn.gouv.qc.ca\/desjardins\/#\/schema\/logo\/image\/","url":"https:\/\/cssdn.gouv.qc.ca\/desjardins\/wp-content\/uploads\/sites\/26\/2023\/01\/logo_quebec.svg","contentUrl":"https:\/\/cssdn.gouv.qc.ca\/desjardins\/wp-content\/uploads\/sites\/26\/2023\/01\/logo_quebec.svg","width":188,"height":41,"caption":"\u00c9cole Desjardins"},"image":{"@id":"https:\/\/cssdn.gouv.qc.ca\/desjardins\/#\/schema\/logo\/image\/"},"sameAs":["https:\/\/www.facebook.com\/profile.php?id=100064235490507"]}]}},"publishpress_future_action":{"enabled":false,"date":"2026-04-26 05:52:59","action":"change-status","newStatus":"draft","terms":[],"taxonomy":"category","extraData":[]},"publishpress_future_workflow_manual_trigger":{"enabledWorkflows":[]},"_links":{"self":[{"href":"https:\/\/cssdn.gouv.qc.ca\/desjardins\/wp-json\/wp\/v2\/pages\/13","targetHints":{"allow":["GET"]}}],"collection":[{"href":"https:\/\/cssdn.gouv.qc.ca\/desjardins\/wp-json\/wp\/v2\/pages"}],"about":[{"href":"https:\/\/cssdn.gouv.qc.ca\/desjardins\/wp-json\/wp\/v2\/types\/page"}],"author":[{"embeddable":true,"href":"https:\/\/cssdn.gouv.qc.ca\/desjardins\/wp-json\/wp\/v2\/users\/1"}],"replies":[{"embeddable":true,"href":"https:\/\/cssdn.gouv.qc.ca\/desjardins\/wp-json\/wp\/v2\/comments?post=13"}],"version-history":[{"count":0,"href":"https:\/\/cssdn.gouv.qc.ca\/desjardins\/wp-json\/wp\/v2\/pages\/13\/revisions"}],"wp:attachment":[{"href":"https:\/\/cssdn.gouv.qc.ca\/desjardins\/wp-json\/wp\/v2\/media?parent=13"}],"wp:term":[{"taxonomy":"category","embeddable":true,"href":"https:\/\/cssdn.gouv.qc.ca\/desjardins\/wp-json\/wp\/v2\/categories?post=13"},{"taxonomy":"post_tag","embeddable":true,"href":"https:\/\/cssdn.gouv.qc.ca\/desjardins\/wp-json\/wp\/v2\/tags?post=13"}],"curies":[{"name":"wp","href":"https:\/\/api.w.org\/{rel}","templated":true}]}}