
{"id":9,"date":"2022-11-08T16:07:54","date_gmt":"2022-11-08T21:07:54","guid":{"rendered":"https:\/\/cssdn.gouv.qc.ca\/desjardins\/a-propos\/notre-equipe\/"},"modified":"2026-02-16T10:54:21","modified_gmt":"2026-02-16T15:54:21","slug":"notre-equipe","status":"publish","type":"page","link":"https:\/\/cssdn.gouv.qc.ca\/desjardins\/a-propos\/notre-equipe\/","title":{"rendered":"Notre \u00e9quipe"},"content":{"rendered":"\n<div class=\"wp-block-cover alignfull is-light is-style-title-banner\"><img decoding=\"async\" class=\"wp-block-cover__image-background wp-image-111 lazyload\" alt=\"\" data-src=\"https:\/\/cssdn.gouv.qc.ca\/wp-content\/uploads\/2022\/08\/Seawire-Hero-06.jpg\" data-object-fit=\"cover\" src=\"data:image\/svg+xml;base64,PHN2ZyB3aWR0aD0iMSIgaGVpZ2h0PSIxIiB4bWxucz0iaHR0cDovL3d3dy53My5vcmcvMjAwMC9zdmciPjwvc3ZnPg==\" \/><span aria-hidden=\"true\" class=\"wp-block-cover__background has-primary-background-color has-background-dim\"><\/span><div class=\"wp-block-cover__inner-container\"><h3 class=\"wp-block-post-title\">Notre \u00e9quipe<\/h3><\/div><\/div>\n\n\n\n<div class=\"wp-block-group alignfull has-padding-y-large has-secondary-background-color has-background\"><\/div>\n\n\n\n<h2 class=\"wp-block-heading\">\u00c9quipe \u00e9cole Desjardins 2025-2026<\/h2>\n\n\n\n<div class=\"wp-block-group\">\n\n<p class=\"act-lead has-large-font-size wp-block-paragraph\">L&rsquo;\u00e9cole Desjardins vous souhaite la bienvenue<\/p>\n\n<\/div>\n\n\n\n<div class=\"wp-block-group\">\n<ul class=\"wp-block-list\">\n<li>Directrice:  Julie Fr\u00e9chette<\/li>\n\n\n\n<li>Secr\u00e9taire d&rsquo;\u00e9cole : Anne-Marie Lachance<\/li>\n\n\n\n<li>Concierge : Pierre Ouzilleau<\/li>\n<\/ul>\n\n\n\n<h2 class=\"wp-block-heading\" style=\"font-style:normal;font-weight:200\">\u00c9ducateur sp\u00e9cialis\u00e9<\/h2>\n\n\n\n<ul class=\"wp-block-list\">\n<li>Am\u00e9lie Chabot<\/li>\n\n\n\n<li>Cindy Boucher<\/li>\n<\/ul>\n\n\n\n<h2 class=\"wp-block-heading\" style=\"font-style:normal;font-weight:200\">Orthop\u00e9dagogue<\/h2>\n\n\n\n<p class=\"wp-block-paragraph\">Catherine Turmel<\/p>\n\n\n\n<h2 class=\"wp-block-heading\" style=\"font-style:normal;font-weight:200\">Technicienne service de garde<\/h2>\n\n\n\n<p class=\"wp-block-paragraph\">Annie Pich\u00e9<\/p>\n\n\n\n<h2 class=\"wp-block-heading\" style=\"font-style:normal;font-weight:200\">Psycho\u00e9ducatrice<\/h2>\n\n\n\n<p class=\"wp-block-paragraph\">Kariane Veilleux<\/p>\n\n\n\n<h2 class=\"wp-block-heading\" style=\"font-style:normal;font-weight:200\">Infirmi\u00e8re<\/h2>\n\n\n\n<p class=\"wp-block-paragraph\">Anne L\u00e9vesque<\/p>\n\n\n\n<h2 class=\"wp-block-heading\" style=\"font-style:normal;font-weight:200\">Enseignants sp\u00e9cialistes<\/h2>\n\n\n\n<ul class=\"wp-block-list\">\n<li>\u00c9ducation physique: Vincent-Fran\u00e7ois Bri\u00e8re et J\u00e9r\u00f4me C\u00f4t\u00e9<\/li>\n\n\n\n<li>Art dramatique: Catherine Tanguay<\/li>\n\n\n\n<li>Anglais: Andr\u00e9anne Gagn\u00e9<\/li>\n<\/ul>\n\n\n\n<h2 class=\"wp-block-heading\" style=\"font-style:normal;font-weight:200\">\u00c9quipe de 4\u00e8me ann\u00e9e<\/h2>\n\n\n\n<ul class=\"wp-block-list\">\n<li>Julie Carrier <\/li>\n\n\n\n<li>Julie Fortin<\/li>\n\n\n\n<li>Marie-\u00c8ve Charest<\/li>\n\n\n\n<li>Audrey Berrigan<\/li>\n<\/ul>\n\n\n\n<h2 class=\"wp-block-heading\" style=\"font-style:normal;font-weight:200\">\u00c9quipe de 5\u00e8me ann\u00e9e<\/h2>\n\n\n\n<ul class=\"wp-block-list\">\n<li>Fr\u00e9d\u00e9ric Aubin<\/li>\n\n\n\n<li>Sandra Fontaine<\/li>\n\n\n\n<li>Marie-Eve Leclerc <\/li>\n\n\n\n<li>Julie Dufour 5e et 6e ann\u00e9e<\/li>\n<\/ul>\n\n\n\n<h2 class=\"wp-block-heading\" style=\"font-style:normal;font-weight:200\">\u00c9quipe de 6\u00e8me ann\u00e9e <\/h2>\n\n\n\n<ul class=\"wp-block-list\">\n<li>Maxime Turgeon<\/li>\n\n\n\n<li>Rosalie Guillemette<\/li>\n\n\n\n<li>Andr\u00e9e-Anne Carbonneau<\/li>\n\n\n\n<li>Audrey Heppell<\/li>\n\n\n\n<li>Ma\u00efwenn Stourm<\/li>\n<\/ul>\n<\/div>\n\n\n\n<h2 class=\"wp-block-heading\" style=\"font-style:normal;font-weight:200\">Enseignantes \/ Compl\u00e9ments de t\u00e2ches<\/h2>\n\n\n\n<ul class=\"wp-block-list\">\n<li>Rosalie Bouffard<\/li>\n\n\n\n<li>Jeanne B\u00e9rub\u00e9<\/li>\n<\/ul>\n","protected":false},"excerpt":{"rendered":"<p>\u00c9quipe \u00e9cole Desjardins 2025-2026 \u00c9ducateur sp\u00e9cialis\u00e9 Orthop\u00e9dagogue Catherine Turmel Technicienne service de garde Annie Pich\u00e9 Psycho\u00e9ducatrice Kariane Veilleux Infirmi\u00e8re Anne L\u00e9vesque Enseignants sp\u00e9cialistes \u00c9quipe de 4\u00e8me ann\u00e9e \u00c9quipe de 5\u00e8me ann\u00e9e \u00c9quipe de 6\u00e8me ann\u00e9e Enseignantes \/ Compl\u00e9ments de t\u00e2ches<\/p>\n","protected":false},"author":1,"featured_media":0,"parent":6,"menu_order":0,"comment_status":"closed","ping_status":"closed","template":"","meta":{"_acf_changed":false,"_crdt_document":"","inline_featured_image":false,"footnotes":""},"categories":[],"tags":[],"class_list":["post-9","page","type-page","status-publish","hentry"],"acf":[],"yoast_head":"<!-- This site is optimized with the Yoast SEO plugin v27.4 - https:\/\/yoast.com\/product\/yoast-seo-wordpress\/ -->\n<title>Notre \u00e9quipe - \u00c9cole Desjardins<\/title>\n<meta name=\"robots\" content=\"index, follow, max-snippet:-1, max-image-preview:large, max-video-preview:-1\" \/>\n<link rel=\"canonical\" href=\"https:\/\/cssdn.gouv.qc.ca\/desjardins\/a-propos\/notre-equipe\/\" \/>\n<meta property=\"og:locale\" content=\"fr_CA\" \/>\n<meta property=\"og:type\" content=\"article\" \/>\n<meta property=\"og:title\" content=\"Notre \u00e9quipe - \u00c9cole Desjardins\" \/>\n<meta property=\"og:description\" content=\"\u00c9quipe \u00e9cole Desjardins 2025-2026 \u00c9ducateur sp\u00e9cialis\u00e9 Orthop\u00e9dagogue Catherine Turmel Technicienne service de garde Annie Pich\u00e9 Psycho\u00e9ducatrice Kariane Veilleux Infirmi\u00e8re Anne L\u00e9vesque Enseignants sp\u00e9cialistes \u00c9quipe de 4\u00e8me ann\u00e9e \u00c9quipe de 5\u00e8me ann\u00e9e \u00c9quipe de 6\u00e8me ann\u00e9e Enseignantes \/ Compl\u00e9ments de t\u00e2ches\" \/>\n<meta property=\"og:url\" content=\"https:\/\/cssdn.gouv.qc.ca\/desjardins\/a-propos\/notre-equipe\/\" \/>\n<meta property=\"og:site_name\" content=\"\u00c9cole Desjardins\" \/>\n<meta property=\"article:publisher\" content=\"https:\/\/www.facebook.com\/profile.php?id=100064235490507\" \/>\n<meta property=\"article:modified_time\" content=\"2026-02-16T15:54:21+00:00\" \/>\n<meta name=\"twitter:card\" content=\"summary_large_image\" \/>\n<meta name=\"twitter:label1\" content=\"Estimation du temps de lecture\" \/>\n\t<meta name=\"twitter:data1\" content=\"1 minute\" \/>\n<script type=\"application\/ld+json\" class=\"yoast-schema-graph\">{\"@context\":\"https:\\\/\\\/schema.org\",\"@graph\":[{\"@type\":\"WebPage\",\"@id\":\"https:\\\/\\\/cssdn.gouv.qc.ca\\\/desjardins\\\/a-propos\\\/notre-equipe\\\/\",\"url\":\"https:\\\/\\\/cssdn.gouv.qc.ca\\\/desjardins\\\/a-propos\\\/notre-equipe\\\/\",\"name\":\"Notre \u00e9quipe - \u00c9cole Desjardins\",\"isPartOf\":{\"@id\":\"https:\\\/\\\/cssdn.gouv.qc.ca\\\/desjardins\\\/#website\"},\"primaryImageOfPage\":{\"@id\":\"https:\\\/\\\/cssdn.gouv.qc.ca\\\/desjardins\\\/a-propos\\\/notre-equipe\\\/#primaryimage\"},\"image\":{\"@id\":\"https:\\\/\\\/cssdn.gouv.qc.ca\\\/desjardins\\\/a-propos\\\/notre-equipe\\\/#primaryimage\"},\"thumbnailUrl\":\"https:\\\/\\\/cssdn.gouv.qc.ca\\\/wp-content\\\/uploads\\\/2022\\\/08\\\/Seawire-Hero-06.jpg\",\"datePublished\":\"2022-11-08T21:07:54+00:00\",\"dateModified\":\"2026-02-16T15:54:21+00:00\",\"breadcrumb\":{\"@id\":\"https:\\\/\\\/cssdn.gouv.qc.ca\\\/desjardins\\\/a-propos\\\/notre-equipe\\\/#breadcrumb\"},\"inLanguage\":\"fr-CA\",\"potentialAction\":[{\"@type\":\"ReadAction\",\"target\":[\"https:\\\/\\\/cssdn.gouv.qc.ca\\\/desjardins\\\/a-propos\\\/notre-equipe\\\/\"]}]},{\"@type\":\"ImageObject\",\"inLanguage\":\"fr-CA\",\"@id\":\"https:\\\/\\\/cssdn.gouv.qc.ca\\\/desjardins\\\/a-propos\\\/notre-equipe\\\/#primaryimage\",\"url\":\"https:\\\/\\\/cssdn.gouv.qc.ca\\\/wp-content\\\/uploads\\\/2022\\\/08\\\/Seawire-Hero-06.jpg\",\"contentUrl\":\"https:\\\/\\\/cssdn.gouv.qc.ca\\\/wp-content\\\/uploads\\\/2022\\\/08\\\/Seawire-Hero-06.jpg\"},{\"@type\":\"BreadcrumbList\",\"@id\":\"https:\\\/\\\/cssdn.gouv.qc.ca\\\/desjardins\\\/a-propos\\\/notre-equipe\\\/#breadcrumb\",\"itemListElement\":[{\"@type\":\"ListItem\",\"position\":1,\"name\":\"Accueil\",\"item\":\"https:\\\/\\\/cssdn.gouv.qc.ca\\\/desjardins\\\/\"},{\"@type\":\"ListItem\",\"position\":2,\"name\":\"\u00c0 propos\",\"item\":\"https:\\\/\\\/cssdn.gouv.qc.ca\\\/desjardins\\\/a-propos\\\/\"},{\"@type\":\"ListItem\",\"position\":3,\"name\":\"Notre \u00e9quipe\"}]},{\"@type\":\"WebSite\",\"@id\":\"https:\\\/\\\/cssdn.gouv.qc.ca\\\/desjardins\\\/#website\",\"url\":\"https:\\\/\\\/cssdn.gouv.qc.ca\\\/desjardins\\\/\",\"name\":\"\u00c9cole Desjardins\",\"description\":\"Un site des centres de services scolaires des Navigateurs\",\"publisher\":{\"@id\":\"https:\\\/\\\/cssdn.gouv.qc.ca\\\/desjardins\\\/#organization\"},\"potentialAction\":[{\"@type\":\"SearchAction\",\"target\":{\"@type\":\"EntryPoint\",\"urlTemplate\":\"https:\\\/\\\/cssdn.gouv.qc.ca\\\/desjardins\\\/?s={search_term_string}\"},\"query-input\":{\"@type\":\"PropertyValueSpecification\",\"valueRequired\":true,\"valueName\":\"search_term_string\"}}],\"inLanguage\":\"fr-CA\"},{\"@type\":\"Organization\",\"@id\":\"https:\\\/\\\/cssdn.gouv.qc.ca\\\/desjardins\\\/#organization\",\"name\":\"\u00c9cole Desjardins\",\"url\":\"https:\\\/\\\/cssdn.gouv.qc.ca\\\/desjardins\\\/\",\"logo\":{\"@type\":\"ImageObject\",\"inLanguage\":\"fr-CA\",\"@id\":\"https:\\\/\\\/cssdn.gouv.qc.ca\\\/desjardins\\\/#\\\/schema\\\/logo\\\/image\\\/\",\"url\":\"https:\\\/\\\/cssdn.gouv.qc.ca\\\/desjardins\\\/wp-content\\\/uploads\\\/sites\\\/26\\\/2023\\\/01\\\/logo_quebec.svg\",\"contentUrl\":\"https:\\\/\\\/cssdn.gouv.qc.ca\\\/desjardins\\\/wp-content\\\/uploads\\\/sites\\\/26\\\/2023\\\/01\\\/logo_quebec.svg\",\"width\":188,\"height\":41,\"caption\":\"\u00c9cole Desjardins\"},\"image\":{\"@id\":\"https:\\\/\\\/cssdn.gouv.qc.ca\\\/desjardins\\\/#\\\/schema\\\/logo\\\/image\\\/\"},\"sameAs\":[\"https:\\\/\\\/www.facebook.com\\\/profile.php?id=100064235490507\"]}]}<\/script>\n<!-- \/ Yoast SEO plugin. -->","yoast_head_json":{"title":"Notre \u00e9quipe - \u00c9cole Desjardins","robots":{"index":"index","follow":"follow","max-snippet":"max-snippet:-1","max-image-preview":"max-image-preview:large","max-video-preview":"max-video-preview:-1"},"canonical":"https:\/\/cssdn.gouv.qc.ca\/desjardins\/a-propos\/notre-equipe\/","og_locale":"fr_CA","og_type":"article","og_title":"Notre \u00e9quipe - \u00c9cole Desjardins","og_description":"\u00c9quipe \u00e9cole Desjardins 2025-2026 \u00c9ducateur sp\u00e9cialis\u00e9 Orthop\u00e9dagogue Catherine Turmel Technicienne service de garde Annie Pich\u00e9 Psycho\u00e9ducatrice Kariane Veilleux Infirmi\u00e8re Anne L\u00e9vesque Enseignants sp\u00e9cialistes \u00c9quipe de 4\u00e8me ann\u00e9e \u00c9quipe de 5\u00e8me ann\u00e9e \u00c9quipe de 6\u00e8me ann\u00e9e Enseignantes \/ Compl\u00e9ments de t\u00e2ches","og_url":"https:\/\/cssdn.gouv.qc.ca\/desjardins\/a-propos\/notre-equipe\/","og_site_name":"\u00c9cole Desjardins","article_publisher":"https:\/\/www.facebook.com\/profile.php?id=100064235490507","article_modified_time":"2026-02-16T15:54:21+00:00","twitter_card":"summary_large_image","twitter_misc":{"Estimation du temps de lecture":"1 minute"},"schema":{"@context":"https:\/\/schema.org","@graph":[{"@type":"WebPage","@id":"https:\/\/cssdn.gouv.qc.ca\/desjardins\/a-propos\/notre-equipe\/","url":"https:\/\/cssdn.gouv.qc.ca\/desjardins\/a-propos\/notre-equipe\/","name":"Notre \u00e9quipe - \u00c9cole Desjardins","isPartOf":{"@id":"https:\/\/cssdn.gouv.qc.ca\/desjardins\/#website"},"primaryImageOfPage":{"@id":"https:\/\/cssdn.gouv.qc.ca\/desjardins\/a-propos\/notre-equipe\/#primaryimage"},"image":{"@id":"https:\/\/cssdn.gouv.qc.ca\/desjardins\/a-propos\/notre-equipe\/#primaryimage"},"thumbnailUrl":"https:\/\/cssdn.gouv.qc.ca\/wp-content\/uploads\/2022\/08\/Seawire-Hero-06.jpg","datePublished":"2022-11-08T21:07:54+00:00","dateModified":"2026-02-16T15:54:21+00:00","breadcrumb":{"@id":"https:\/\/cssdn.gouv.qc.ca\/desjardins\/a-propos\/notre-equipe\/#breadcrumb"},"inLanguage":"fr-CA","potentialAction":[{"@type":"ReadAction","target":["https:\/\/cssdn.gouv.qc.ca\/desjardins\/a-propos\/notre-equipe\/"]}]},{"@type":"ImageObject","inLanguage":"fr-CA","@id":"https:\/\/cssdn.gouv.qc.ca\/desjardins\/a-propos\/notre-equipe\/#primaryimage","url":"https:\/\/cssdn.gouv.qc.ca\/wp-content\/uploads\/2022\/08\/Seawire-Hero-06.jpg","contentUrl":"https:\/\/cssdn.gouv.qc.ca\/wp-content\/uploads\/2022\/08\/Seawire-Hero-06.jpg"},{"@type":"BreadcrumbList","@id":"https:\/\/cssdn.gouv.qc.ca\/desjardins\/a-propos\/notre-equipe\/#breadcrumb","itemListElement":[{"@type":"ListItem","position":1,"name":"Accueil","item":"https:\/\/cssdn.gouv.qc.ca\/desjardins\/"},{"@type":"ListItem","position":2,"name":"\u00c0 propos","item":"https:\/\/cssdn.gouv.qc.ca\/desjardins\/a-propos\/"},{"@type":"ListItem","position":3,"name":"Notre \u00e9quipe"}]},{"@type":"WebSite","@id":"https:\/\/cssdn.gouv.qc.ca\/desjardins\/#website","url":"https:\/\/cssdn.gouv.qc.ca\/desjardins\/","name":"\u00c9cole Desjardins","description":"Un site des centres de services scolaires des Navigateurs","publisher":{"@id":"https:\/\/cssdn.gouv.qc.ca\/desjardins\/#organization"},"potentialAction":[{"@type":"SearchAction","target":{"@type":"EntryPoint","urlTemplate":"https:\/\/cssdn.gouv.qc.ca\/desjardins\/?s={search_term_string}"},"query-input":{"@type":"PropertyValueSpecification","valueRequired":true,"valueName":"search_term_string"}}],"inLanguage":"fr-CA"},{"@type":"Organization","@id":"https:\/\/cssdn.gouv.qc.ca\/desjardins\/#organization","name":"\u00c9cole Desjardins","url":"https:\/\/cssdn.gouv.qc.ca\/desjardins\/","logo":{"@type":"ImageObject","inLanguage":"fr-CA","@id":"https:\/\/cssdn.gouv.qc.ca\/desjardins\/#\/schema\/logo\/image\/","url":"https:\/\/cssdn.gouv.qc.ca\/desjardins\/wp-content\/uploads\/sites\/26\/2023\/01\/logo_quebec.svg","contentUrl":"https:\/\/cssdn.gouv.qc.ca\/desjardins\/wp-content\/uploads\/sites\/26\/2023\/01\/logo_quebec.svg","width":188,"height":41,"caption":"\u00c9cole Desjardins"},"image":{"@id":"https:\/\/cssdn.gouv.qc.ca\/desjardins\/#\/schema\/logo\/image\/"},"sameAs":["https:\/\/www.facebook.com\/profile.php?id=100064235490507"]}]}},"publishpress_future_action":{"enabled":false,"date":"2026-04-29 11:28:28","action":"change-status","newStatus":"draft","terms":[],"taxonomy":"category","extraData":[]},"publishpress_future_workflow_manual_trigger":{"enabledWorkflows":[]},"_links":{"self":[{"href":"https:\/\/cssdn.gouv.qc.ca\/desjardins\/wp-json\/wp\/v2\/pages\/9","targetHints":{"allow":["GET"]}}],"collection":[{"href":"https:\/\/cssdn.gouv.qc.ca\/desjardins\/wp-json\/wp\/v2\/pages"}],"about":[{"href":"https:\/\/cssdn.gouv.qc.ca\/desjardins\/wp-json\/wp\/v2\/types\/page"}],"author":[{"embeddable":true,"href":"https:\/\/cssdn.gouv.qc.ca\/desjardins\/wp-json\/wp\/v2\/users\/1"}],"replies":[{"embeddable":true,"href":"https:\/\/cssdn.gouv.qc.ca\/desjardins\/wp-json\/wp\/v2\/comments?post=9"}],"version-history":[{"count":0,"href":"https:\/\/cssdn.gouv.qc.ca\/desjardins\/wp-json\/wp\/v2\/pages\/9\/revisions"}],"up":[{"embeddable":true,"href":"https:\/\/cssdn.gouv.qc.ca\/desjardins\/wp-json\/wp\/v2\/pages\/6"}],"wp:attachment":[{"href":"https:\/\/cssdn.gouv.qc.ca\/desjardins\/wp-json\/wp\/v2\/media?parent=9"}],"wp:term":[{"taxonomy":"category","embeddable":true,"href":"https:\/\/cssdn.gouv.qc.ca\/desjardins\/wp-json\/wp\/v2\/categories?post=9"},{"taxonomy":"post_tag","embeddable":true,"href":"https:\/\/cssdn.gouv.qc.ca\/desjardins\/wp-json\/wp\/v2\/tags?post=9"}],"curies":[{"name":"wp","href":"https:\/\/api.w.org\/{rel}","templated":true}]}}