
{"id":11,"date":"2022-11-08T16:07:54","date_gmt":"2022-11-08T21:07:54","guid":{"rendered":"https:\/\/cssdn.gouv.qc.ca\/duruisseau\/a-propos\/documentation-et-rapport-annuel\/"},"modified":"2025-11-05T16:22:23","modified_gmt":"2025-11-05T21:22:23","slug":"documentation-et-rapport-annuel","status":"publish","type":"page","link":"https:\/\/cssdn.gouv.qc.ca\/duruisseau-sainte-marie\/a-propos\/documentation-et-rapport-annuel\/","title":{"rendered":"Documentation officielle"},"content":{"rendered":"\n<div class=\"wp-block-cover alignfull is-light is-style-title-banner\"><img decoding=\"async\" class=\"wp-block-cover__image-background wp-image-111 lazyload\" alt=\"\" data-src=\"https:\/\/stage.cssdn.gouv.qc.ca\/wp-content\/uploads\/2022\/08\/Seawire-Hero-06.jpg\" data-object-fit=\"cover\" src=\"data:image\/svg+xml;base64,PHN2ZyB3aWR0aD0iMSIgaGVpZ2h0PSIxIiB4bWxucz0iaHR0cDovL3d3dy53My5vcmcvMjAwMC9zdmciPjwvc3ZnPg==\" \/><span aria-hidden=\"true\" class=\"wp-block-cover__background has-primary-background-color has-background-dim\"><\/span><div class=\"wp-block-cover__inner-container\"><h3 class=\"wp-block-post-title\">Documentation officielle<\/h3><\/div><\/div>\n\n\n\n<div class=\"wp-block-group alignfull has-padding-y-large has-secondary-background-color has-background\"><div class=\"yoast-breadcrumbs alignwide \"><span class=\"breadcrumbs\"><a href=\"https:\/\/cssdn.gouv.qc.ca\/duruisseau-sainte-marie\/\" class=\"breadcrumbs__element\">Accueil<\/a> <span class=\"breadcrumbs__separator\">\n        <svg class=\"icon icon-breadcrumb__separator\"><use xlink:href=\"#icon-breadcrumb__separator\"><\/use><\/svg>\n    <\/span> <a href=\"https:\/\/cssdn.gouv.qc.ca\/duruisseau-sainte-marie\/a-propos\/\" class=\"breadcrumbs__element\">\u00c0 propos<\/a> <span class=\"breadcrumbs__separator\">\n        <svg class=\"icon icon-breadcrumb__separator\"><use xlink:href=\"#icon-breadcrumb__separator\"><\/use><\/svg>\n    <\/span> <span class=\"breadcrumbs__element breadcrumbs__element-current\">Documentation officielle<\/span><\/span><\/div><\/div>\n\n\n\n<h1 class=\"wp-block-heading\">Projet \u00e9ducatif<\/h1>\n\n\n\n<div class=\"wp-block-file\"><a id=\"wp-block-file--media-f0785299-3ed4-4043-94ec-abaa45ac8988\" href=\"https:\/\/cssdn.gouv.qc.ca\/duruisseau-sainte-marie\/wp-content\/uploads\/sites\/27\/2025\/01\/PE-2023-2027_du-Ruisseau-Sainte-Marie-V2.pdf\" target=\"_blank\" rel=\"noreferrer noopener\">2023-2027<\/a><a href=\"https:\/\/cssdn.gouv.qc.ca\/duruisseau-sainte-marie\/wp-content\/uploads\/sites\/27\/2025\/01\/PE-2023-2027_du-Ruisseau-Sainte-Marie-V2.pdf\" class=\"wp-block-file__button wp-element-button\" download aria-describedby=\"wp-block-file--media-f0785299-3ed4-4043-94ec-abaa45ac8988\">T\u00e9l\u00e9charger<\/a><\/div>\n\n\n\n<div class=\"wp-block-file\"><a id=\"wp-block-file--media-a0de483d-654b-47cf-84d1-cf92f0da16b8\" href=\"https:\/\/cssdn.gouv.qc.ca\/duruisseau-sainte-marie\/wp-content\/uploads\/sites\/27\/2023\/03\/Ruisseau_SteMarie-PE-19-22.pdf\" target=\"_blank\" rel=\"noreferrer noopener\">2019-2022<\/a><\/div>\n\n\n\n<h2 class=\"wp-block-heading\">Redditions de comptes du projet \u00e9ducatif<\/h2>\n\n\n\n<div class=\"wp-block-file\"><a id=\"wp-block-file--media-69a3436f-fb6d-4262-bc56-7dc434973596\" href=\"https:\/\/cssdn.gouv.qc.ca\/duruisseau-sainte-marie\/wp-content\/uploads\/sites\/27\/2024\/03\/2022-2023_rcpe-ruisseau-ste-marie-1.pdf\">2022-2023<\/a><a href=\"https:\/\/cssdn.gouv.qc.ca\/duruisseau-sainte-marie\/wp-content\/uploads\/sites\/27\/2024\/03\/2022-2023_rcpe-ruisseau-ste-marie-1.pdf\" class=\"wp-block-file__button wp-element-button\" download aria-describedby=\"wp-block-file--media-69a3436f-fb6d-4262-bc56-7dc434973596\">Download<\/a><\/div>\n\n\n\n<div class=\"wp-block-file\"><a id=\"wp-block-file--media-8e694bb6-14fc-4331-8e79-8cb665fd01cd\" href=\"https:\/\/cssdn.gouv.qc.ca\/duruisseau-sainte-marie\/wp-content\/uploads\/sites\/27\/2023\/03\/2021-2022_rcpe-ruisseau_stemarie.pdf\" target=\"_blank\" rel=\"noreferrer noopener\">2021-2022<\/a><\/div>\n\n\n\n<div class=\"wp-block-file\"><a id=\"wp-block-file--media-be0185c5-2cf4-48cd-97ec-25a2d840d28f\" href=\"https:\/\/cssdn.gouv.qc.ca\/duruisseau-sainte-marie\/wp-content\/uploads\/sites\/27\/2023\/03\/rcpe_Ruisseau-SainteMarie_2020-2021.pdf\" target=\"_blank\" rel=\"noreferrer noopener\">2020-2021<\/a><\/div>\n\n\n\n<div class=\"wp-block-file\"><a id=\"wp-block-file--media-2501f342-0884-4504-85ea-690d9387ee0c\" href=\"https:\/\/cssdn.gouv.qc.ca\/duruisseau-sainte-marie\/wp-content\/uploads\/sites\/27\/2023\/03\/21_ra_ruisseau-stmarie-dan_corr3_27nov.pdf\" target=\"_blank\" rel=\"noreferrer noopener\">2019-2020<\/a><\/div>\n\n\n\n<div class=\"wp-block-file\"><a id=\"wp-block-file--media-9fdf34f1-b913-4136-84b3-166511416992\" href=\"https:\/\/cssdn.gouv.qc.ca\/duruisseau-sainte-marie\/wp-content\/uploads\/sites\/27\/2023\/03\/ra_ruisseau1819.pdf\" target=\"_blank\" rel=\"noreferrer noopener\">2018-2019 (du Ruisseau)<\/a><\/div>\n\n\n\n<div class=\"wp-block-file\"><a id=\"wp-block-file--media-1a557237-a62e-4458-b64a-118f9657062f\" href=\"https:\/\/cssdn.gouv.qc.ca\/duruisseau-sainte-marie\/wp-content\/uploads\/sites\/27\/2023\/03\/ra_saintemarie1819.pdf\" target=\"_blank\" rel=\"noreferrer noopener\">2018-2019 (Sainte-Marie)<\/a><\/div>\n\n\n\n<div class=\"wp-block-file\"><a id=\"wp-block-file--media-e66135cf-3dd3-4be7-a581-a294ded3ac8f\" href=\"https:\/\/cssdn.gouv.qc.ca\/duruisseau-sainte-marie\/wp-content\/uploads\/sites\/27\/2023\/03\/ra_ruisseau1718.pdf\">2017-2018 (du Ruisseau)<\/a><a href=\"https:\/\/cssdn.gouv.qc.ca\/duruisseau-sainte-marie\/wp-content\/uploads\/sites\/27\/2023\/03\/ra_ruisseau1718.pdf\" class=\"wp-block-file__button wp-element-button\" download aria-describedby=\"wp-block-file--media-e66135cf-3dd3-4be7-a581-a294ded3ac8f\">Download<\/a><\/div>\n\n\n\n<div class=\"wp-block-file\"><a id=\"wp-block-file--media-6d9c4888-d008-46d3-b311-f429803b24e5\" href=\"https:\/\/cssdn.gouv.qc.ca\/duruisseau-sainte-marie\/wp-content\/uploads\/sites\/27\/2023\/03\/ra_saintemarie1718.pdf\">2017-2018 (Sainte-Marie)<\/a><a href=\"https:\/\/cssdn.gouv.qc.ca\/duruisseau-sainte-marie\/wp-content\/uploads\/sites\/27\/2023\/03\/ra_saintemarie1718.pdf\" class=\"wp-block-file__button wp-element-button\" download aria-describedby=\"wp-block-file--media-6d9c4888-d008-46d3-b311-f429803b24e5\">Download<\/a><\/div>\n\n\n\n<h2 class=\"wp-block-heading\">Code de vie<\/h2>\n\n\n\n<div class=\"wp-block-file\"><a id=\"wp-block-file--media-d8691444-f174-46c4-ad27-11f05107eb27\" href=\"https:\/\/cssdn.gouv.qc.ca\/duruisseau-sainte-marie\/wp-content\/uploads\/sites\/27\/2025\/11\/Matrice-des-comportements-25-26.pdf\">Matrice des comportements 25-26<\/a><a href=\"https:\/\/cssdn.gouv.qc.ca\/duruisseau-sainte-marie\/wp-content\/uploads\/sites\/27\/2025\/11\/Matrice-des-comportements-25-26.pdf\" class=\"wp-block-file__button wp-element-button\" download aria-describedby=\"wp-block-file--media-d8691444-f174-46c4-ad27-11f05107eb27\">Download<\/a><\/div>\n\n\n\n<h2 class=\"wp-block-heading\">Plan de lutte<\/h2>\n\n\n\n<div class=\"wp-block-file\"><a id=\"wp-block-file--media-11d23e5e-f4a7-4ec9-ac6b-e392b7301869\" href=\"https:\/\/cssdn.gouv.qc.ca\/duruisseau-sainte-marie\/wp-content\/uploads\/sites\/27\/2025\/11\/PLAN-DE-LUTTE-2025-26.pdf\">Plan de lutte 2025-2026<\/a><a href=\"https:\/\/cssdn.gouv.qc.ca\/duruisseau-sainte-marie\/wp-content\/uploads\/sites\/27\/2025\/11\/PLAN-DE-LUTTE-2025-26.pdf\" class=\"wp-block-file__button wp-element-button\" download aria-describedby=\"wp-block-file--media-11d23e5e-f4a7-4ec9-ac6b-e392b7301869\">Download<\/a><\/div>\n\n\n\n<h2 class=\"wp-block-heading\">Document explicatif aux parents et aux \u00e9l\u00e8ves<\/h2>\n\n\n\n<div class=\"wp-block-file\"><a id=\"wp-block-file--media-04939c6a-c0ec-4414-abdb-dc66fb6946b2\" href=\"https:\/\/cssdn.gouv.qc.ca\/duruisseau-sainte-marie\/wp-content\/uploads\/sites\/27\/2025\/11\/Plan-de-lutte-2025-2026.pdf\">Plan d&rsquo;action pour un climat positif qui favorise la s\u00e9curit\u00e9 et le bien-\u00eatre de tous<\/a><a href=\"https:\/\/cssdn.gouv.qc.ca\/duruisseau-sainte-marie\/wp-content\/uploads\/sites\/27\/2025\/11\/Plan-de-lutte-2025-2026.pdf\" class=\"wp-block-file__button wp-element-button\" download aria-describedby=\"wp-block-file--media-04939c6a-c0ec-4414-abdb-dc66fb6946b2\">Download<\/a><\/div>\n","protected":false},"excerpt":{"rendered":"<p>Projet \u00e9ducatif Redditions de comptes du projet \u00e9ducatif Code de vie Plan de lutte Document explicatif aux parents et aux \u00e9l\u00e8ves<\/p>\n","protected":false},"author":1,"featured_media":0,"parent":6,"menu_order":0,"comment_status":"closed","ping_status":"closed","template":"","meta":{"_acf_changed":false,"_crdt_document":"","inline_featured_image":false,"footnotes":""},"categories":[],"tags":[],"class_list":["post-11","page","type-page","status-publish","hentry"],"acf":[],"yoast_head":"<!-- This site is optimized with the Yoast SEO plugin v27.3 - https:\/\/yoast.com\/product\/yoast-seo-wordpress\/ -->\n<title>Documentation officielle - \u00c9cole du Ruisseau, Sainte\u2011Marie<\/title>\n<meta name=\"robots\" content=\"index, follow, max-snippet:-1, max-image-preview:large, max-video-preview:-1\" \/>\n<link rel=\"canonical\" href=\"https:\/\/cssdn.gouv.qc.ca\/duruisseau-sainte-marie\/a-propos\/documentation-et-rapport-annuel\/\" \/>\n<meta property=\"og:locale\" content=\"fr_CA\" \/>\n<meta property=\"og:type\" content=\"article\" \/>\n<meta property=\"og:title\" content=\"Documentation officielle - \u00c9cole du Ruisseau, Sainte\u2011Marie\" \/>\n<meta property=\"og:description\" content=\"Projet \u00e9ducatif Redditions de comptes du projet \u00e9ducatif Code de vie Plan de lutte Document explicatif aux parents et aux \u00e9l\u00e8ves\" \/>\n<meta property=\"og:url\" content=\"https:\/\/cssdn.gouv.qc.ca\/duruisseau-sainte-marie\/a-propos\/documentation-et-rapport-annuel\/\" \/>\n<meta property=\"og:site_name\" content=\"\u00c9cole du Ruisseau, Sainte\u2011Marie\" \/>\n<meta property=\"article:publisher\" content=\"https:\/\/www.facebook.com\/ecoleduruisseau\" \/>\n<meta property=\"article:modified_time\" content=\"2025-11-05T21:22:23+00:00\" \/>\n<meta name=\"twitter:card\" content=\"summary_large_image\" \/>\n<meta name=\"twitter:label1\" content=\"Estimation du temps de lecture\" \/>\n\t<meta name=\"twitter:data1\" content=\"1 minute\" \/>\n<script type=\"application\/ld+json\" class=\"yoast-schema-graph\">{\"@context\":\"https:\\\/\\\/schema.org\",\"@graph\":[{\"@type\":\"WebPage\",\"@id\":\"https:\\\/\\\/cssdn.gouv.qc.ca\\\/duruisseau-sainte-marie\\\/a-propos\\\/documentation-et-rapport-annuel\\\/\",\"url\":\"https:\\\/\\\/cssdn.gouv.qc.ca\\\/duruisseau-sainte-marie\\\/a-propos\\\/documentation-et-rapport-annuel\\\/\",\"name\":\"Documentation officielle - \u00c9cole du Ruisseau, Sainte\u2011Marie\",\"isPartOf\":{\"@id\":\"https:\\\/\\\/cssdn.gouv.qc.ca\\\/duruisseau-sainte-marie\\\/#website\"},\"primaryImageOfPage\":{\"@id\":\"https:\\\/\\\/cssdn.gouv.qc.ca\\\/duruisseau-sainte-marie\\\/a-propos\\\/documentation-et-rapport-annuel\\\/#primaryimage\"},\"image\":{\"@id\":\"https:\\\/\\\/cssdn.gouv.qc.ca\\\/duruisseau-sainte-marie\\\/a-propos\\\/documentation-et-rapport-annuel\\\/#primaryimage\"},\"thumbnailUrl\":\"https:\\\/\\\/stage.cssdn.gouv.qc.ca\\\/wp-content\\\/uploads\\\/2022\\\/08\\\/Seawire-Hero-06.jpg\",\"datePublished\":\"2022-11-08T21:07:54+00:00\",\"dateModified\":\"2025-11-05T21:22:23+00:00\",\"breadcrumb\":{\"@id\":\"https:\\\/\\\/cssdn.gouv.qc.ca\\\/duruisseau-sainte-marie\\\/a-propos\\\/documentation-et-rapport-annuel\\\/#breadcrumb\"},\"inLanguage\":\"fr-CA\",\"potentialAction\":[{\"@type\":\"ReadAction\",\"target\":[\"https:\\\/\\\/cssdn.gouv.qc.ca\\\/duruisseau-sainte-marie\\\/a-propos\\\/documentation-et-rapport-annuel\\\/\"]}]},{\"@type\":\"ImageObject\",\"inLanguage\":\"fr-CA\",\"@id\":\"https:\\\/\\\/cssdn.gouv.qc.ca\\\/duruisseau-sainte-marie\\\/a-propos\\\/documentation-et-rapport-annuel\\\/#primaryimage\",\"url\":\"https:\\\/\\\/stage.cssdn.gouv.qc.ca\\\/wp-content\\\/uploads\\\/2022\\\/08\\\/Seawire-Hero-06.jpg\",\"contentUrl\":\"https:\\\/\\\/stage.cssdn.gouv.qc.ca\\\/wp-content\\\/uploads\\\/2022\\\/08\\\/Seawire-Hero-06.jpg\"},{\"@type\":\"BreadcrumbList\",\"@id\":\"https:\\\/\\\/cssdn.gouv.qc.ca\\\/duruisseau-sainte-marie\\\/a-propos\\\/documentation-et-rapport-annuel\\\/#breadcrumb\",\"itemListElement\":[{\"@type\":\"ListItem\",\"position\":1,\"name\":\"Accueil\",\"item\":\"https:\\\/\\\/cssdn.gouv.qc.ca\\\/duruisseau-sainte-marie\\\/\"},{\"@type\":\"ListItem\",\"position\":2,\"name\":\"\u00c0 propos\",\"item\":\"https:\\\/\\\/cssdn.gouv.qc.ca\\\/duruisseau-sainte-marie\\\/a-propos\\\/\"},{\"@type\":\"ListItem\",\"position\":3,\"name\":\"Documentation officielle\"}]},{\"@type\":\"WebSite\",\"@id\":\"https:\\\/\\\/cssdn.gouv.qc.ca\\\/duruisseau-sainte-marie\\\/#website\",\"url\":\"https:\\\/\\\/cssdn.gouv.qc.ca\\\/duruisseau-sainte-marie\\\/\",\"name\":\"\u00c9cole du Ruisseau, Sainte\u2011Marie\",\"description\":\"Un site du Centres de services scolaire des Navigateurs\",\"publisher\":{\"@id\":\"https:\\\/\\\/cssdn.gouv.qc.ca\\\/duruisseau-sainte-marie\\\/#organization\"},\"potentialAction\":[{\"@type\":\"SearchAction\",\"target\":{\"@type\":\"EntryPoint\",\"urlTemplate\":\"https:\\\/\\\/cssdn.gouv.qc.ca\\\/duruisseau-sainte-marie\\\/?s={search_term_string}\"},\"query-input\":{\"@type\":\"PropertyValueSpecification\",\"valueRequired\":true,\"valueName\":\"search_term_string\"}}],\"inLanguage\":\"fr-CA\"},{\"@type\":\"Organization\",\"@id\":\"https:\\\/\\\/cssdn.gouv.qc.ca\\\/duruisseau-sainte-marie\\\/#organization\",\"name\":\"\u00c9cole du Ruisseau, Sainte\u2011Marie\",\"url\":\"https:\\\/\\\/cssdn.gouv.qc.ca\\\/duruisseau-sainte-marie\\\/\",\"logo\":{\"@type\":\"ImageObject\",\"inLanguage\":\"fr-CA\",\"@id\":\"https:\\\/\\\/cssdn.gouv.qc.ca\\\/duruisseau-sainte-marie\\\/#\\\/schema\\\/logo\\\/image\\\/\",\"url\":\"https:\\\/\\\/cssdn.gouv.qc.ca\\\/duruisseau-sainte-marie\\\/wp-content\\\/uploads\\\/sites\\\/27\\\/2023\\\/01\\\/logo_quebec.svg\",\"contentUrl\":\"https:\\\/\\\/cssdn.gouv.qc.ca\\\/duruisseau-sainte-marie\\\/wp-content\\\/uploads\\\/sites\\\/27\\\/2023\\\/01\\\/logo_quebec.svg\",\"width\":188,\"height\":41,\"caption\":\"\u00c9cole du Ruisseau, Sainte\u2011Marie\"},\"image\":{\"@id\":\"https:\\\/\\\/cssdn.gouv.qc.ca\\\/duruisseau-sainte-marie\\\/#\\\/schema\\\/logo\\\/image\\\/\"},\"sameAs\":[\"https:\\\/\\\/www.facebook.com\\\/ecoleduruisseau\",\"https:\\\/\\\/www.facebook.com\\\/profile.php?id=100057278296644\"]}]}<\/script>\n<!-- \/ Yoast SEO plugin. -->","yoast_head_json":{"title":"Documentation officielle - \u00c9cole du Ruisseau, Sainte\u2011Marie","robots":{"index":"index","follow":"follow","max-snippet":"max-snippet:-1","max-image-preview":"max-image-preview:large","max-video-preview":"max-video-preview:-1"},"canonical":"https:\/\/cssdn.gouv.qc.ca\/duruisseau-sainte-marie\/a-propos\/documentation-et-rapport-annuel\/","og_locale":"fr_CA","og_type":"article","og_title":"Documentation officielle - \u00c9cole du Ruisseau, Sainte\u2011Marie","og_description":"Projet \u00e9ducatif Redditions de comptes du projet \u00e9ducatif Code de vie Plan de lutte Document explicatif aux parents et aux \u00e9l\u00e8ves","og_url":"https:\/\/cssdn.gouv.qc.ca\/duruisseau-sainte-marie\/a-propos\/documentation-et-rapport-annuel\/","og_site_name":"\u00c9cole du Ruisseau, Sainte\u2011Marie","article_publisher":"https:\/\/www.facebook.com\/ecoleduruisseau","article_modified_time":"2025-11-05T21:22:23+00:00","twitter_card":"summary_large_image","twitter_misc":{"Estimation du temps de lecture":"1 minute"},"schema":{"@context":"https:\/\/schema.org","@graph":[{"@type":"WebPage","@id":"https:\/\/cssdn.gouv.qc.ca\/duruisseau-sainte-marie\/a-propos\/documentation-et-rapport-annuel\/","url":"https:\/\/cssdn.gouv.qc.ca\/duruisseau-sainte-marie\/a-propos\/documentation-et-rapport-annuel\/","name":"Documentation officielle - \u00c9cole du Ruisseau, Sainte\u2011Marie","isPartOf":{"@id":"https:\/\/cssdn.gouv.qc.ca\/duruisseau-sainte-marie\/#website"},"primaryImageOfPage":{"@id":"https:\/\/cssdn.gouv.qc.ca\/duruisseau-sainte-marie\/a-propos\/documentation-et-rapport-annuel\/#primaryimage"},"image":{"@id":"https:\/\/cssdn.gouv.qc.ca\/duruisseau-sainte-marie\/a-propos\/documentation-et-rapport-annuel\/#primaryimage"},"thumbnailUrl":"https:\/\/stage.cssdn.gouv.qc.ca\/wp-content\/uploads\/2022\/08\/Seawire-Hero-06.jpg","datePublished":"2022-11-08T21:07:54+00:00","dateModified":"2025-11-05T21:22:23+00:00","breadcrumb":{"@id":"https:\/\/cssdn.gouv.qc.ca\/duruisseau-sainte-marie\/a-propos\/documentation-et-rapport-annuel\/#breadcrumb"},"inLanguage":"fr-CA","potentialAction":[{"@type":"ReadAction","target":["https:\/\/cssdn.gouv.qc.ca\/duruisseau-sainte-marie\/a-propos\/documentation-et-rapport-annuel\/"]}]},{"@type":"ImageObject","inLanguage":"fr-CA","@id":"https:\/\/cssdn.gouv.qc.ca\/duruisseau-sainte-marie\/a-propos\/documentation-et-rapport-annuel\/#primaryimage","url":"https:\/\/stage.cssdn.gouv.qc.ca\/wp-content\/uploads\/2022\/08\/Seawire-Hero-06.jpg","contentUrl":"https:\/\/stage.cssdn.gouv.qc.ca\/wp-content\/uploads\/2022\/08\/Seawire-Hero-06.jpg"},{"@type":"BreadcrumbList","@id":"https:\/\/cssdn.gouv.qc.ca\/duruisseau-sainte-marie\/a-propos\/documentation-et-rapport-annuel\/#breadcrumb","itemListElement":[{"@type":"ListItem","position":1,"name":"Accueil","item":"https:\/\/cssdn.gouv.qc.ca\/duruisseau-sainte-marie\/"},{"@type":"ListItem","position":2,"name":"\u00c0 propos","item":"https:\/\/cssdn.gouv.qc.ca\/duruisseau-sainte-marie\/a-propos\/"},{"@type":"ListItem","position":3,"name":"Documentation officielle"}]},{"@type":"WebSite","@id":"https:\/\/cssdn.gouv.qc.ca\/duruisseau-sainte-marie\/#website","url":"https:\/\/cssdn.gouv.qc.ca\/duruisseau-sainte-marie\/","name":"\u00c9cole du Ruisseau, Sainte\u2011Marie","description":"Un site du Centres de services scolaire des Navigateurs","publisher":{"@id":"https:\/\/cssdn.gouv.qc.ca\/duruisseau-sainte-marie\/#organization"},"potentialAction":[{"@type":"SearchAction","target":{"@type":"EntryPoint","urlTemplate":"https:\/\/cssdn.gouv.qc.ca\/duruisseau-sainte-marie\/?s={search_term_string}"},"query-input":{"@type":"PropertyValueSpecification","valueRequired":true,"valueName":"search_term_string"}}],"inLanguage":"fr-CA"},{"@type":"Organization","@id":"https:\/\/cssdn.gouv.qc.ca\/duruisseau-sainte-marie\/#organization","name":"\u00c9cole du Ruisseau, Sainte\u2011Marie","url":"https:\/\/cssdn.gouv.qc.ca\/duruisseau-sainte-marie\/","logo":{"@type":"ImageObject","inLanguage":"fr-CA","@id":"https:\/\/cssdn.gouv.qc.ca\/duruisseau-sainte-marie\/#\/schema\/logo\/image\/","url":"https:\/\/cssdn.gouv.qc.ca\/duruisseau-sainte-marie\/wp-content\/uploads\/sites\/27\/2023\/01\/logo_quebec.svg","contentUrl":"https:\/\/cssdn.gouv.qc.ca\/duruisseau-sainte-marie\/wp-content\/uploads\/sites\/27\/2023\/01\/logo_quebec.svg","width":188,"height":41,"caption":"\u00c9cole du Ruisseau, Sainte\u2011Marie"},"image":{"@id":"https:\/\/cssdn.gouv.qc.ca\/duruisseau-sainte-marie\/#\/schema\/logo\/image\/"},"sameAs":["https:\/\/www.facebook.com\/ecoleduruisseau","https:\/\/www.facebook.com\/profile.php?id=100057278296644"]}]}},"publishpress_future_action":{"enabled":false,"date":"2026-04-18 03:37:35","action":"change-status","newStatus":"draft","terms":[],"taxonomy":"category","extraData":[]},"publishpress_future_workflow_manual_trigger":{"enabledWorkflows":[]},"_links":{"self":[{"href":"https:\/\/cssdn.gouv.qc.ca\/duruisseau-sainte-marie\/wp-json\/wp\/v2\/pages\/11","targetHints":{"allow":["GET"]}}],"collection":[{"href":"https:\/\/cssdn.gouv.qc.ca\/duruisseau-sainte-marie\/wp-json\/wp\/v2\/pages"}],"about":[{"href":"https:\/\/cssdn.gouv.qc.ca\/duruisseau-sainte-marie\/wp-json\/wp\/v2\/types\/page"}],"author":[{"embeddable":true,"href":"https:\/\/cssdn.gouv.qc.ca\/duruisseau-sainte-marie\/wp-json\/wp\/v2\/users\/1"}],"replies":[{"embeddable":true,"href":"https:\/\/cssdn.gouv.qc.ca\/duruisseau-sainte-marie\/wp-json\/wp\/v2\/comments?post=11"}],"version-history":[{"count":0,"href":"https:\/\/cssdn.gouv.qc.ca\/duruisseau-sainte-marie\/wp-json\/wp\/v2\/pages\/11\/revisions"}],"up":[{"embeddable":true,"href":"https:\/\/cssdn.gouv.qc.ca\/duruisseau-sainte-marie\/wp-json\/wp\/v2\/pages\/6"}],"wp:attachment":[{"href":"https:\/\/cssdn.gouv.qc.ca\/duruisseau-sainte-marie\/wp-json\/wp\/v2\/media?parent=11"}],"wp:term":[{"taxonomy":"category","embeddable":true,"href":"https:\/\/cssdn.gouv.qc.ca\/duruisseau-sainte-marie\/wp-json\/wp\/v2\/categories?post=11"},{"taxonomy":"post_tag","embeddable":true,"href":"https:\/\/cssdn.gouv.qc.ca\/duruisseau-sainte-marie\/wp-json\/wp\/v2\/tags?post=11"}],"curies":[{"name":"wp","href":"https:\/\/api.w.org\/{rel}","templated":true}]}}