
{"id":9,"date":"2022-11-08T16:17:56","date_gmt":"2022-11-08T21:17:56","guid":{"rendered":"https:\/\/cssdn.gouv.qc.ca\/envol\/a-propos\/notre-equipe\/"},"modified":"2025-08-27T13:46:59","modified_gmt":"2025-08-27T17:46:59","slug":"notre-equipe","status":"publish","type":"page","link":"https:\/\/cssdn.gouv.qc.ca\/envol\/a-propos\/notre-equipe\/","title":{"rendered":"Notre (superbe) \u00e9quipe"},"content":{"rendered":"\n<div class=\"wp-block-cover alignfull is-light is-style-title-banner\" style=\"min-height:222px;aspect-ratio:unset;\"><img decoding=\"async\" class=\"wp-block-cover__image-background wp-image-111 lazyload\" alt=\"\" data-src=\"https:\/\/stage.cssdn.gouv.qc.ca\/wp-content\/uploads\/2022\/08\/Seawire-Hero-06.jpg\" data-object-fit=\"cover\" src=\"data:image\/svg+xml;base64,PHN2ZyB3aWR0aD0iMSIgaGVpZ2h0PSIxIiB4bWxucz0iaHR0cDovL3d3dy53My5vcmcvMjAwMC9zdmciPjwvc3ZnPg==\" \/><span aria-hidden=\"true\" class=\"wp-block-cover__background has-primary-background-color has-background-dim\"><\/span><div class=\"wp-block-cover__inner-container\"><h3 class=\"wp-block-post-title\">Notre (superbe) \u00e9quipe<\/h3><\/div><\/div>\n\n\n\n<div class=\"act-collapsible\">\n<h2 class=\"wp-block-heading act-collapsible__heading\">Personnel administratif<\/h2>\n\n\n\n<div class=\"act-collapsible__content\"><div class=\"act-collapsible__content-inner\">\n<ul class=\"wp-block-list\">\n<li>Directeur : Daniel Trachy (Secondaire 2 et gestion g\u00e9n\u00e9rale)<\/li>\n\n\n\n<li>Directrice adjointe:  Marie-Claude Dion (Primaire et Secondaire 1)<\/li>\n\n\n\n<li>Directrice adjointe: Youzhi (Classes langage et francisation)<\/li>\n\n\n\n<li>Secr\u00e9taire de gestion:  Suzanne Simms<\/li>\n\n\n\n<li>Secr\u00e9taire d&rsquo;\u00e9cole:  Sandra Ovejero<\/li>\n\n\n\n<li>Technicienne en organisation scolaire:  Michelle Minville<\/li>\n\n\n\n<li>Responsables du service de surveillance: Guillaume Landry<\/li>\n\n\n\n<li>Technicien en loisirs:  Jean-Fran\u00e7ois Mainguy<\/li>\n<\/ul>\n<\/div><\/div>\n<\/div>\n\n\n\n<div class=\"act-collapsible\">\n<h2 class=\"wp-block-heading act-collapsible__heading\">Personnel de soutien<\/h2>\n\n\n\n<div class=\"act-collapsible__content\"><div class=\"act-collapsible__content-inner\">\n<ul class=\"wp-block-list\">\n<li>Technciennes en \u00e9ducation sp\u00e9cialis\u00e9e: Caroline Boucher (secondaire 2), Sophie-Elen Pageau (secondaire 1), Chantal St-Pierre (secondaire 1-2), Alexandra Labrie (primaire), Kimlee Lafontaine (primaire), Vanessa Demers (langage secondaire), Tony Roy (local ressource)<\/li>\n\n\n\n<li>Concierges: Marie-Christine Bosquet (jour), Fran\u00e7ois B\u00e9langer (soir), Mamadou Diallo (soir) <\/li>\n\n\n\n<li>Surveillants d&rsquo;\u00e9l\u00e8ves: Julie Cournoyer, Guillaume Landry, Etienne Mercier, Maya Poletto, Justin Quirion, Mamadou, Saidou Sow<\/li>\n\n\n\n<li>Technicienne en documentation:  Jonie Lapointe (biblioth\u00e8que)<\/li>\n\n\n\n<li>Techniciens en travaux pratiques: Pascal Renaud, Isabelle Poulin<\/li>\n<\/ul>\n<\/div><\/div>\n<\/div>\n\n\n\n<div class=\"act-collapsible\">\n<h2 class=\"wp-block-heading act-collapsible__heading\">Personnel professionnel<\/h2>\n\n\n\n<div class=\"act-collapsible__content\"><div class=\"act-collapsible__content-inner\">\n<ul class=\"wp-block-list\">\n<li>Psychologue:  Nathalie Bouffard<\/li>\n\n\n\n<li>Orthop\u00e9dagogues: Samantha Duquet (secondaire), Rosalie Valli\u00e8re (primaire)<\/li>\n\n\n\n<li>Psycho\u00e9ducatrice (classes langage ) : Sarah Lavoie<\/li>\n\n\n\n<li>Animateur en d\u00e9veloppement personnel et en engagement communautaire:  Eric Demers<\/li>\n\n\n\n<li>Conseill\u00e8re en orientation: Sabrina St-Pierre, Mich\u00e8le Dessureault<\/li>\n\n\n\n<li>Infirmi\u00e8re (CISSS-CA):  Am\u00e9lie Drouin<\/li>\n<\/ul>\n<\/div><\/div>\n<\/div>\n\n\n\n<div class=\"act-collapsible\">\n<h2 class=\"wp-block-heading act-collapsible__heading\">Personnel enseignant au secondaire<\/h2>\n\n\n\n<div class=\"act-collapsible__content\"><div class=\"act-collapsible__content-inner\">\n<ul class=\"wp-block-list\">\n<li>Fran\u00e7ais: Marina B\u00e9langer, Vicky Mercier, Marie-Claude Laflamme, Genevi\u00e8ve Tremblay, Marie-Pier Lemieux, Gabriel Roy-Bilodeau<\/li>\n\n\n\n<li>Art dramatique:  Marina B\u00e9langer<\/li>\n\n\n\n<li>Math\u00e9matiques: Marie-\u00c8ve Berthiaume, Odile Desgagn\u00e9s, Kaoutar Rahmi, Marie-Dani\u00e8le Ngongang, Nadia Roy<\/li>\n\n\n\n<li>Anglais: Laurence Drouin, Rapha\u00eblle Berthelot, Sophie Salter-Girard, Nathalie Th\u00e9riault, Marc-Antoine Girard<\/li>\n\n\n\n<li>Sciences: Cathy Bisson, Martine Carignan, Emilie Bouffard, Karine Rodrigue, Marie-Daniel Ngongang<\/li>\n\n\n\n<li>Univers social : Julie Chamberland, St\u00e9phane Papillon, Guillaume Pich\u00e9, Marc-Antoine Girard<\/li>\n\n\n\n<li>\u00c9ducation physique : Dave B\u00e9langer, S\u00e9bastien Bond, Pier-Anthony Mcbrearty-Leblanc, Vincent Pelletier-Robitaille<\/li>\n\n\n\n<li>Arts plastiques : Michel Lemieux, Rapha\u00eblle Berthelot<\/li>\n\n\n\n<li>Musique : Alexandre Poirier<\/li>\n\n\n\n<li>Culture et citoyennet\u00e9 qu\u00e9b\u00e9coise : J\u00e9r\u00f4me Marcoux, Marie-Claude Mercier<\/li>\n\n\n\n<li>Adaptation scolaire (classes langage) : Marie-\u00c8ve Proulx, M\u00e9lanie Th\u00e9berge<\/li>\n<\/ul>\n<\/div><\/div>\n<\/div>\n\n\n\n<div class=\"act-collapsible\">\n<h2 class=\"wp-block-heading act-collapsible__heading\">Personnel enseignant au primaire<\/h2>\n\n\n\n<div class=\"act-collapsible__content\"><div class=\"act-collapsible__content-inner\">\n<ul class=\"wp-block-list\">\n<li>6e anglais intensif: Lyne Cyr, Maryse Valcourt<\/li>\n\n\n\n<li>6e ann\u00e9e: , Marie-Pier Bonneau, Carl Parent<\/li>\n\n\n\n<li>5e ann\u00e9e : F\u00e9lix Bernier-L\u00e9vesque, Isabelle Guay, Isabelle Paradis<\/li>\n\n\n\n<li>Anglais : Michelle Cain<\/li>\n\n\n\n<li>Compl\u00e9ments de t\u00e2che: Marie-Claude Labrecque<\/li>\n\n\n\n<li>Musique: JEan-Philippe B\u00e9langer<\/li>\n\n\n\n<li>\u00c9ducation physique:  Dave B\u00e9langer, S\u00e9bastien Bond<\/li>\n<\/ul>\n<\/div><\/div>\n<\/div>\n","protected":false},"excerpt":{"rendered":"","protected":false},"author":1,"featured_media":0,"parent":5,"menu_order":0,"comment_status":"closed","ping_status":"closed","template":"","meta":{"_acf_changed":false,"_crdt_document":"","inline_featured_image":false,"footnotes":""},"categories":[],"tags":[],"class_list":["post-9","page","type-page","status-publish","hentry"],"acf":[],"yoast_head":"<!-- This site is optimized with the Yoast SEO plugin v27.3 - https:\/\/yoast.com\/product\/yoast-seo-wordpress\/ -->\n<title>Notre (superbe) \u00e9quipe - \u00c9cole de l\u2019Envol<\/title>\n<meta name=\"robots\" content=\"index, follow, max-snippet:-1, max-image-preview:large, max-video-preview:-1\" \/>\n<link rel=\"canonical\" href=\"https:\/\/cssdn.gouv.qc.ca\/envol\/a-propos\/notre-equipe\/\" \/>\n<meta property=\"og:locale\" content=\"fr_CA\" \/>\n<meta property=\"og:type\" content=\"article\" \/>\n<meta property=\"og:title\" content=\"Notre (superbe) \u00e9quipe - \u00c9cole de l\u2019Envol\" \/>\n<meta property=\"og:url\" content=\"https:\/\/cssdn.gouv.qc.ca\/envol\/a-propos\/notre-equipe\/\" \/>\n<meta property=\"og:site_name\" content=\"\u00c9cole de l\u2019Envol\" \/>\n<meta property=\"article:publisher\" content=\"https:\/\/www.facebook.com\/ecoledelenvol\" \/>\n<meta property=\"article:modified_time\" content=\"2025-08-27T17:46:59+00:00\" \/>\n<meta name=\"twitter:card\" content=\"summary_large_image\" \/>\n<meta name=\"twitter:site\" content=\"@CSSNavigateurs\" \/>\n<meta name=\"twitter:label1\" content=\"Estimation du temps de lecture\" \/>\n\t<meta name=\"twitter:data1\" content=\"2 minutes\" \/>\n<script type=\"application\/ld+json\" class=\"yoast-schema-graph\">{\"@context\":\"https:\\\/\\\/schema.org\",\"@graph\":[{\"@type\":\"WebPage\",\"@id\":\"https:\\\/\\\/cssdn.gouv.qc.ca\\\/envol\\\/a-propos\\\/notre-equipe\\\/\",\"url\":\"https:\\\/\\\/cssdn.gouv.qc.ca\\\/envol\\\/a-propos\\\/notre-equipe\\\/\",\"name\":\"Notre (superbe) \u00e9quipe - \u00c9cole de l\u2019Envol\",\"isPartOf\":{\"@id\":\"https:\\\/\\\/cssdn.gouv.qc.ca\\\/envol\\\/#website\"},\"primaryImageOfPage\":{\"@id\":\"https:\\\/\\\/cssdn.gouv.qc.ca\\\/envol\\\/a-propos\\\/notre-equipe\\\/#primaryimage\"},\"image\":{\"@id\":\"https:\\\/\\\/cssdn.gouv.qc.ca\\\/envol\\\/a-propos\\\/notre-equipe\\\/#primaryimage\"},\"thumbnailUrl\":\"https:\\\/\\\/stage.cssdn.gouv.qc.ca\\\/wp-content\\\/uploads\\\/2022\\\/08\\\/Seawire-Hero-06.jpg\",\"datePublished\":\"2022-11-08T21:17:56+00:00\",\"dateModified\":\"2025-08-27T17:46:59+00:00\",\"breadcrumb\":{\"@id\":\"https:\\\/\\\/cssdn.gouv.qc.ca\\\/envol\\\/a-propos\\\/notre-equipe\\\/#breadcrumb\"},\"inLanguage\":\"fr-CA\",\"potentialAction\":[{\"@type\":\"ReadAction\",\"target\":[\"https:\\\/\\\/cssdn.gouv.qc.ca\\\/envol\\\/a-propos\\\/notre-equipe\\\/\"]}]},{\"@type\":\"ImageObject\",\"inLanguage\":\"fr-CA\",\"@id\":\"https:\\\/\\\/cssdn.gouv.qc.ca\\\/envol\\\/a-propos\\\/notre-equipe\\\/#primaryimage\",\"url\":\"https:\\\/\\\/stage.cssdn.gouv.qc.ca\\\/wp-content\\\/uploads\\\/2022\\\/08\\\/Seawire-Hero-06.jpg\",\"contentUrl\":\"https:\\\/\\\/stage.cssdn.gouv.qc.ca\\\/wp-content\\\/uploads\\\/2022\\\/08\\\/Seawire-Hero-06.jpg\"},{\"@type\":\"BreadcrumbList\",\"@id\":\"https:\\\/\\\/cssdn.gouv.qc.ca\\\/envol\\\/a-propos\\\/notre-equipe\\\/#breadcrumb\",\"itemListElement\":[{\"@type\":\"ListItem\",\"position\":1,\"name\":\"Accueil\",\"item\":\"https:\\\/\\\/cssdn.gouv.qc.ca\\\/envol\\\/\"},{\"@type\":\"ListItem\",\"position\":2,\"name\":\"\u00c0 propos\",\"item\":\"https:\\\/\\\/cssdn.gouv.qc.ca\\\/envol\\\/a-propos\\\/\"},{\"@type\":\"ListItem\",\"position\":3,\"name\":\"Notre (superbe) \u00e9quipe\"}]},{\"@type\":\"WebSite\",\"@id\":\"https:\\\/\\\/cssdn.gouv.qc.ca\\\/envol\\\/#website\",\"url\":\"https:\\\/\\\/cssdn.gouv.qc.ca\\\/envol\\\/\",\"name\":\"\u00c9cole de l\u2019Envol\",\"description\":\"Un site des centres de services scolaires des Navigateurs\",\"publisher\":{\"@id\":\"https:\\\/\\\/cssdn.gouv.qc.ca\\\/envol\\\/#organization\"},\"potentialAction\":[{\"@type\":\"SearchAction\",\"target\":{\"@type\":\"EntryPoint\",\"urlTemplate\":\"https:\\\/\\\/cssdn.gouv.qc.ca\\\/envol\\\/?s={search_term_string}\"},\"query-input\":{\"@type\":\"PropertyValueSpecification\",\"valueRequired\":true,\"valueName\":\"search_term_string\"}}],\"inLanguage\":\"fr-CA\"},{\"@type\":\"Organization\",\"@id\":\"https:\\\/\\\/cssdn.gouv.qc.ca\\\/envol\\\/#organization\",\"name\":\"\u00c9cole de l\u2019Envol\",\"url\":\"https:\\\/\\\/cssdn.gouv.qc.ca\\\/envol\\\/\",\"logo\":{\"@type\":\"ImageObject\",\"inLanguage\":\"fr-CA\",\"@id\":\"https:\\\/\\\/cssdn.gouv.qc.ca\\\/envol\\\/#\\\/schema\\\/logo\\\/image\\\/\",\"url\":\"https:\\\/\\\/cssdn.gouv.qc.ca\\\/envol\\\/wp-content\\\/uploads\\\/sites\\\/69\\\/2023\\\/01\\\/logo_quebec.svg\",\"contentUrl\":\"https:\\\/\\\/cssdn.gouv.qc.ca\\\/envol\\\/wp-content\\\/uploads\\\/sites\\\/69\\\/2023\\\/01\\\/logo_quebec.svg\",\"width\":188,\"height\":41,\"caption\":\"\u00c9cole de l\u2019Envol\"},\"image\":{\"@id\":\"https:\\\/\\\/cssdn.gouv.qc.ca\\\/envol\\\/#\\\/schema\\\/logo\\\/image\\\/\"},\"sameAs\":[\"https:\\\/\\\/www.facebook.com\\\/ecoledelenvol\",\"https:\\\/\\\/x.com\\\/CSSNavigateurs\",\"https:\\\/\\\/www.instagram.com\\\/cssnavigateurs\\\/\",\"https:\\\/\\\/www.youtube.com\\\/channel\\\/UCHbNBehije70JBzCIVT82bQ\",\"https:\\\/\\\/www.linkedin.com\\\/company\\\/cssdn\"]}]}<\/script>\n<!-- \/ Yoast SEO plugin. -->","yoast_head_json":{"title":"Notre (superbe) \u00e9quipe - \u00c9cole de l\u2019Envol","robots":{"index":"index","follow":"follow","max-snippet":"max-snippet:-1","max-image-preview":"max-image-preview:large","max-video-preview":"max-video-preview:-1"},"canonical":"https:\/\/cssdn.gouv.qc.ca\/envol\/a-propos\/notre-equipe\/","og_locale":"fr_CA","og_type":"article","og_title":"Notre (superbe) \u00e9quipe - \u00c9cole de l\u2019Envol","og_url":"https:\/\/cssdn.gouv.qc.ca\/envol\/a-propos\/notre-equipe\/","og_site_name":"\u00c9cole de l\u2019Envol","article_publisher":"https:\/\/www.facebook.com\/ecoledelenvol","article_modified_time":"2025-08-27T17:46:59+00:00","twitter_card":"summary_large_image","twitter_site":"@CSSNavigateurs","twitter_misc":{"Estimation du temps de lecture":"2 minutes"},"schema":{"@context":"https:\/\/schema.org","@graph":[{"@type":"WebPage","@id":"https:\/\/cssdn.gouv.qc.ca\/envol\/a-propos\/notre-equipe\/","url":"https:\/\/cssdn.gouv.qc.ca\/envol\/a-propos\/notre-equipe\/","name":"Notre (superbe) \u00e9quipe - \u00c9cole de l\u2019Envol","isPartOf":{"@id":"https:\/\/cssdn.gouv.qc.ca\/envol\/#website"},"primaryImageOfPage":{"@id":"https:\/\/cssdn.gouv.qc.ca\/envol\/a-propos\/notre-equipe\/#primaryimage"},"image":{"@id":"https:\/\/cssdn.gouv.qc.ca\/envol\/a-propos\/notre-equipe\/#primaryimage"},"thumbnailUrl":"https:\/\/stage.cssdn.gouv.qc.ca\/wp-content\/uploads\/2022\/08\/Seawire-Hero-06.jpg","datePublished":"2022-11-08T21:17:56+00:00","dateModified":"2025-08-27T17:46:59+00:00","breadcrumb":{"@id":"https:\/\/cssdn.gouv.qc.ca\/envol\/a-propos\/notre-equipe\/#breadcrumb"},"inLanguage":"fr-CA","potentialAction":[{"@type":"ReadAction","target":["https:\/\/cssdn.gouv.qc.ca\/envol\/a-propos\/notre-equipe\/"]}]},{"@type":"ImageObject","inLanguage":"fr-CA","@id":"https:\/\/cssdn.gouv.qc.ca\/envol\/a-propos\/notre-equipe\/#primaryimage","url":"https:\/\/stage.cssdn.gouv.qc.ca\/wp-content\/uploads\/2022\/08\/Seawire-Hero-06.jpg","contentUrl":"https:\/\/stage.cssdn.gouv.qc.ca\/wp-content\/uploads\/2022\/08\/Seawire-Hero-06.jpg"},{"@type":"BreadcrumbList","@id":"https:\/\/cssdn.gouv.qc.ca\/envol\/a-propos\/notre-equipe\/#breadcrumb","itemListElement":[{"@type":"ListItem","position":1,"name":"Accueil","item":"https:\/\/cssdn.gouv.qc.ca\/envol\/"},{"@type":"ListItem","position":2,"name":"\u00c0 propos","item":"https:\/\/cssdn.gouv.qc.ca\/envol\/a-propos\/"},{"@type":"ListItem","position":3,"name":"Notre (superbe) \u00e9quipe"}]},{"@type":"WebSite","@id":"https:\/\/cssdn.gouv.qc.ca\/envol\/#website","url":"https:\/\/cssdn.gouv.qc.ca\/envol\/","name":"\u00c9cole de l\u2019Envol","description":"Un site des centres de services scolaires des Navigateurs","publisher":{"@id":"https:\/\/cssdn.gouv.qc.ca\/envol\/#organization"},"potentialAction":[{"@type":"SearchAction","target":{"@type":"EntryPoint","urlTemplate":"https:\/\/cssdn.gouv.qc.ca\/envol\/?s={search_term_string}"},"query-input":{"@type":"PropertyValueSpecification","valueRequired":true,"valueName":"search_term_string"}}],"inLanguage":"fr-CA"},{"@type":"Organization","@id":"https:\/\/cssdn.gouv.qc.ca\/envol\/#organization","name":"\u00c9cole de l\u2019Envol","url":"https:\/\/cssdn.gouv.qc.ca\/envol\/","logo":{"@type":"ImageObject","inLanguage":"fr-CA","@id":"https:\/\/cssdn.gouv.qc.ca\/envol\/#\/schema\/logo\/image\/","url":"https:\/\/cssdn.gouv.qc.ca\/envol\/wp-content\/uploads\/sites\/69\/2023\/01\/logo_quebec.svg","contentUrl":"https:\/\/cssdn.gouv.qc.ca\/envol\/wp-content\/uploads\/sites\/69\/2023\/01\/logo_quebec.svg","width":188,"height":41,"caption":"\u00c9cole de l\u2019Envol"},"image":{"@id":"https:\/\/cssdn.gouv.qc.ca\/envol\/#\/schema\/logo\/image\/"},"sameAs":["https:\/\/www.facebook.com\/ecoledelenvol","https:\/\/x.com\/CSSNavigateurs","https:\/\/www.instagram.com\/cssnavigateurs\/","https:\/\/www.youtube.com\/channel\/UCHbNBehije70JBzCIVT82bQ","https:\/\/www.linkedin.com\/company\/cssdn"]}]}},"publishpress_future_action":{"enabled":false,"date":"2026-04-18 08:59:43","action":"change-status","newStatus":"draft","terms":[],"taxonomy":"category","extraData":[]},"publishpress_future_workflow_manual_trigger":{"enabledWorkflows":[]},"_links":{"self":[{"href":"https:\/\/cssdn.gouv.qc.ca\/envol\/wp-json\/wp\/v2\/pages\/9","targetHints":{"allow":["GET"]}}],"collection":[{"href":"https:\/\/cssdn.gouv.qc.ca\/envol\/wp-json\/wp\/v2\/pages"}],"about":[{"href":"https:\/\/cssdn.gouv.qc.ca\/envol\/wp-json\/wp\/v2\/types\/page"}],"author":[{"embeddable":true,"href":"https:\/\/cssdn.gouv.qc.ca\/envol\/wp-json\/wp\/v2\/users\/1"}],"replies":[{"embeddable":true,"href":"https:\/\/cssdn.gouv.qc.ca\/envol\/wp-json\/wp\/v2\/comments?post=9"}],"version-history":[{"count":0,"href":"https:\/\/cssdn.gouv.qc.ca\/envol\/wp-json\/wp\/v2\/pages\/9\/revisions"}],"up":[{"embeddable":true,"href":"https:\/\/cssdn.gouv.qc.ca\/envol\/wp-json\/wp\/v2\/pages\/5"}],"wp:attachment":[{"href":"https:\/\/cssdn.gouv.qc.ca\/envol\/wp-json\/wp\/v2\/media?parent=9"}],"wp:term":[{"taxonomy":"category","embeddable":true,"href":"https:\/\/cssdn.gouv.qc.ca\/envol\/wp-json\/wp\/v2\/categories?post=9"},{"taxonomy":"post_tag","embeddable":true,"href":"https:\/\/cssdn.gouv.qc.ca\/envol\/wp-json\/wp\/v2\/tags?post=9"}],"curies":[{"name":"wp","href":"https:\/\/api.w.org\/{rel}","templated":true}]}}