
{"id":235,"date":"2022-12-06T14:30:42","date_gmt":"2022-12-06T19:30:42","guid":{"rendered":"https:\/\/cssdn.gouv.qc.ca\/envol\/?post_type=programme&#038;p=235"},"modified":"2025-09-10T19:32:57","modified_gmt":"2025-09-10T23:32:57","slug":"profil-sciences-et-technologie","status":"publish","type":"programme","link":"https:\/\/cssdn.gouv.qc.ca\/envol\/programmes-et-profils\/profil-sciences-et-technologie\/","title":{"rendered":"Profil Technosciences"},"content":{"rendered":"<section class=\"align programmes-details\" id=\"testimonial-block_cc628fd40f35745d00f34352ba56df6d\">\n            <dl class=\"act-post-metadata__list\">\n                                <dt class=\"act-post-metadata__label act-post-metadata__label--niveau\">Le niveau :<\/dt>\n                    <dd class=\"act-post-metadata__value act-post-metadata__value--niveau\">Secondaire<\/dd>\n                                <dt class=\"act-post-metadata__label act-post-metadata__label--domaine\">Le domaine d&rsquo;\u00e9tude :<\/dt>\n                    <dd class=\"act-post-metadata__value act-post-metadata__value--domaine\">Multim\u00e9dia, Sciences<\/dd>\n                    <\/dl>\n        \n    <\/section>\n\n\n\n<div class=\"act-collapsible\">\n<h2 class=\"wp-block-heading act-collapsible__heading\">Pour qui ?<\/h2>\n\n\n\n<div class=\"act-collapsible__content\"><div class=\"act-collapsible__content-inner\">\n<p class=\"wp-block-paragraph\">Pour l&rsquo;\u00e9l\u00e8ve curieux et cr\u00e9atif ayant un int\u00e9r\u00eat marqu\u00e9 pour la science et la technologie.&nbsp;&nbsp;<\/p>\n<\/div><\/div>\n<\/div>\n\n\n\n<div class=\"act-collapsible\">\n<h2 class=\"wp-block-heading act-collapsible__heading\">Encadrement<\/h2>\n\n\n\n<div class=\"act-collapsible__content\"><div class=\"act-collapsible__content-inner\">\n<p class=\"wp-block-paragraph\">Deux p\u00e9riodes de sciences de plus \u00e0 l&rsquo;horaire par cycle de 9 jours (plus l\u00e9ger que le programme SLTIC).&nbsp; Laboratoires, exp\u00e9riences.&nbsp; Sorties \u00e0 caract\u00e8re scientifique&nbsp;et invit\u00e9s sp\u00e9ciaux.<\/p>\n<\/div><\/div>\n<\/div>\n\n\n\n<div class=\"act-collapsible\">\n<h2 class=\"wp-block-heading act-collapsible__heading\">Co\u00fbt<\/h2>\n\n\n\n<div class=\"act-collapsible__content\"><div class=\"act-collapsible__content-inner\">\n<p class=\"wp-block-paragraph\"><strong>75$&nbsp;<\/strong>(r\u00e9duit \u00e0 0$ avec les subvention du gouvernement visant \u00e0 rehausser l&rsquo;acc\u00e8s aux programmes p\u00e9dagogiques particuliers au secondaire)<\/p>\n<\/div><\/div>\n<\/div>\n\n\n\n<div class=\"wp-block-buttons\">\n<div class=\"wp-block-button\"><a class=\"wp-block-button__link wp-element-button\" href=\"https:\/\/drive.google.com\/file\/d\/1tLmtPjtcajXs76n-ArKfHh8GMzJjIv4j\/view?usp=sharing\">Vid\u00e9o promotionnelle<\/a><\/div>\n<\/div>\n\n\n\n<div class=\"wp-block-file\"><a id=\"wp-block-file--media-61cb4892-be0e-4adf-8c7b-6df3175f97f0\" href=\"https:\/\/cssdn.gouv.qc.ca\/envol\/wp-content\/uploads\/sites\/69\/2022\/12\/2025_2026_CSSDN_Brochure_Envol_final_LR-3.pdf\">2025-2026 Brochure Envol<\/a><\/div>\n","protected":false},"template":"","niveau":[9],"domaine":[16,19],"municipalite":[21],"class_list":["post-235","programme","type-programme","status-publish","hentry","niveau-secondaire","domaine-multimedia","domaine-sciences","municipalite-levis"],"acf":[],"yoast_head":"<!-- This site is optimized with the Yoast SEO plugin v27.4 - https:\/\/yoast.com\/product\/yoast-seo-wordpress\/ -->\n<title>Profil Technosciences - \u00c9cole de l\u2019Envol<\/title>\n<meta name=\"robots\" content=\"index, follow, max-snippet:-1, max-image-preview:large, max-video-preview:-1\" \/>\n<link rel=\"canonical\" href=\"https:\/\/cssdn.gouv.qc.ca\/envol\/programmes-et-profils\/profil-sciences-et-technologie\/\" \/>\n<meta property=\"og:locale\" content=\"fr_CA\" \/>\n<meta property=\"og:type\" content=\"article\" \/>\n<meta property=\"og:title\" content=\"Profil Technosciences - \u00c9cole de l\u2019Envol\" \/>\n<meta property=\"og:url\" content=\"https:\/\/cssdn.gouv.qc.ca\/envol\/programmes-et-profils\/profil-sciences-et-technologie\/\" \/>\n<meta property=\"og:site_name\" content=\"\u00c9cole de l\u2019Envol\" \/>\n<meta property=\"article:publisher\" content=\"https:\/\/www.facebook.com\/ecoledelenvol\" \/>\n<meta property=\"article:modified_time\" content=\"2025-09-10T23:32:57+00:00\" \/>\n<meta name=\"twitter:card\" content=\"summary_large_image\" \/>\n<meta name=\"twitter:site\" content=\"@CSSNavigateurs\" \/>\n<meta name=\"twitter:label1\" content=\"Estimation du temps de lecture\" \/>\n\t<meta name=\"twitter:data1\" content=\"1 minute\" \/>\n<script type=\"application\/ld+json\" class=\"yoast-schema-graph\">{\"@context\":\"https:\\\/\\\/schema.org\",\"@graph\":[{\"@type\":\"WebPage\",\"@id\":\"https:\\\/\\\/cssdn.gouv.qc.ca\\\/envol\\\/programmes-et-profils\\\/profil-sciences-et-technologie\\\/\",\"url\":\"https:\\\/\\\/cssdn.gouv.qc.ca\\\/envol\\\/programmes-et-profils\\\/profil-sciences-et-technologie\\\/\",\"name\":\"Profil Technosciences - \u00c9cole de l\u2019Envol\",\"isPartOf\":{\"@id\":\"https:\\\/\\\/cssdn.gouv.qc.ca\\\/envol\\\/#website\"},\"datePublished\":\"2022-12-06T19:30:42+00:00\",\"dateModified\":\"2025-09-10T23:32:57+00:00\",\"breadcrumb\":{\"@id\":\"https:\\\/\\\/cssdn.gouv.qc.ca\\\/envol\\\/programmes-et-profils\\\/profil-sciences-et-technologie\\\/#breadcrumb\"},\"inLanguage\":\"fr-CA\",\"potentialAction\":[{\"@type\":\"ReadAction\",\"target\":[\"https:\\\/\\\/cssdn.gouv.qc.ca\\\/envol\\\/programmes-et-profils\\\/profil-sciences-et-technologie\\\/\"]}]},{\"@type\":\"BreadcrumbList\",\"@id\":\"https:\\\/\\\/cssdn.gouv.qc.ca\\\/envol\\\/programmes-et-profils\\\/profil-sciences-et-technologie\\\/#breadcrumb\",\"itemListElement\":[{\"@type\":\"ListItem\",\"position\":1,\"name\":\"Accueil\",\"item\":\"https:\\\/\\\/cssdn.gouv.qc.ca\\\/envol\\\/\"},{\"@type\":\"ListItem\",\"position\":2,\"name\":\"Programmes et profils\",\"item\":\"https:\\\/\\\/cssdn.gouv.qc.ca\\\/envol\\\/programmes-et-profils\\\/\"},{\"@type\":\"ListItem\",\"position\":3,\"name\":\"Profil Technosciences\"}]},{\"@type\":\"WebSite\",\"@id\":\"https:\\\/\\\/cssdn.gouv.qc.ca\\\/envol\\\/#website\",\"url\":\"https:\\\/\\\/cssdn.gouv.qc.ca\\\/envol\\\/\",\"name\":\"\u00c9cole de l\u2019Envol\",\"description\":\"Un site des centres de services scolaires des Navigateurs\",\"publisher\":{\"@id\":\"https:\\\/\\\/cssdn.gouv.qc.ca\\\/envol\\\/#organization\"},\"potentialAction\":[{\"@type\":\"SearchAction\",\"target\":{\"@type\":\"EntryPoint\",\"urlTemplate\":\"https:\\\/\\\/cssdn.gouv.qc.ca\\\/envol\\\/?s={search_term_string}\"},\"query-input\":{\"@type\":\"PropertyValueSpecification\",\"valueRequired\":true,\"valueName\":\"search_term_string\"}}],\"inLanguage\":\"fr-CA\"},{\"@type\":\"Organization\",\"@id\":\"https:\\\/\\\/cssdn.gouv.qc.ca\\\/envol\\\/#organization\",\"name\":\"\u00c9cole de l\u2019Envol\",\"url\":\"https:\\\/\\\/cssdn.gouv.qc.ca\\\/envol\\\/\",\"logo\":{\"@type\":\"ImageObject\",\"inLanguage\":\"fr-CA\",\"@id\":\"https:\\\/\\\/cssdn.gouv.qc.ca\\\/envol\\\/#\\\/schema\\\/logo\\\/image\\\/\",\"url\":\"https:\\\/\\\/cssdn.gouv.qc.ca\\\/envol\\\/wp-content\\\/uploads\\\/sites\\\/69\\\/2023\\\/01\\\/logo_quebec.svg\",\"contentUrl\":\"https:\\\/\\\/cssdn.gouv.qc.ca\\\/envol\\\/wp-content\\\/uploads\\\/sites\\\/69\\\/2023\\\/01\\\/logo_quebec.svg\",\"width\":188,\"height\":41,\"caption\":\"\u00c9cole de l\u2019Envol\"},\"image\":{\"@id\":\"https:\\\/\\\/cssdn.gouv.qc.ca\\\/envol\\\/#\\\/schema\\\/logo\\\/image\\\/\"},\"sameAs\":[\"https:\\\/\\\/www.facebook.com\\\/ecoledelenvol\",\"https:\\\/\\\/x.com\\\/CSSNavigateurs\",\"https:\\\/\\\/www.instagram.com\\\/cssnavigateurs\\\/\",\"https:\\\/\\\/www.youtube.com\\\/channel\\\/UCHbNBehije70JBzCIVT82bQ\",\"https:\\\/\\\/www.linkedin.com\\\/company\\\/cssdn\"]}]}<\/script>\n<!-- \/ Yoast SEO plugin. -->","yoast_head_json":{"title":"Profil Technosciences - \u00c9cole de l\u2019Envol","robots":{"index":"index","follow":"follow","max-snippet":"max-snippet:-1","max-image-preview":"max-image-preview:large","max-video-preview":"max-video-preview:-1"},"canonical":"https:\/\/cssdn.gouv.qc.ca\/envol\/programmes-et-profils\/profil-sciences-et-technologie\/","og_locale":"fr_CA","og_type":"article","og_title":"Profil Technosciences - \u00c9cole de l\u2019Envol","og_url":"https:\/\/cssdn.gouv.qc.ca\/envol\/programmes-et-profils\/profil-sciences-et-technologie\/","og_site_name":"\u00c9cole de l\u2019Envol","article_publisher":"https:\/\/www.facebook.com\/ecoledelenvol","article_modified_time":"2025-09-10T23:32:57+00:00","twitter_card":"summary_large_image","twitter_site":"@CSSNavigateurs","twitter_misc":{"Estimation du temps de lecture":"1 minute"},"schema":{"@context":"https:\/\/schema.org","@graph":[{"@type":"WebPage","@id":"https:\/\/cssdn.gouv.qc.ca\/envol\/programmes-et-profils\/profil-sciences-et-technologie\/","url":"https:\/\/cssdn.gouv.qc.ca\/envol\/programmes-et-profils\/profil-sciences-et-technologie\/","name":"Profil Technosciences - \u00c9cole de l\u2019Envol","isPartOf":{"@id":"https:\/\/cssdn.gouv.qc.ca\/envol\/#website"},"datePublished":"2022-12-06T19:30:42+00:00","dateModified":"2025-09-10T23:32:57+00:00","breadcrumb":{"@id":"https:\/\/cssdn.gouv.qc.ca\/envol\/programmes-et-profils\/profil-sciences-et-technologie\/#breadcrumb"},"inLanguage":"fr-CA","potentialAction":[{"@type":"ReadAction","target":["https:\/\/cssdn.gouv.qc.ca\/envol\/programmes-et-profils\/profil-sciences-et-technologie\/"]}]},{"@type":"BreadcrumbList","@id":"https:\/\/cssdn.gouv.qc.ca\/envol\/programmes-et-profils\/profil-sciences-et-technologie\/#breadcrumb","itemListElement":[{"@type":"ListItem","position":1,"name":"Accueil","item":"https:\/\/cssdn.gouv.qc.ca\/envol\/"},{"@type":"ListItem","position":2,"name":"Programmes et profils","item":"https:\/\/cssdn.gouv.qc.ca\/envol\/programmes-et-profils\/"},{"@type":"ListItem","position":3,"name":"Profil Technosciences"}]},{"@type":"WebSite","@id":"https:\/\/cssdn.gouv.qc.ca\/envol\/#website","url":"https:\/\/cssdn.gouv.qc.ca\/envol\/","name":"\u00c9cole de l\u2019Envol","description":"Un site des centres de services scolaires des Navigateurs","publisher":{"@id":"https:\/\/cssdn.gouv.qc.ca\/envol\/#organization"},"potentialAction":[{"@type":"SearchAction","target":{"@type":"EntryPoint","urlTemplate":"https:\/\/cssdn.gouv.qc.ca\/envol\/?s={search_term_string}"},"query-input":{"@type":"PropertyValueSpecification","valueRequired":true,"valueName":"search_term_string"}}],"inLanguage":"fr-CA"},{"@type":"Organization","@id":"https:\/\/cssdn.gouv.qc.ca\/envol\/#organization","name":"\u00c9cole de l\u2019Envol","url":"https:\/\/cssdn.gouv.qc.ca\/envol\/","logo":{"@type":"ImageObject","inLanguage":"fr-CA","@id":"https:\/\/cssdn.gouv.qc.ca\/envol\/#\/schema\/logo\/image\/","url":"https:\/\/cssdn.gouv.qc.ca\/envol\/wp-content\/uploads\/sites\/69\/2023\/01\/logo_quebec.svg","contentUrl":"https:\/\/cssdn.gouv.qc.ca\/envol\/wp-content\/uploads\/sites\/69\/2023\/01\/logo_quebec.svg","width":188,"height":41,"caption":"\u00c9cole de l\u2019Envol"},"image":{"@id":"https:\/\/cssdn.gouv.qc.ca\/envol\/#\/schema\/logo\/image\/"},"sameAs":["https:\/\/www.facebook.com\/ecoledelenvol","https:\/\/x.com\/CSSNavigateurs","https:\/\/www.instagram.com\/cssnavigateurs\/","https:\/\/www.youtube.com\/channel\/UCHbNBehije70JBzCIVT82bQ","https:\/\/www.linkedin.com\/company\/cssdn"]}]}},"publishpress_future_workflow_manual_trigger":{"enabledWorkflows":[]},"_links":{"self":[{"href":"https:\/\/cssdn.gouv.qc.ca\/envol\/wp-json\/wp\/v2\/programmes\/235","targetHints":{"allow":["GET"]}}],"collection":[{"href":"https:\/\/cssdn.gouv.qc.ca\/envol\/wp-json\/wp\/v2\/programmes"}],"about":[{"href":"https:\/\/cssdn.gouv.qc.ca\/envol\/wp-json\/wp\/v2\/types\/programme"}],"wp:attachment":[{"href":"https:\/\/cssdn.gouv.qc.ca\/envol\/wp-json\/wp\/v2\/media?parent=235"}],"wp:term":[{"taxonomy":"niveau","embeddable":true,"href":"https:\/\/cssdn.gouv.qc.ca\/envol\/wp-json\/wp\/v2\/niveau?post=235"},{"taxonomy":"domaine","embeddable":true,"href":"https:\/\/cssdn.gouv.qc.ca\/envol\/wp-json\/wp\/v2\/domaine?post=235"},{"taxonomy":"municipalite","embeddable":true,"href":"https:\/\/cssdn.gouv.qc.ca\/envol\/wp-json\/wp\/v2\/municipalite?post=235"}],"curies":[{"name":"wp","href":"https:\/\/api.w.org\/{rel}","templated":true}]}}

<section class="align programmes-details" id="testimonial-block_cc628fd40f35745d00f34352ba56df6d">
            <dl class="act-post-metadata__list">
                                <dt class="act-post-metadata__label act-post-metadata__label--niveau">Le niveau :</dt>
                    <dd class="act-post-metadata__value act-post-metadata__value--niveau">Secondaire</dd>
                                <dt class="act-post-metadata__label act-post-metadata__label--domaine">Le domaine d&rsquo;étude :</dt>
                    <dd class="act-post-metadata__value act-post-metadata__value--domaine">Multimédia, Sciences</dd>
                    </dl>
        
    </section>



<div class="act-collapsible">
<h2 class="wp-block-heading act-collapsible__heading">Pour qui ?</h2>



<div class="act-collapsible__content"><div class="act-collapsible__content-inner">
<p class="wp-block-paragraph">Pour l&rsquo;élève curieux et créatif ayant un intérêt marqué pour la science et la technologie.&nbsp;&nbsp;</p>
</div></div>
</div>



<div class="act-collapsible">
<h2 class="wp-block-heading act-collapsible__heading">Encadrement</h2>



<div class="act-collapsible__content"><div class="act-collapsible__content-inner">
<p class="wp-block-paragraph">Deux périodes de sciences de plus à l&rsquo;horaire par cycle de 9 jours (plus léger que le programme SLTIC).&nbsp; Laboratoires, expériences.&nbsp; Sorties à caractère scientifique&nbsp;et invités spéciaux.</p>
</div></div>
</div>



<div class="act-collapsible">
<h2 class="wp-block-heading act-collapsible__heading">Coût</h2>



<div class="act-collapsible__content"><div class="act-collapsible__content-inner">
<p class="wp-block-paragraph"><strong>75$&nbsp;</strong>(réduit à 0$ avec les subvention du gouvernement visant à rehausser l&rsquo;accès aux programmes pédagogiques particuliers au secondaire)</p>
</div></div>
</div>



<div class="wp-block-buttons">
<div class="wp-block-button"><a class="wp-block-button__link wp-element-button" href="https://drive.google.com/file/d/1tLmtPjtcajXs76n-ArKfHh8GMzJjIv4j/view?usp=sharing">Vidéo promotionnelle</a></div>
</div>



<div class="wp-block-file"><a id="wp-block-file--media-61cb4892-be0e-4adf-8c7b-6df3175f97f0" href="https://cssdn.gouv.qc.ca/envol/wp-content/uploads/sites/69/2022/12/2025_2026_CSSDN_Brochure_Envol_final_LR-3.pdf">2025-2026 Brochure Envol</a></div>

<!-- This site is optimized with the Yoast SEO plugin v27.4 - https://yoast.com/product/yoast-seo-wordpress/ -->
<title>Profil Technosciences - École de l’Envol</title>
<meta name="robots" content="index, follow, max-snippet:-1, max-image-preview:large, max-video-preview:-1" />
<link rel="canonical" href="https://cssdn.gouv.qc.ca/envol/programmes-et-profils/profil-sciences-et-technologie/" />
<meta property="og:locale" content="fr_CA" />
<meta property="og:type" content="article" />
<meta property="og:title" content="Profil Technosciences - École de l’Envol" />
<meta property="og:url" content="https://cssdn.gouv.qc.ca/envol/programmes-et-profils/profil-sciences-et-technologie/" />
<meta property="og:site_name" content="École de l’Envol" />
<meta property="article:publisher" content="https://www.facebook.com/ecoledelenvol" />
<meta property="article:modified_time" content="2025-09-10T23:32:57+00:00" />
<meta name="twitter:card" content="summary_large_image" />
<meta name="twitter:site" content="@CSSNavigateurs" />
<meta name="twitter:label1" content="Estimation du temps de lecture" />
	<meta name="twitter:data1" content="1 minute" />
<script type="application/ld+json" class="yoast-schema-graph">{"@context":"https:\/\/schema.org","@graph":[{"@type":"WebPage","@id":"https:\/\/cssdn.gouv.qc.ca\/envol\/programmes-et-profils\/profil-sciences-et-technologie\/","url":"https:\/\/cssdn.gouv.qc.ca\/envol\/programmes-et-profils\/profil-sciences-et-technologie\/","name":"Profil Technosciences - École de l’Envol","isPartOf":{"@id":"https:\/\/cssdn.gouv.qc.ca\/envol\/#website"},"datePublished":"2022-12-06T19:30:42+00:00","dateModified":"2025-09-10T23:32:57+00:00","breadcrumb":{"@id":"https:\/\/cssdn.gouv.qc.ca\/envol\/programmes-et-profils\/profil-sciences-et-technologie\/#breadcrumb"},"inLanguage":"fr-CA","potentialAction":[{"@type":"ReadAction","target":["https:\/\/cssdn.gouv.qc.ca\/envol\/programmes-et-profils\/profil-sciences-et-technologie\/"]}]},{"@type":"BreadcrumbList","@id":"https:\/\/cssdn.gouv.qc.ca\/envol\/programmes-et-profils\/profil-sciences-et-technologie\/#breadcrumb","itemListElement":[{"@type":"ListItem","position":1,"name":"Accueil","item":"https:\/\/cssdn.gouv.qc.ca\/envol\/"},{"@type":"ListItem","position":2,"name":"Programmes et profils","item":"https:\/\/cssdn.gouv.qc.ca\/envol\/programmes-et-profils\/"},{"@type":"ListItem","position":3,"name":"Profil Technosciences"}]},{"@type":"WebSite","@id":"https:\/\/cssdn.gouv.qc.ca\/envol\/#website","url":"https:\/\/cssdn.gouv.qc.ca\/envol\/","name":"École de l’Envol","description":"Un site des centres de services scolaires des Navigateurs","publisher":{"@id":"https:\/\/cssdn.gouv.qc.ca\/envol\/#organization"},"potentialAction":[{"@type":"SearchAction","target":{"@type":"EntryPoint","urlTemplate":"https:\/\/cssdn.gouv.qc.ca\/envol\/?s={search_term_string}"},"query-input":{"@type":"PropertyValueSpecification","valueRequired":true,"valueName":"search_term_string"}}],"inLanguage":"fr-CA"},{"@type":"Organization","@id":"https:\/\/cssdn.gouv.qc.ca\/envol\/#organization","name":"École de l’Envol","url":"https:\/\/cssdn.gouv.qc.ca\/envol\/","logo":{"@type":"ImageObject","inLanguage":"fr-CA","@id":"https:\/\/cssdn.gouv.qc.ca\/envol\/#\/schema\/logo\/image\/","url":"https:\/\/cssdn.gouv.qc.ca\/envol\/wp-content\/uploads\/sites\/69\/2023\/01\/logo_quebec.svg","contentUrl":"https:\/\/cssdn.gouv.qc.ca\/envol\/wp-content\/uploads\/sites\/69\/2023\/01\/logo_quebec.svg","width":188,"height":41,"caption":"École de l’Envol"},"image":{"@id":"https:\/\/cssdn.gouv.qc.ca\/envol\/#\/schema\/logo\/image\/"},"sameAs":["https:\/\/www.facebook.com\/ecoledelenvol","https:\/\/x.com\/CSSNavigateurs","https:\/\/www.instagram.com\/cssnavigateurs\/","https:\/\/www.youtube.com\/channel\/UCHbNBehije70JBzCIVT82bQ","https:\/\/www.linkedin.com\/company\/cssdn"]}]}</script>
<!-- / Yoast SEO plugin. -->

Profil Technosciences - École de l’Envol

École de l’Envol
