
{"id":57,"date":"2022-11-10T10:53:02","date_gmt":"2022-11-10T15:53:02","guid":{"rendered":"https:\/\/cssdn.gouv.qc.ca\/esle\/?post_type=event&#038;p=57"},"modified":"2022-12-05T14:02:25","modified_gmt":"2022-12-05T19:02:25","slug":"test-3","status":"publish","type":"event","link":"https:\/\/cssdn.gouv.qc.ca\/esle\/evenements\/test-3\/","title":{"rendered":"C\u00e9r\u00e9monie de fin d&rsquo;\u00e9tudes"},"content":{"rendered":"\n\n<section class=\"align event-details\" id=\"testimonial-block_c9d6f8c7c5217e9144a0ec3e9b6831b8\">\n    <div class=\"event-details__date\">\n        21 juin 2023, 19:00 \u00e0 21:00    <\/div>\n            <div class=\"event-details__address\">\n            <span class=\"location\">Grand Th\u00e9\u00e2tre de Qu\u00e9bec<\/span>269 boul. Ren\u00e9-L\u00e9vesque Est , Qu\u00e9bec, G1R 2B3        <\/div>\n                    <div class=\"event-details__link\">\n            <div class=\"wp-block-button\">\n                <a class=\"wp-block-button__link wp-element-button addToCalendar\">Ajouter \u00e0 mon calendrier<\/a>\n            <\/div>\n            <div class=\"list-links listCalendar\">\n                <a href=\"data:text\/calendar;charset=utf8;base64,QkVHSU46VkNBTEVOREFSDQpWRVJTSU9OOjIuMA0KUFJPRElEOlNwYXRpZSBjYWxlbmRhci1saW5rcw0KQkVHSU46VkVWRU5UDQpVSUQ6ZjZlZTQyNjg1MDRmNDQ0MzhlZmUzMTkwNWE5MjZlYjENClNVTU1BUlk6Q8OpcsOpbW9uaWUgZGUgZmluIGQmcnNxdW9cO8OpdHVkZXMNCkRUU1RBTVA7VFpJRD1VVEM6MjAyMzA2MjFUMTkwMDAwDQpEVFNUQVJUO1RaSUQ9VVRDOjIwMjMwNjIxVDE5MDAwMA0KRFRFTkQ7VFpJRD1VVEM6MjAyMzA2MjFUMjEwMDAwDQpMT0NBVElPTjpHcmFuZCBUaMOpw6J0cmUgZGUgUXXDqWJlYzI2OSBib3VsLiBSZW7DqS1Mw6l2ZXNxdWUgRXN0IFwsIFF1w6liZWNcLCBHMVIgMkIzDQpFTkQ6VkVWRU5UDQpFTkQ6VkNBTEVOREFS\" target=\"_blank\" title=\"Ajouter C\u00e9r\u00e9monie de fin d&rsquo;\u00e9tudes \u00e0 iCalendar\" class=\"btn_ical link_calendar\">Apple<\/a>\n                <a href=\"https:\/\/calendar.google.com\/calendar\/render?action=TEMPLATE&#038;dates=20230621T190000Z\/20230621T210000Z&#038;ctz=UTC&#038;text=C%C3%A9r%C3%A9monie+de+fin+d%26rsquo%3B%C3%A9tudes&#038;location=Grand+Th%C3%A9%C3%A2tre+de+Qu%C3%A9bec269+boul.+Ren%C3%A9-L%C3%A9vesque+Est+%2C+Qu%C3%A9bec%2C+G1R+2B3\" target=\"_blank\" title=\"Ajouter C\u00e9r\u00e9monie de fin d&rsquo;\u00e9tudes \u00e0 Google \" class=\"btn_google link_calendar\">Google<\/a>\n                <a href=\"https:\/\/outlook.live.com\/calendar\/deeplink\/compose?path=\/calendar\/action\/compose&#038;rru=addevent&#038;startdt=2023-06-21T19:00:00Z&#038;enddt=2023-06-21T21:00:00Z&#038;subject=C%C3%A9r%C3%A9monie%20de%20fin%20d%26rsquo%3B%C3%A9tudes&#038;location=Grand%20Th%C3%A9%C3%A2tre%20de%20Qu%C3%A9bec269%20boul.%20Ren%C3%A9-L%C3%A9vesque%20Est%20%2C%20Qu%C3%A9bec%2C%20G1R%202B3\" target=\"_blank\" title=\"Ajouter C\u00e9r\u00e9monie de fin d&rsquo;\u00e9tudes \u00e0 Outlook\" class=\"btn_outlook link_calendar\">Outlook<\/a>\n\n            <\/div>\n        <\/div>\n    <\/section>","protected":false},"excerpt":{"rendered":"","protected":false},"featured_media":0,"template":"","category_event":[],"class_list":["post-57","event","type-event","status-publish","hentry"],"acf":[],"yoast_head":"<!-- This site is optimized with the Yoast SEO plugin v27.5 - https:\/\/yoast.com\/product\/yoast-seo-wordpress\/ -->\n<title>C\u00e9r\u00e9monie de fin d&#039;\u00e9tudes - \u00c9cole secondaire les\u00a0Etchemins<\/title>\n<meta name=\"robots\" content=\"index, follow, max-snippet:-1, max-image-preview:large, max-video-preview:-1\" \/>\n<link rel=\"canonical\" href=\"https:\/\/cssdn.gouv.qc.ca\/esle\/evenements\/test-3\/\" \/>\n<meta property=\"og:locale\" content=\"fr_CA\" \/>\n<meta property=\"og:type\" content=\"article\" \/>\n<meta property=\"og:title\" content=\"C\u00e9r\u00e9monie de fin d&#039;\u00e9tudes - \u00c9cole secondaire les\u00a0Etchemins\" \/>\n<meta property=\"og:url\" content=\"https:\/\/cssdn.gouv.qc.ca\/esle\/evenements\/test-3\/\" \/>\n<meta property=\"og:site_name\" content=\"\u00c9cole secondaire les\u00a0Etchemins\" \/>\n<meta property=\"article:publisher\" content=\"https:\/\/www.facebook.com\/eslecssdn\" \/>\n<meta property=\"article:modified_time\" content=\"2022-12-05T19:02:25+00:00\" \/>\n<meta name=\"twitter:card\" content=\"summary_large_image\" \/>\n<meta name=\"twitter:site\" content=\"@CSSNavigateurs\" \/>\n<script type=\"application\/ld+json\" class=\"yoast-schema-graph\">{\"@context\":\"https:\\\/\\\/schema.org\",\"@graph\":[{\"@type\":\"WebPage\",\"@id\":\"https:\\\/\\\/cssdn.gouv.qc.ca\\\/esle\\\/evenements\\\/test-3\\\/\",\"url\":\"https:\\\/\\\/cssdn.gouv.qc.ca\\\/esle\\\/evenements\\\/test-3\\\/\",\"name\":\"C\u00e9r\u00e9monie de fin d'\u00e9tudes - \u00c9cole secondaire les\u00a0Etchemins\",\"isPartOf\":{\"@id\":\"https:\\\/\\\/cssdn.gouv.qc.ca\\\/esle\\\/#website\"},\"datePublished\":\"2022-11-10T15:53:02+00:00\",\"dateModified\":\"2022-12-05T19:02:25+00:00\",\"breadcrumb\":{\"@id\":\"https:\\\/\\\/cssdn.gouv.qc.ca\\\/esle\\\/evenements\\\/test-3\\\/#breadcrumb\"},\"inLanguage\":\"fr-CA\",\"potentialAction\":[{\"@type\":\"ReadAction\",\"target\":[\"https:\\\/\\\/cssdn.gouv.qc.ca\\\/esle\\\/evenements\\\/test-3\\\/\"]}]},{\"@type\":\"BreadcrumbList\",\"@id\":\"https:\\\/\\\/cssdn.gouv.qc.ca\\\/esle\\\/evenements\\\/test-3\\\/#breadcrumb\",\"itemListElement\":[{\"@type\":\"ListItem\",\"position\":1,\"name\":\"Accueil\",\"item\":\"https:\\\/\\\/cssdn.gouv.qc.ca\\\/esle\\\/\"},{\"@type\":\"ListItem\",\"position\":2,\"name\":\"\u00c9v\u00e9nements\",\"item\":\"https:\\\/\\\/cssdn.gouv.qc.ca\\\/esle\\\/evenements\\\/\"},{\"@type\":\"ListItem\",\"position\":3,\"name\":\"C\u00e9r\u00e9monie de fin d&rsquo;\u00e9tudes\"}]},{\"@type\":\"WebSite\",\"@id\":\"https:\\\/\\\/cssdn.gouv.qc.ca\\\/esle\\\/#website\",\"url\":\"https:\\\/\\\/cssdn.gouv.qc.ca\\\/esle\\\/\",\"name\":\"\u00c9cole secondaire les\u00a0Etchemins\",\"description\":\"Un site des centres de services scolaires des Navigateurs\",\"publisher\":{\"@id\":\"https:\\\/\\\/cssdn.gouv.qc.ca\\\/esle\\\/#organization\"},\"potentialAction\":[{\"@type\":\"SearchAction\",\"target\":{\"@type\":\"EntryPoint\",\"urlTemplate\":\"https:\\\/\\\/cssdn.gouv.qc.ca\\\/esle\\\/?s={search_term_string}\"},\"query-input\":{\"@type\":\"PropertyValueSpecification\",\"valueRequired\":true,\"valueName\":\"search_term_string\"}}],\"inLanguage\":\"fr-CA\"},{\"@type\":\"Organization\",\"@id\":\"https:\\\/\\\/cssdn.gouv.qc.ca\\\/esle\\\/#organization\",\"name\":\"\u00c9cole secondaire les\u00a0Etchemins\",\"url\":\"https:\\\/\\\/cssdn.gouv.qc.ca\\\/esle\\\/\",\"logo\":{\"@type\":\"ImageObject\",\"inLanguage\":\"fr-CA\",\"@id\":\"https:\\\/\\\/cssdn.gouv.qc.ca\\\/esle\\\/#\\\/schema\\\/logo\\\/image\\\/\",\"url\":\"https:\\\/\\\/cssdn.gouv.qc.ca\\\/esle\\\/wp-content\\\/uploads\\\/sites\\\/13\\\/2023\\\/01\\\/logo_quebec.svg\",\"contentUrl\":\"https:\\\/\\\/cssdn.gouv.qc.ca\\\/esle\\\/wp-content\\\/uploads\\\/sites\\\/13\\\/2023\\\/01\\\/logo_quebec.svg\",\"width\":188,\"height\":41,\"caption\":\"\u00c9cole secondaire les\u00a0Etchemins\"},\"image\":{\"@id\":\"https:\\\/\\\/cssdn.gouv.qc.ca\\\/esle\\\/#\\\/schema\\\/logo\\\/image\\\/\"},\"sameAs\":[\"https:\\\/\\\/www.facebook.com\\\/eslecssdn\",\"https:\\\/\\\/x.com\\\/CSSNavigateurs\",\"https:\\\/\\\/www.instagram.com\\\/cssnavigateurs\\\/\",\"https:\\\/\\\/www.youtube.com\\\/channel\\\/UCHbNBehije70JBzCIVT82bQ\",\"https:\\\/\\\/www.linkedin.com\\\/company\\\/cssdn\"]}]}<\/script>\n<!-- \/ Yoast SEO plugin. -->","yoast_head_json":{"title":"C\u00e9r\u00e9monie de fin d'\u00e9tudes - \u00c9cole secondaire les\u00a0Etchemins","robots":{"index":"index","follow":"follow","max-snippet":"max-snippet:-1","max-image-preview":"max-image-preview:large","max-video-preview":"max-video-preview:-1"},"canonical":"https:\/\/cssdn.gouv.qc.ca\/esle\/evenements\/test-3\/","og_locale":"fr_CA","og_type":"article","og_title":"C\u00e9r\u00e9monie de fin d'\u00e9tudes - \u00c9cole secondaire les\u00a0Etchemins","og_url":"https:\/\/cssdn.gouv.qc.ca\/esle\/evenements\/test-3\/","og_site_name":"\u00c9cole secondaire les\u00a0Etchemins","article_publisher":"https:\/\/www.facebook.com\/eslecssdn","article_modified_time":"2022-12-05T19:02:25+00:00","twitter_card":"summary_large_image","twitter_site":"@CSSNavigateurs","schema":{"@context":"https:\/\/schema.org","@graph":[{"@type":"WebPage","@id":"https:\/\/cssdn.gouv.qc.ca\/esle\/evenements\/test-3\/","url":"https:\/\/cssdn.gouv.qc.ca\/esle\/evenements\/test-3\/","name":"C\u00e9r\u00e9monie de fin d'\u00e9tudes - \u00c9cole secondaire les\u00a0Etchemins","isPartOf":{"@id":"https:\/\/cssdn.gouv.qc.ca\/esle\/#website"},"datePublished":"2022-11-10T15:53:02+00:00","dateModified":"2022-12-05T19:02:25+00:00","breadcrumb":{"@id":"https:\/\/cssdn.gouv.qc.ca\/esle\/evenements\/test-3\/#breadcrumb"},"inLanguage":"fr-CA","potentialAction":[{"@type":"ReadAction","target":["https:\/\/cssdn.gouv.qc.ca\/esle\/evenements\/test-3\/"]}]},{"@type":"BreadcrumbList","@id":"https:\/\/cssdn.gouv.qc.ca\/esle\/evenements\/test-3\/#breadcrumb","itemListElement":[{"@type":"ListItem","position":1,"name":"Accueil","item":"https:\/\/cssdn.gouv.qc.ca\/esle\/"},{"@type":"ListItem","position":2,"name":"\u00c9v\u00e9nements","item":"https:\/\/cssdn.gouv.qc.ca\/esle\/evenements\/"},{"@type":"ListItem","position":3,"name":"C\u00e9r\u00e9monie de fin d&rsquo;\u00e9tudes"}]},{"@type":"WebSite","@id":"https:\/\/cssdn.gouv.qc.ca\/esle\/#website","url":"https:\/\/cssdn.gouv.qc.ca\/esle\/","name":"\u00c9cole secondaire les\u00a0Etchemins","description":"Un site des centres de services scolaires des Navigateurs","publisher":{"@id":"https:\/\/cssdn.gouv.qc.ca\/esle\/#organization"},"potentialAction":[{"@type":"SearchAction","target":{"@type":"EntryPoint","urlTemplate":"https:\/\/cssdn.gouv.qc.ca\/esle\/?s={search_term_string}"},"query-input":{"@type":"PropertyValueSpecification","valueRequired":true,"valueName":"search_term_string"}}],"inLanguage":"fr-CA"},{"@type":"Organization","@id":"https:\/\/cssdn.gouv.qc.ca\/esle\/#organization","name":"\u00c9cole secondaire les\u00a0Etchemins","url":"https:\/\/cssdn.gouv.qc.ca\/esle\/","logo":{"@type":"ImageObject","inLanguage":"fr-CA","@id":"https:\/\/cssdn.gouv.qc.ca\/esle\/#\/schema\/logo\/image\/","url":"https:\/\/cssdn.gouv.qc.ca\/esle\/wp-content\/uploads\/sites\/13\/2023\/01\/logo_quebec.svg","contentUrl":"https:\/\/cssdn.gouv.qc.ca\/esle\/wp-content\/uploads\/sites\/13\/2023\/01\/logo_quebec.svg","width":188,"height":41,"caption":"\u00c9cole secondaire les\u00a0Etchemins"},"image":{"@id":"https:\/\/cssdn.gouv.qc.ca\/esle\/#\/schema\/logo\/image\/"},"sameAs":["https:\/\/www.facebook.com\/eslecssdn","https:\/\/x.com\/CSSNavigateurs","https:\/\/www.instagram.com\/cssnavigateurs\/","https:\/\/www.youtube.com\/channel\/UCHbNBehije70JBzCIVT82bQ","https:\/\/www.linkedin.com\/company\/cssdn"]}]}},"publishpress_future_workflow_manual_trigger":{"enabledWorkflows":[]},"_links":{"self":[{"href":"https:\/\/cssdn.gouv.qc.ca\/esle\/wp-json\/wp\/v2\/event\/57","targetHints":{"allow":["GET"]}}],"collection":[{"href":"https:\/\/cssdn.gouv.qc.ca\/esle\/wp-json\/wp\/v2\/event"}],"about":[{"href":"https:\/\/cssdn.gouv.qc.ca\/esle\/wp-json\/wp\/v2\/types\/event"}],"version-history":[{"count":0,"href":"https:\/\/cssdn.gouv.qc.ca\/esle\/wp-json\/wp\/v2\/event\/57\/revisions"}],"wp:attachment":[{"href":"https:\/\/cssdn.gouv.qc.ca\/esle\/wp-json\/wp\/v2\/media?parent=57"}],"wp:term":[{"taxonomy":"category_event","embeddable":true,"href":"https:\/\/cssdn.gouv.qc.ca\/esle\/wp-json\/wp\/v2\/category_event?post=57"}],"curies":[{"name":"wp","href":"https:\/\/api.w.org\/{rel}","templated":true}]}}

Cérémonie de fin d&rsquo;études

<section class="align event-details" id="testimonial-block_c9d6f8c7c5217e9144a0ec3e9b6831b8">
    <div class="event-details__date">
        21 juin 2023, 19:00 à 21:00    </div>
            <div class="event-details__address">
            <span class="location">Grand Théâtre de Québec</span>269 boul. René-Lévesque Est , Québec, G1R 2B3        </div>
                    <div class="event-details__link">
            <div class="wp-block-button">
                <a class="wp-block-button__link wp-element-button addToCalendar">Ajouter à mon calendrier</a>
            </div>
            <div class="list-links listCalendar">
                <a href="data:text/calendar;charset=utf8;base64,QkVHSU46VkNBTEVOREFSDQpWRVJTSU9OOjIuMA0KUFJPRElEOlNwYXRpZSBjYWxlbmRhci1saW5rcw0KQkVHSU46VkVWRU5UDQpVSUQ6ZjZlZTQyNjg1MDRmNDQ0MzhlZmUzMTkwNWE5MjZlYjENClNVTU1BUlk6Q8OpcsOpbW9uaWUgZGUgZmluIGQmcnNxdW9cO8OpdHVkZXMNCkRUU1RBTVA7VFpJRD1VVEM6MjAyMzA2MjFUMTkwMDAwDQpEVFNUQVJUO1RaSUQ9VVRDOjIwMjMwNjIxVDE5MDAwMA0KRFRFTkQ7VFpJRD1VVEM6MjAyMzA2MjFUMjEwMDAwDQpMT0NBVElPTjpHcmFuZCBUaMOpw6J0cmUgZGUgUXXDqWJlYzI2OSBib3VsLiBSZW7DqS1Mw6l2ZXNxdWUgRXN0IFwsIFF1w6liZWNcLCBHMVIgMkIzDQpFTkQ6VkVWRU5UDQpFTkQ6VkNBTEVOREFS" target="_blank" title="Ajouter Cérémonie de fin d&rsquo;études à iCalendar" class="btn_ical link_calendar">Apple</a>
                <a href="https://calendar.google.com/calendar/render?action=TEMPLATE&#038;dates=20230621T190000Z/20230621T210000Z&#038;ctz=UTC&#038;text=C%C3%A9r%C3%A9monie+de+fin+d%26rsquo%3B%C3%A9tudes&#038;location=Grand+Th%C3%A9%C3%A2tre+de+Qu%C3%A9bec269+boul.+Ren%C3%A9-L%C3%A9vesque+Est+%2C+Qu%C3%A9bec%2C+G1R+2B3" target="_blank" title="Ajouter Cérémonie de fin d&rsquo;études à Google " class="btn_google link_calendar">Google</a>
                <a href="https://outlook.live.com/calendar/deeplink/compose?path=/calendar/action/compose&#038;rru=addevent&#038;startdt=2023-06-21T19:00:00Z&#038;enddt=2023-06-21T21:00:00Z&#038;subject=C%C3%A9r%C3%A9monie%20de%20fin%20d%26rsquo%3B%C3%A9tudes&#038;location=Grand%20Th%C3%A9%C3%A2tre%20de%20Qu%C3%A9bec269%20boul.%20Ren%C3%A9-L%C3%A9vesque%20Est%20%2C%20Qu%C3%A9bec%2C%20G1R%202B3" target="_blank" title="Ajouter Cérémonie de fin d&rsquo;études à Outlook" class="btn_outlook link_calendar">Outlook</a>

            </div>
        </div>
    </section>

<!-- This site is optimized with the Yoast SEO plugin v27.5 - https://yoast.com/product/yoast-seo-wordpress/ -->
<title>Cérémonie de fin d&#039;études - École secondaire les Etchemins</title>
<meta name="robots" content="index, follow, max-snippet:-1, max-image-preview:large, max-video-preview:-1" />
<link rel="canonical" href="https://cssdn.gouv.qc.ca/esle/evenements/test-3/" />
<meta property="og:locale" content="fr_CA" />
<meta property="og:type" content="article" />
<meta property="og:title" content="Cérémonie de fin d&#039;études - École secondaire les Etchemins" />
<meta property="og:url" content="https://cssdn.gouv.qc.ca/esle/evenements/test-3/" />
<meta property="og:site_name" content="École secondaire les Etchemins" />
<meta property="article:publisher" content="https://www.facebook.com/eslecssdn" />
<meta property="article:modified_time" content="2022-12-05T19:02:25+00:00" />
<meta name="twitter:card" content="summary_large_image" />
<meta name="twitter:site" content="@CSSNavigateurs" />
<script type="application/ld+json" class="yoast-schema-graph">{"@context":"https:\/\/schema.org","@graph":[{"@type":"WebPage","@id":"https:\/\/cssdn.gouv.qc.ca\/esle\/evenements\/test-3\/","url":"https:\/\/cssdn.gouv.qc.ca\/esle\/evenements\/test-3\/","name":"Cérémonie de fin d'études - École secondaire les Etchemins","isPartOf":{"@id":"https:\/\/cssdn.gouv.qc.ca\/esle\/#website"},"datePublished":"2022-11-10T15:53:02+00:00","dateModified":"2022-12-05T19:02:25+00:00","breadcrumb":{"@id":"https:\/\/cssdn.gouv.qc.ca\/esle\/evenements\/test-3\/#breadcrumb"},"inLanguage":"fr-CA","potentialAction":[{"@type":"ReadAction","target":["https:\/\/cssdn.gouv.qc.ca\/esle\/evenements\/test-3\/"]}]},{"@type":"BreadcrumbList","@id":"https:\/\/cssdn.gouv.qc.ca\/esle\/evenements\/test-3\/#breadcrumb","itemListElement":[{"@type":"ListItem","position":1,"name":"Accueil","item":"https:\/\/cssdn.gouv.qc.ca\/esle\/"},{"@type":"ListItem","position":2,"name":"Événements","item":"https:\/\/cssdn.gouv.qc.ca\/esle\/evenements\/"},{"@type":"ListItem","position":3,"name":"Cérémonie de fin d&rsquo;études"}]},{"@type":"WebSite","@id":"https:\/\/cssdn.gouv.qc.ca\/esle\/#website","url":"https:\/\/cssdn.gouv.qc.ca\/esle\/","name":"École secondaire les Etchemins","description":"Un site des centres de services scolaires des Navigateurs","publisher":{"@id":"https:\/\/cssdn.gouv.qc.ca\/esle\/#organization"},"potentialAction":[{"@type":"SearchAction","target":{"@type":"EntryPoint","urlTemplate":"https:\/\/cssdn.gouv.qc.ca\/esle\/?s={search_term_string}"},"query-input":{"@type":"PropertyValueSpecification","valueRequired":true,"valueName":"search_term_string"}}],"inLanguage":"fr-CA"},{"@type":"Organization","@id":"https:\/\/cssdn.gouv.qc.ca\/esle\/#organization","name":"École secondaire les Etchemins","url":"https:\/\/cssdn.gouv.qc.ca\/esle\/","logo":{"@type":"ImageObject","inLanguage":"fr-CA","@id":"https:\/\/cssdn.gouv.qc.ca\/esle\/#\/schema\/logo\/image\/","url":"https:\/\/cssdn.gouv.qc.ca\/esle\/wp-content\/uploads\/sites\/13\/2023\/01\/logo_quebec.svg","contentUrl":"https:\/\/cssdn.gouv.qc.ca\/esle\/wp-content\/uploads\/sites\/13\/2023\/01\/logo_quebec.svg","width":188,"height":41,"caption":"École secondaire les Etchemins"},"image":{"@id":"https:\/\/cssdn.gouv.qc.ca\/esle\/#\/schema\/logo\/image\/"},"sameAs":["https:\/\/www.facebook.com\/eslecssdn","https:\/\/x.com\/CSSNavigateurs","https:\/\/www.instagram.com\/cssnavigateurs\/","https:\/\/www.youtube.com\/channel\/UCHbNBehije70JBzCIVT82bQ","https:\/\/www.linkedin.com\/company\/cssdn"]}]}</script>
<!-- / Yoast SEO plugin. -->

Cérémonie de fin d'études - École secondaire les Etchemins

École secondaire les Etchemins

Événements
