
{"id":17,"date":"2022-11-08T16:07:56","date_gmt":"2022-11-08T21:07:56","guid":{"rendered":"https:\/\/cssdn.gouv.qc.ca\/immigration\/vie-scolaire\/"},"modified":"2024-11-13T16:13:01","modified_gmt":"2024-11-13T21:13:01","slug":"benevolat","status":"publish","type":"page","link":"https:\/\/cssdn.gouv.qc.ca\/immigration\/benevolat\/","title":{"rendered":"B\u00e9n\u00e9volat"},"content":{"rendered":"\n<div class=\"wp-block-cover alignfull is-style-title-banner\"><span aria-hidden=\"true\" class=\"wp-block-cover__background has-background-dim\"><\/span><img decoding=\"async\" width=\"1500\" height=\"1000\" class=\"wp-block-cover__image-background wp-image-180 lazyload\" alt=\"Centre de services scolaire des Navigateurs - B\u00e9n\u00e9volat\" data-src=\"https:\/\/cssdn.gouv.qc.ca\/immigration\/wp-content\/uploads\/sites\/86\/2024\/11\/centre-services-scolaire-navigateurs_benevolat.jpg\" style=\"--smush-placeholder-width: 1500px; --smush-placeholder-aspect-ratio: 1500\/1000;object-position:55% 42%\" data-object-fit=\"cover\" data-object-position=\"55% 42%\" data-srcset=\"https:\/\/cssdn.gouv.qc.ca\/immigration\/wp-content\/uploads\/sites\/86\/2024\/11\/centre-services-scolaire-navigateurs_benevolat.jpg 1500w, https:\/\/cssdn.gouv.qc.ca\/immigration\/wp-content\/uploads\/sites\/86\/2024\/11\/centre-services-scolaire-navigateurs_benevolat-300x200.jpg 300w, https:\/\/cssdn.gouv.qc.ca\/immigration\/wp-content\/uploads\/sites\/86\/2024\/11\/centre-services-scolaire-navigateurs_benevolat-1024x683.jpg 1024w, https:\/\/cssdn.gouv.qc.ca\/immigration\/wp-content\/uploads\/sites\/86\/2024\/11\/centre-services-scolaire-navigateurs_benevolat-768x512.jpg 768w\" data-sizes=\"(max-width: 1500px) 100vw, 1500px\" src=\"data:image\/svg+xml;base64,PHN2ZyB3aWR0aD0iMSIgaGVpZ2h0PSIxIiB4bWxucz0iaHR0cDovL3d3dy53My5vcmcvMjAwMC9zdmciPjwvc3ZnPg==\" \/><div class=\"wp-block-cover__inner-container\"><h3 class=\"wp-block-post-title\">B\u00e9n\u00e9volat<\/h3><\/div><\/div>\n\n\n\n<div class=\"wp-block-group alignfull has-padding-y-large has-secondary-background-color has-background\"><div class=\"yoast-breadcrumbs alignwide \"><span class=\"breadcrumbs\"><a href=\"https:\/\/cssdn.gouv.qc.ca\/immigration\/\" class=\"breadcrumbs__element\">Accueil<\/a> <span class=\"breadcrumbs__separator\">\n        <svg class=\"icon icon-breadcrumb__separator\"><use xlink:href=\"#icon-breadcrumb__separator\"><\/use><\/svg>\n    <\/span> <span class=\"breadcrumbs__element breadcrumbs__element-current\">B\u00e9n\u00e9volat<\/span><\/span><\/div><\/div>\n\n\n\n<h2 class=\"wp-block-heading\">Banque d\u2019interpr\u00e8tes b\u00e9n\u00e9voles<\/h2>\n\n\n\n<p class=\"wp-block-paragraph\">Pour assurer une bonne communication, une compr\u00e9hension mutuelle et la cr\u00e9ation d\u2019un lien de confiance entre l\u2019\u00e9cole et la famille. 80 b\u00e9n\u00e9voles sont disponibles avec 17 langues repr\u00e9sent\u00e9es.<\/p>\n\n\n\n<ul class=\"wp-block-list\">\n<li><a href=\"https:\/\/documentcloud.adobe.com\/gsuiteintegration\/index.html?state=%7B%22ids%22%3A%5B%221BA2KF51Sf95uhqlVfue5JTK6PzbDAIQi%22%5D%2C%22action%22%3A%22open%22%2C%22userId%22%3A%22104013304983292040016%22%2C%22resourceKeys%22%3A%7B%7D%7D\">Proc\u00e9dure pour faire une demande d\u2019interpr\u00e8te b\u00e9n\u00e9vole<\/a><\/li>\n\n\n\n<li><a href=\"https:\/\/documentcloud.adobe.com\/gsuiteintegration\/index.html?state=%7B%22ids%22%3A%5B%221DmO0y_RirpB8BCuMoWO9z3X2pAebdETB%22%5D%2C%22action%22%3A%22open%22%2C%22userId%22%3A%22104013304983292040016%22%2C%22resourceKeys%22%3A%7B%7D%7D\">Guide \u00ab Faire une demande aupr\u00e8s d\u2019une banque d\u2019interpr\u00e8te officielle \u00bb<\/a><\/li>\n\n\n\n<li><a href=\"https:\/\/documentcloud.adobe.com\/gsuiteintegration\/index.html?state=%7B%22ids%22%3A%5B%221rA_rhnimnVmG7Dc_UWrT5VKzKHdL80NO%22%5D%2C%22action%22%3A%22open%22%2C%22userId%22%3A%22104013304983292040016%22%2C%22resourceKeys%22%3A%7B%7D%7D\">Formulaire de remboursement des frais d\u2019interpr\u00e9tariat<\/a><\/li>\n<\/ul>\n","protected":false},"excerpt":{"rendered":"<p>Banque d\u2019interpr\u00e8tes b\u00e9n\u00e9voles Pour assurer une bonne communication, une compr\u00e9hension mutuelle et la cr\u00e9ation d\u2019un lien de confiance entre l\u2019\u00e9cole et la famille. 80 b\u00e9n\u00e9voles sont disponibles avec 17 langues repr\u00e9sent\u00e9es.<\/p>\n","protected":false},"author":21,"featured_media":0,"parent":0,"menu_order":15,"comment_status":"closed","ping_status":"closed","template":"","meta":{"_acf_changed":false,"_crdt_document":"","inline_featured_image":false,"footnotes":""},"categories":[],"tags":[],"class_list":["post-17","page","type-page","status-publish","hentry"],"acf":[],"yoast_head":"<!-- This site is optimized with the Yoast SEO plugin v27.3 - https:\/\/yoast.com\/product\/yoast-seo-wordpress\/ -->\n<title>B\u00e9n\u00e9volat - Immigration CSSDN<\/title>\n<meta name=\"robots\" content=\"index, follow, max-snippet:-1, max-image-preview:large, max-video-preview:-1\" \/>\n<link rel=\"canonical\" href=\"https:\/\/cssdn.gouv.qc.ca\/immigration\/benevolat\/\" \/>\n<meta property=\"og:locale\" content=\"fr_CA\" \/>\n<meta property=\"og:type\" content=\"article\" \/>\n<meta property=\"og:title\" content=\"B\u00e9n\u00e9volat - Immigration CSSDN\" \/>\n<meta property=\"og:description\" content=\"Banque d\u2019interpr\u00e8tes b\u00e9n\u00e9voles Pour assurer une bonne communication, une compr\u00e9hension mutuelle et la cr\u00e9ation d\u2019un lien de confiance entre l\u2019\u00e9cole et la famille. 80 b\u00e9n\u00e9voles sont disponibles avec 17 langues repr\u00e9sent\u00e9es.\" \/>\n<meta property=\"og:url\" content=\"https:\/\/cssdn.gouv.qc.ca\/immigration\/benevolat\/\" \/>\n<meta property=\"og:site_name\" content=\"Immigration CSSDN\" \/>\n<meta property=\"article:publisher\" content=\"https:\/\/www.facebook.com\/CSSNavigateurs\/\" \/>\n<meta property=\"article:modified_time\" content=\"2024-11-13T21:13:01+00:00\" \/>\n<meta property=\"og:image\" content=\"https:\/\/cssdn.gouv.qc.ca\/immigration\/wp-content\/uploads\/sites\/86\/2024\/11\/centre-services-scolaire-navigateurs_benevolat.jpg\" \/>\n\t<meta property=\"og:image:width\" content=\"1500\" \/>\n\t<meta property=\"og:image:height\" content=\"1000\" \/>\n\t<meta property=\"og:image:type\" content=\"image\/jpeg\" \/>\n<meta name=\"twitter:card\" content=\"summary_large_image\" \/>\n<meta name=\"twitter:label1\" content=\"Estimation du temps de lecture\" \/>\n\t<meta name=\"twitter:data1\" content=\"1 minute\" \/>\n<script type=\"application\/ld+json\" class=\"yoast-schema-graph\">{\"@context\":\"https:\\\/\\\/schema.org\",\"@graph\":[{\"@type\":\"WebPage\",\"@id\":\"https:\\\/\\\/cssdn.gouv.qc.ca\\\/immigration\\\/benevolat\\\/\",\"url\":\"https:\\\/\\\/cssdn.gouv.qc.ca\\\/immigration\\\/benevolat\\\/\",\"name\":\"B\u00e9n\u00e9volat - Immigration CSSDN\",\"isPartOf\":{\"@id\":\"https:\\\/\\\/cssdn.gouv.qc.ca\\\/immigration\\\/#website\"},\"primaryImageOfPage\":{\"@id\":\"https:\\\/\\\/cssdn.gouv.qc.ca\\\/immigration\\\/benevolat\\\/#primaryimage\"},\"image\":{\"@id\":\"https:\\\/\\\/cssdn.gouv.qc.ca\\\/immigration\\\/benevolat\\\/#primaryimage\"},\"thumbnailUrl\":\"https:\\\/\\\/cssdn.gouv.qc.ca\\\/immigration\\\/wp-content\\\/uploads\\\/sites\\\/86\\\/2024\\\/11\\\/centre-services-scolaire-navigateurs_benevolat.jpg\",\"datePublished\":\"2022-11-08T21:07:56+00:00\",\"dateModified\":\"2024-11-13T21:13:01+00:00\",\"breadcrumb\":{\"@id\":\"https:\\\/\\\/cssdn.gouv.qc.ca\\\/immigration\\\/benevolat\\\/#breadcrumb\"},\"inLanguage\":\"fr-CA\",\"potentialAction\":[{\"@type\":\"ReadAction\",\"target\":[\"https:\\\/\\\/cssdn.gouv.qc.ca\\\/immigration\\\/benevolat\\\/\"]}]},{\"@type\":\"ImageObject\",\"inLanguage\":\"fr-CA\",\"@id\":\"https:\\\/\\\/cssdn.gouv.qc.ca\\\/immigration\\\/benevolat\\\/#primaryimage\",\"url\":\"https:\\\/\\\/cssdn.gouv.qc.ca\\\/immigration\\\/wp-content\\\/uploads\\\/sites\\\/86\\\/2024\\\/11\\\/centre-services-scolaire-navigateurs_benevolat.jpg\",\"contentUrl\":\"https:\\\/\\\/cssdn.gouv.qc.ca\\\/immigration\\\/wp-content\\\/uploads\\\/sites\\\/86\\\/2024\\\/11\\\/centre-services-scolaire-navigateurs_benevolat.jpg\",\"width\":1500,\"height\":1000,\"caption\":\"Centre de services scolaire des Navigateurs - B\u00e9n\u00e9volat\"},{\"@type\":\"BreadcrumbList\",\"@id\":\"https:\\\/\\\/cssdn.gouv.qc.ca\\\/immigration\\\/benevolat\\\/#breadcrumb\",\"itemListElement\":[{\"@type\":\"ListItem\",\"position\":1,\"name\":\"Accueil\",\"item\":\"https:\\\/\\\/cssdn.gouv.qc.ca\\\/immigration\\\/\"},{\"@type\":\"ListItem\",\"position\":2,\"name\":\"B\u00e9n\u00e9volat\"}]},{\"@type\":\"WebSite\",\"@id\":\"https:\\\/\\\/cssdn.gouv.qc.ca\\\/immigration\\\/#website\",\"url\":\"https:\\\/\\\/cssdn.gouv.qc.ca\\\/immigration\\\/\",\"name\":\"Immigration CSSDN\",\"description\":\"\",\"potentialAction\":[{\"@type\":\"SearchAction\",\"target\":{\"@type\":\"EntryPoint\",\"urlTemplate\":\"https:\\\/\\\/cssdn.gouv.qc.ca\\\/immigration\\\/?s={search_term_string}\"},\"query-input\":{\"@type\":\"PropertyValueSpecification\",\"valueRequired\":true,\"valueName\":\"search_term_string\"}}],\"inLanguage\":\"fr-CA\"}]}<\/script>\n<!-- \/ Yoast SEO plugin. -->","yoast_head_json":{"title":"B\u00e9n\u00e9volat - Immigration CSSDN","robots":{"index":"index","follow":"follow","max-snippet":"max-snippet:-1","max-image-preview":"max-image-preview:large","max-video-preview":"max-video-preview:-1"},"canonical":"https:\/\/cssdn.gouv.qc.ca\/immigration\/benevolat\/","og_locale":"fr_CA","og_type":"article","og_title":"B\u00e9n\u00e9volat - Immigration CSSDN","og_description":"Banque d\u2019interpr\u00e8tes b\u00e9n\u00e9voles Pour assurer une bonne communication, une compr\u00e9hension mutuelle et la cr\u00e9ation d\u2019un lien de confiance entre l\u2019\u00e9cole et la famille. 80 b\u00e9n\u00e9voles sont disponibles avec 17 langues repr\u00e9sent\u00e9es.","og_url":"https:\/\/cssdn.gouv.qc.ca\/immigration\/benevolat\/","og_site_name":"Immigration CSSDN","article_publisher":"https:\/\/www.facebook.com\/CSSNavigateurs\/","article_modified_time":"2024-11-13T21:13:01+00:00","og_image":[{"width":1500,"height":1000,"url":"https:\/\/cssdn.gouv.qc.ca\/immigration\/wp-content\/uploads\/sites\/86\/2024\/11\/centre-services-scolaire-navigateurs_benevolat.jpg","type":"image\/jpeg"}],"twitter_card":"summary_large_image","twitter_misc":{"Estimation du temps de lecture":"1 minute"},"schema":{"@context":"https:\/\/schema.org","@graph":[{"@type":"WebPage","@id":"https:\/\/cssdn.gouv.qc.ca\/immigration\/benevolat\/","url":"https:\/\/cssdn.gouv.qc.ca\/immigration\/benevolat\/","name":"B\u00e9n\u00e9volat - Immigration CSSDN","isPartOf":{"@id":"https:\/\/cssdn.gouv.qc.ca\/immigration\/#website"},"primaryImageOfPage":{"@id":"https:\/\/cssdn.gouv.qc.ca\/immigration\/benevolat\/#primaryimage"},"image":{"@id":"https:\/\/cssdn.gouv.qc.ca\/immigration\/benevolat\/#primaryimage"},"thumbnailUrl":"https:\/\/cssdn.gouv.qc.ca\/immigration\/wp-content\/uploads\/sites\/86\/2024\/11\/centre-services-scolaire-navigateurs_benevolat.jpg","datePublished":"2022-11-08T21:07:56+00:00","dateModified":"2024-11-13T21:13:01+00:00","breadcrumb":{"@id":"https:\/\/cssdn.gouv.qc.ca\/immigration\/benevolat\/#breadcrumb"},"inLanguage":"fr-CA","potentialAction":[{"@type":"ReadAction","target":["https:\/\/cssdn.gouv.qc.ca\/immigration\/benevolat\/"]}]},{"@type":"ImageObject","inLanguage":"fr-CA","@id":"https:\/\/cssdn.gouv.qc.ca\/immigration\/benevolat\/#primaryimage","url":"https:\/\/cssdn.gouv.qc.ca\/immigration\/wp-content\/uploads\/sites\/86\/2024\/11\/centre-services-scolaire-navigateurs_benevolat.jpg","contentUrl":"https:\/\/cssdn.gouv.qc.ca\/immigration\/wp-content\/uploads\/sites\/86\/2024\/11\/centre-services-scolaire-navigateurs_benevolat.jpg","width":1500,"height":1000,"caption":"Centre de services scolaire des Navigateurs - B\u00e9n\u00e9volat"},{"@type":"BreadcrumbList","@id":"https:\/\/cssdn.gouv.qc.ca\/immigration\/benevolat\/#breadcrumb","itemListElement":[{"@type":"ListItem","position":1,"name":"Accueil","item":"https:\/\/cssdn.gouv.qc.ca\/immigration\/"},{"@type":"ListItem","position":2,"name":"B\u00e9n\u00e9volat"}]},{"@type":"WebSite","@id":"https:\/\/cssdn.gouv.qc.ca\/immigration\/#website","url":"https:\/\/cssdn.gouv.qc.ca\/immigration\/","name":"Immigration CSSDN","description":"","potentialAction":[{"@type":"SearchAction","target":{"@type":"EntryPoint","urlTemplate":"https:\/\/cssdn.gouv.qc.ca\/immigration\/?s={search_term_string}"},"query-input":{"@type":"PropertyValueSpecification","valueRequired":true,"valueName":"search_term_string"}}],"inLanguage":"fr-CA"}]}},"publishpress_future_action":{"enabled":false,"date":"2026-04-14 05:45:15","action":"change-status","newStatus":"draft","terms":[],"taxonomy":"category","extraData":[]},"publishpress_future_workflow_manual_trigger":{"enabledWorkflows":[]},"_links":{"self":[{"href":"https:\/\/cssdn.gouv.qc.ca\/immigration\/wp-json\/wp\/v2\/pages\/17","targetHints":{"allow":["GET"]}}],"collection":[{"href":"https:\/\/cssdn.gouv.qc.ca\/immigration\/wp-json\/wp\/v2\/pages"}],"about":[{"href":"https:\/\/cssdn.gouv.qc.ca\/immigration\/wp-json\/wp\/v2\/types\/page"}],"author":[{"embeddable":true,"href":"https:\/\/cssdn.gouv.qc.ca\/immigration\/wp-json\/wp\/v2\/users\/21"}],"replies":[{"embeddable":true,"href":"https:\/\/cssdn.gouv.qc.ca\/immigration\/wp-json\/wp\/v2\/comments?post=17"}],"version-history":[{"count":0,"href":"https:\/\/cssdn.gouv.qc.ca\/immigration\/wp-json\/wp\/v2\/pages\/17\/revisions"}],"wp:attachment":[{"href":"https:\/\/cssdn.gouv.qc.ca\/immigration\/wp-json\/wp\/v2\/media?parent=17"}],"wp:term":[{"taxonomy":"category","embeddable":true,"href":"https:\/\/cssdn.gouv.qc.ca\/immigration\/wp-json\/wp\/v2\/categories?post=17"},{"taxonomy":"post_tag","embeddable":true,"href":"https:\/\/cssdn.gouv.qc.ca\/immigration\/wp-json\/wp\/v2\/tags?post=17"}],"curies":[{"name":"wp","href":"https:\/\/api.w.org\/{rel}","templated":true}]}}