
{"id":17,"date":"2022-11-08T16:07:56","date_gmt":"2022-11-08T21:07:56","guid":{"rendered":"https:\/\/cssdn.gouv.qc.ca\/nacelle\/vie-scolaire\/"},"modified":"2023-12-01T10:52:19","modified_gmt":"2023-12-01T15:52:19","slug":"vie-scolaire","status":"publish","type":"page","link":"https:\/\/cssdn.gouv.qc.ca\/nacelle\/vie-scolaire\/","title":{"rendered":"Vie scolaire"},"content":{"rendered":"\n<div class=\"wp-block-cover alignfull is-light is-style-title-banner\"><span aria-hidden=\"true\" class=\"wp-block-cover__background has-primary-background-color has-background-dim\"><\/span><img decoding=\"async\" width=\"2560\" height=\"1920\" class=\"wp-block-cover__image-background wp-image-326 lazyload\" alt=\"\" data-src=\"https:\/\/cssdn.gouv.qc.ca\/nacelle\/wp-content\/uploads\/sites\/47\/2023\/04\/FANFARE-2023-1-scaled.jpg\" data-object-fit=\"cover\" data-srcset=\"https:\/\/cssdn.gouv.qc.ca\/nacelle\/wp-content\/uploads\/sites\/47\/2023\/04\/FANFARE-2023-1-scaled.jpg 2560w, https:\/\/cssdn.gouv.qc.ca\/nacelle\/wp-content\/uploads\/sites\/47\/2023\/04\/FANFARE-2023-1-300x225.jpg 300w, https:\/\/cssdn.gouv.qc.ca\/nacelle\/wp-content\/uploads\/sites\/47\/2023\/04\/FANFARE-2023-1-1024x768.jpg 1024w, https:\/\/cssdn.gouv.qc.ca\/nacelle\/wp-content\/uploads\/sites\/47\/2023\/04\/FANFARE-2023-1-768x576.jpg 768w, https:\/\/cssdn.gouv.qc.ca\/nacelle\/wp-content\/uploads\/sites\/47\/2023\/04\/FANFARE-2023-1-1536x1152.jpg 1536w, https:\/\/cssdn.gouv.qc.ca\/nacelle\/wp-content\/uploads\/sites\/47\/2023\/04\/FANFARE-2023-1-2048x1536.jpg 2048w\" data-sizes=\"(max-width: 2560px) 100vw, 2560px\" src=\"data:image\/svg+xml;base64,PHN2ZyB3aWR0aD0iMSIgaGVpZ2h0PSIxIiB4bWxucz0iaHR0cDovL3d3dy53My5vcmcvMjAwMC9zdmciPjwvc3ZnPg==\" style=\"--smush-placeholder-width: 2560px; --smush-placeholder-aspect-ratio: 2560\/1920;\" \/><div class=\"wp-block-cover__inner-container\"><h3 class=\"wp-block-post-title\">Vie scolaire<\/h3><\/div><\/div>\n\n\n\n<div class=\"wp-block-group alignfull has-padding-y-large has-secondary-background-color has-background\"><div class=\"yoast-breadcrumbs alignwide \"><span class=\"breadcrumbs\"><a href=\"https:\/\/cssdn.gouv.qc.ca\/nacelle\/\" class=\"breadcrumbs__element\">Accueil<\/a> <span class=\"breadcrumbs__separator\">\n        <svg class=\"icon icon-breadcrumb__separator\"><use xlink:href=\"#icon-breadcrumb__separator\"><\/use><\/svg>\n    <\/span> <span class=\"breadcrumbs__element breadcrumbs__element-current\">Vie scolaire<\/span><\/span><\/div><\/div>\n\n\n\n<h2 class=\"wp-block-heading\">La fanfare parascolaire<\/h2>\n\n\n\n<p class=\"wp-block-paragraph\">La&nbsp;fanfare&nbsp;parascolaire existe depuis 2015 \u00e0 l\u2019\u00e9cole de la Nacelle. Elle regroupe les \u00e9l\u00e8ves de 4<sup>e<\/sup>&nbsp;\u00e0 la 6<sup>e<\/sup>&nbsp;ann\u00e9e qui d\u00e9sirent approfondir leur technique aux instruments tel que la trompette, la caisse claire et la grosse caisse. Nous ajouterons cette ann\u00e9e une section de drapeaux de voltige aux couleurs du logo de notre \u00e9cole. L\u2019ensemble pratique une fois semaine de 15h30 \u00e0 16h15 et se produits \u00e0 diff\u00e9rents \u00e9v\u00e8nements scolaires, sportifs et culturels. La&nbsp;fanfare&nbsp;est coordonn\u00e9e par deux membres du personnel de l\u2019\u00e9cole; Mme Am\u00e9lie Dufour, enseignante en musique, et Mme Audrey S\u00e9vigny, TES en classe d\u2019adaptation scolaire.<\/p>\n\n\n\n<figure class=\"wp-block-image size-large\"><img decoding=\"async\" width=\"1024\" height=\"768\" data-src=\"https:\/\/cssdn.gouv.qc.ca\/nacelle\/wp-content\/uploads\/sites\/47\/2023\/04\/FANFARE-2023-1024x768.jpg\" alt=\"\" class=\"wp-image-324 lazyload\" data-srcset=\"https:\/\/cssdn.gouv.qc.ca\/nacelle\/wp-content\/uploads\/sites\/47\/2023\/04\/FANFARE-2023-1024x768.jpg 1024w, https:\/\/cssdn.gouv.qc.ca\/nacelle\/wp-content\/uploads\/sites\/47\/2023\/04\/FANFARE-2023-300x225.jpg 300w, https:\/\/cssdn.gouv.qc.ca\/nacelle\/wp-content\/uploads\/sites\/47\/2023\/04\/FANFARE-2023-768x576.jpg 768w, https:\/\/cssdn.gouv.qc.ca\/nacelle\/wp-content\/uploads\/sites\/47\/2023\/04\/FANFARE-2023-1536x1152.jpg 1536w, https:\/\/cssdn.gouv.qc.ca\/nacelle\/wp-content\/uploads\/sites\/47\/2023\/04\/FANFARE-2023-2048x1536.jpg 2048w\" data-sizes=\"(max-width: 1024px) 100vw, 1024px\" src=\"data:image\/svg+xml;base64,PHN2ZyB3aWR0aD0iMSIgaGVpZ2h0PSIxIiB4bWxucz0iaHR0cDovL3d3dy53My5vcmcvMjAwMC9zdmciPjwvc3ZnPg==\" style=\"--smush-placeholder-width: 1024px; --smush-placeholder-aspect-ratio: 1024\/768;\" \/><\/figure>\n\n\n\n<h2 class=\"wp-block-heading\">La chorale parascolaire<\/h2>\n\n\n\n<p class=\"wp-block-paragraph\">La\u00a0chorale\u00a0est une activit\u00e9 gratuite offerte sur l\u2019heure du d\u00eener, une fois par semaine. Cette activit\u00e9 offre la possibilit\u00e9 aux \u00e9l\u00e8ves de chanter des chansons populaires des ann\u00e9es 1950 \u00e0 aujourd\u2019hui, en fran\u00e7ais et en anglais. Elle compte toujours une trentaine d\u2019\u00e9l\u00e8ves de la 3<sup>e<\/sup>\u00a0ann\u00e9e \u00e0 la 6<sup>e<\/sup>\u00a0ann\u00e9e. La\u00a0chorale\u00a0est coordonn\u00e9e par Mme Am\u00e9lie Dufour, enseignante en musique et Mme Chantale Grenier, \u00e9ducatrice en service de garde.<\/p>\n\n\n\n<h2 class=\"wp-block-heading\">Les anges gardiens<\/h2>\n\n\n\n<p class=\"wp-block-paragraph\">Le r\u00f4le des anges gardiens de l&rsquo;\u00e9cole de la Nacelle est d&rsquo;aider le personnel de l&rsquo;\u00e9cole au bon fonctionnement des r\u00e8gles de vie. Ils doivent entre autres s&rsquo;assurer que les \u00e9l\u00e8ves prennent correctement leur rang lorsque la cloche sonne. Les anges gardiens sont mis en place depuis plusieurs ann\u00e9es \u00e0 notre \u00e9cole et chacun de ceux-ci sont pr\u00e9sents \u00e0 leur poste matin, midi et soir.<\/p>\n\n\n\n<figure class=\"wp-block-image size-large\"><img decoding=\"async\" width=\"1024\" height=\"1024\" data-src=\"https:\/\/cssdn.gouv.qc.ca\/nacelle\/wp-content\/uploads\/sites\/47\/2023\/12\/Photo-ange-gardien-1024x1024.jpg\" alt=\"\" class=\"wp-image-5527 lazyload\" data-srcset=\"https:\/\/cssdn.gouv.qc.ca\/nacelle\/wp-content\/uploads\/sites\/47\/2023\/12\/Photo-ange-gardien-1024x1024.jpg 1024w, https:\/\/cssdn.gouv.qc.ca\/nacelle\/wp-content\/uploads\/sites\/47\/2023\/12\/Photo-ange-gardien-300x300.jpg 300w, https:\/\/cssdn.gouv.qc.ca\/nacelle\/wp-content\/uploads\/sites\/47\/2023\/12\/Photo-ange-gardien-150x150.jpg 150w, https:\/\/cssdn.gouv.qc.ca\/nacelle\/wp-content\/uploads\/sites\/47\/2023\/12\/Photo-ange-gardien-768x768.jpg 768w, https:\/\/cssdn.gouv.qc.ca\/nacelle\/wp-content\/uploads\/sites\/47\/2023\/12\/Photo-ange-gardien-1536x1536.jpg 1536w, https:\/\/cssdn.gouv.qc.ca\/nacelle\/wp-content\/uploads\/sites\/47\/2023\/12\/Photo-ange-gardien.jpg 1920w\" data-sizes=\"(max-width: 1024px) 100vw, 1024px\" src=\"data:image\/svg+xml;base64,PHN2ZyB3aWR0aD0iMSIgaGVpZ2h0PSIxIiB4bWxucz0iaHR0cDovL3d3dy53My5vcmcvMjAwMC9zdmciPjwvc3ZnPg==\" style=\"--smush-placeholder-width: 1024px; --smush-placeholder-aspect-ratio: 1024\/1024;\" \/><\/figure>\n\n\n\n<h2 class=\"wp-block-heading\">Les Nacelles d&rsquo;Or<\/h2>\n\n\n\n<p class=\"wp-block-paragraph\">Les\u00a0<em>Nacelle d\u2019Or<\/em>\u00a0sont un moyen de r\u00e9compenser les efforts de certains \u00e9l\u00e8ves et ce, 3 fois pendant l\u2019ann\u00e9e, soit \u00e0 la fin de chacune des \u00e9tapes.\u00a0 Des \u00e9l\u00e8ves du pr\u00e9scolaire 4 ans jusqu\u2019aux plus grands de 6\u00e8 ann\u00e9e, tous les \u00e9l\u00e8ves ont la possibilit\u00e9 de se d\u00e9marquer en lien avec l\u2019une des 3 valeurs de notre projet \u00e9ducatif soit le RESPECT, l\u2019ENGAGEMENT et la PERS\u00c9V\u00c9RANCE.\u00a0 Les\u00a0<em>Nacelle d\u2019Or<\/em>\u00a0sont remises, des mains de la direction de l\u2019\u00e9cole, lors de grands rassemblements au gymnase.\u00a0 Ce sont de beaux et d\u2019importants moments qui remplissent les m\u00e9ritants de fiert\u00e9 et ceux-ci, par leurs belles actions, deviennent des inspirations pour les autres \u00e9l\u00e8ves.<\/p>\n\n\n\n<figure class=\"wp-block-image size-full\"><img decoding=\"async\" width=\"640\" height=\"640\" data-src=\"https:\/\/cssdn.gouv.qc.ca\/nacelle\/wp-content\/uploads\/sites\/47\/2023\/12\/image001.png\" alt=\"\" class=\"wp-image-5530 lazyload\" data-srcset=\"https:\/\/cssdn.gouv.qc.ca\/nacelle\/wp-content\/uploads\/sites\/47\/2023\/12\/image001.png 640w, https:\/\/cssdn.gouv.qc.ca\/nacelle\/wp-content\/uploads\/sites\/47\/2023\/12\/image001-300x300.png 300w, https:\/\/cssdn.gouv.qc.ca\/nacelle\/wp-content\/uploads\/sites\/47\/2023\/12\/image001-150x150.png 150w\" data-sizes=\"(max-width: 640px) 100vw, 640px\" src=\"data:image\/svg+xml;base64,PHN2ZyB3aWR0aD0iMSIgaGVpZ2h0PSIxIiB4bWxucz0iaHR0cDovL3d3dy53My5vcmcvMjAwMC9zdmciPjwvc3ZnPg==\" style=\"--smush-placeholder-width: 640px; --smush-placeholder-aspect-ratio: 640\/640;\" \/><\/figure>\n","protected":false},"excerpt":{"rendered":"<p>La fanfare parascolaire La&nbsp;fanfare&nbsp;parascolaire existe depuis 2015 \u00e0 l\u2019\u00e9cole de la Nacelle. Elle regroupe les \u00e9l\u00e8ves de 4e&nbsp;\u00e0 la 6e&nbsp;ann\u00e9e qui d\u00e9sirent approfondir leur technique aux instruments tel que la trompette, la caisse claire et la grosse caisse. Nous ajouterons cette ann\u00e9e une section de drapeaux de voltige aux couleurs du logo de notre \u00e9cole. [&hellip;]<\/p>\n","protected":false},"author":1,"featured_media":0,"parent":0,"menu_order":50,"comment_status":"closed","ping_status":"closed","template":"","meta":{"_acf_changed":false,"_crdt_document":"","inline_featured_image":false,"footnotes":""},"categories":[],"tags":[],"class_list":["post-17","page","type-page","status-publish","hentry"],"acf":[],"yoast_head":"<!-- This site is optimized with the Yoast SEO plugin v27.4 - https:\/\/yoast.com\/product\/yoast-seo-wordpress\/ -->\n<title>Vie scolaire - \u00c9cole de la Nacelle<\/title>\n<meta name=\"robots\" content=\"index, follow, max-snippet:-1, max-image-preview:large, max-video-preview:-1\" \/>\n<link rel=\"canonical\" href=\"https:\/\/cssdn.gouv.qc.ca\/nacelle\/vie-scolaire\/\" \/>\n<meta property=\"og:locale\" content=\"fr_CA\" \/>\n<meta property=\"og:type\" content=\"article\" \/>\n<meta property=\"og:title\" content=\"Vie scolaire - \u00c9cole de la Nacelle\" \/>\n<meta property=\"og:description\" content=\"La fanfare parascolaire La&nbsp;fanfare&nbsp;parascolaire existe depuis 2015 \u00e0 l\u2019\u00e9cole de la Nacelle. Elle regroupe les \u00e9l\u00e8ves de 4e&nbsp;\u00e0 la 6e&nbsp;ann\u00e9e qui d\u00e9sirent approfondir leur technique aux instruments tel que la trompette, la caisse claire et la grosse caisse. Nous ajouterons cette ann\u00e9e une section de drapeaux de voltige aux couleurs du logo de notre \u00e9cole. [&hellip;]\" \/>\n<meta property=\"og:url\" content=\"https:\/\/cssdn.gouv.qc.ca\/nacelle\/vie-scolaire\/\" \/>\n<meta property=\"og:site_name\" content=\"\u00c9cole de la Nacelle\" \/>\n<meta property=\"article:publisher\" content=\"https:\/\/www.facebook.com\/ecoledelanacelle\" \/>\n<meta property=\"article:modified_time\" content=\"2023-12-01T15:52:19+00:00\" \/>\n<meta property=\"og:image\" content=\"https:\/\/cssdn.gouv.qc.ca\/nacelle\/wp-content\/uploads\/sites\/47\/2023\/04\/FANFARE-2023-1-scaled.jpg\" \/>\n<meta name=\"twitter:card\" content=\"summary_large_image\" \/>\n<meta name=\"twitter:label1\" content=\"Estimation du temps de lecture\" \/>\n\t<meta name=\"twitter:data1\" content=\"2 minutes\" \/>\n<script type=\"application\/ld+json\" class=\"yoast-schema-graph\">{\"@context\":\"https:\\\/\\\/schema.org\",\"@graph\":[{\"@type\":\"WebPage\",\"@id\":\"https:\\\/\\\/cssdn.gouv.qc.ca\\\/nacelle\\\/vie-scolaire\\\/\",\"url\":\"https:\\\/\\\/cssdn.gouv.qc.ca\\\/nacelle\\\/vie-scolaire\\\/\",\"name\":\"Vie scolaire - \u00c9cole de la Nacelle\",\"isPartOf\":{\"@id\":\"https:\\\/\\\/cssdn.gouv.qc.ca\\\/nacelle\\\/#website\"},\"primaryImageOfPage\":{\"@id\":\"https:\\\/\\\/cssdn.gouv.qc.ca\\\/nacelle\\\/vie-scolaire\\\/#primaryimage\"},\"image\":{\"@id\":\"https:\\\/\\\/cssdn.gouv.qc.ca\\\/nacelle\\\/vie-scolaire\\\/#primaryimage\"},\"thumbnailUrl\":\"https:\\\/\\\/cssdn.gouv.qc.ca\\\/nacelle\\\/wp-content\\\/uploads\\\/sites\\\/47\\\/2023\\\/04\\\/FANFARE-2023-1-scaled.jpg\",\"datePublished\":\"2022-11-08T21:07:56+00:00\",\"dateModified\":\"2023-12-01T15:52:19+00:00\",\"breadcrumb\":{\"@id\":\"https:\\\/\\\/cssdn.gouv.qc.ca\\\/nacelle\\\/vie-scolaire\\\/#breadcrumb\"},\"inLanguage\":\"fr-CA\",\"potentialAction\":[{\"@type\":\"ReadAction\",\"target\":[\"https:\\\/\\\/cssdn.gouv.qc.ca\\\/nacelle\\\/vie-scolaire\\\/\"]}]},{\"@type\":\"ImageObject\",\"inLanguage\":\"fr-CA\",\"@id\":\"https:\\\/\\\/cssdn.gouv.qc.ca\\\/nacelle\\\/vie-scolaire\\\/#primaryimage\",\"url\":\"https:\\\/\\\/cssdn.gouv.qc.ca\\\/nacelle\\\/wp-content\\\/uploads\\\/sites\\\/47\\\/2023\\\/04\\\/FANFARE-2023-1-scaled.jpg\",\"contentUrl\":\"https:\\\/\\\/cssdn.gouv.qc.ca\\\/nacelle\\\/wp-content\\\/uploads\\\/sites\\\/47\\\/2023\\\/04\\\/FANFARE-2023-1-scaled.jpg\",\"width\":2560,\"height\":1920},{\"@type\":\"BreadcrumbList\",\"@id\":\"https:\\\/\\\/cssdn.gouv.qc.ca\\\/nacelle\\\/vie-scolaire\\\/#breadcrumb\",\"itemListElement\":[{\"@type\":\"ListItem\",\"position\":1,\"name\":\"Accueil\",\"item\":\"https:\\\/\\\/cssdn.gouv.qc.ca\\\/nacelle\\\/\"},{\"@type\":\"ListItem\",\"position\":2,\"name\":\"Vie scolaire\"}]},{\"@type\":\"WebSite\",\"@id\":\"https:\\\/\\\/cssdn.gouv.qc.ca\\\/nacelle\\\/#website\",\"url\":\"https:\\\/\\\/cssdn.gouv.qc.ca\\\/nacelle\\\/\",\"name\":\"\u00c9cole de la Nacelle\",\"description\":\"Un site des centres de services scolaires des Navigateurs\",\"publisher\":{\"@id\":\"https:\\\/\\\/cssdn.gouv.qc.ca\\\/nacelle\\\/#organization\"},\"potentialAction\":[{\"@type\":\"SearchAction\",\"target\":{\"@type\":\"EntryPoint\",\"urlTemplate\":\"https:\\\/\\\/cssdn.gouv.qc.ca\\\/nacelle\\\/?s={search_term_string}\"},\"query-input\":{\"@type\":\"PropertyValueSpecification\",\"valueRequired\":true,\"valueName\":\"search_term_string\"}}],\"inLanguage\":\"fr-CA\"},{\"@type\":\"Organization\",\"@id\":\"https:\\\/\\\/cssdn.gouv.qc.ca\\\/nacelle\\\/#organization\",\"name\":\"\u00c9cole de la Nacelle\",\"url\":\"https:\\\/\\\/cssdn.gouv.qc.ca\\\/nacelle\\\/\",\"logo\":{\"@type\":\"ImageObject\",\"inLanguage\":\"fr-CA\",\"@id\":\"https:\\\/\\\/cssdn.gouv.qc.ca\\\/nacelle\\\/#\\\/schema\\\/logo\\\/image\\\/\",\"url\":\"https:\\\/\\\/cssdn.gouv.qc.ca\\\/nacelle\\\/wp-content\\\/uploads\\\/sites\\\/47\\\/2023\\\/01\\\/logo_quebec.svg\",\"contentUrl\":\"https:\\\/\\\/cssdn.gouv.qc.ca\\\/nacelle\\\/wp-content\\\/uploads\\\/sites\\\/47\\\/2023\\\/01\\\/logo_quebec.svg\",\"width\":188,\"height\":41,\"caption\":\"\u00c9cole de la Nacelle\"},\"image\":{\"@id\":\"https:\\\/\\\/cssdn.gouv.qc.ca\\\/nacelle\\\/#\\\/schema\\\/logo\\\/image\\\/\"},\"sameAs\":[\"https:\\\/\\\/www.facebook.com\\\/ecoledelanacelle\"]}]}<\/script>\n<!-- \/ Yoast SEO plugin. -->","yoast_head_json":{"title":"Vie scolaire - \u00c9cole de la Nacelle","robots":{"index":"index","follow":"follow","max-snippet":"max-snippet:-1","max-image-preview":"max-image-preview:large","max-video-preview":"max-video-preview:-1"},"canonical":"https:\/\/cssdn.gouv.qc.ca\/nacelle\/vie-scolaire\/","og_locale":"fr_CA","og_type":"article","og_title":"Vie scolaire - \u00c9cole de la Nacelle","og_description":"La fanfare parascolaire La&nbsp;fanfare&nbsp;parascolaire existe depuis 2015 \u00e0 l\u2019\u00e9cole de la Nacelle. Elle regroupe les \u00e9l\u00e8ves de 4e&nbsp;\u00e0 la 6e&nbsp;ann\u00e9e qui d\u00e9sirent approfondir leur technique aux instruments tel que la trompette, la caisse claire et la grosse caisse. Nous ajouterons cette ann\u00e9e une section de drapeaux de voltige aux couleurs du logo de notre \u00e9cole. [&hellip;]","og_url":"https:\/\/cssdn.gouv.qc.ca\/nacelle\/vie-scolaire\/","og_site_name":"\u00c9cole de la Nacelle","article_publisher":"https:\/\/www.facebook.com\/ecoledelanacelle","article_modified_time":"2023-12-01T15:52:19+00:00","og_image":[{"url":"https:\/\/cssdn.gouv.qc.ca\/nacelle\/wp-content\/uploads\/sites\/47\/2023\/04\/FANFARE-2023-1-scaled.jpg","type":"","width":"","height":""}],"twitter_card":"summary_large_image","twitter_misc":{"Estimation du temps de lecture":"2 minutes"},"schema":{"@context":"https:\/\/schema.org","@graph":[{"@type":"WebPage","@id":"https:\/\/cssdn.gouv.qc.ca\/nacelle\/vie-scolaire\/","url":"https:\/\/cssdn.gouv.qc.ca\/nacelle\/vie-scolaire\/","name":"Vie scolaire - \u00c9cole de la Nacelle","isPartOf":{"@id":"https:\/\/cssdn.gouv.qc.ca\/nacelle\/#website"},"primaryImageOfPage":{"@id":"https:\/\/cssdn.gouv.qc.ca\/nacelle\/vie-scolaire\/#primaryimage"},"image":{"@id":"https:\/\/cssdn.gouv.qc.ca\/nacelle\/vie-scolaire\/#primaryimage"},"thumbnailUrl":"https:\/\/cssdn.gouv.qc.ca\/nacelle\/wp-content\/uploads\/sites\/47\/2023\/04\/FANFARE-2023-1-scaled.jpg","datePublished":"2022-11-08T21:07:56+00:00","dateModified":"2023-12-01T15:52:19+00:00","breadcrumb":{"@id":"https:\/\/cssdn.gouv.qc.ca\/nacelle\/vie-scolaire\/#breadcrumb"},"inLanguage":"fr-CA","potentialAction":[{"@type":"ReadAction","target":["https:\/\/cssdn.gouv.qc.ca\/nacelle\/vie-scolaire\/"]}]},{"@type":"ImageObject","inLanguage":"fr-CA","@id":"https:\/\/cssdn.gouv.qc.ca\/nacelle\/vie-scolaire\/#primaryimage","url":"https:\/\/cssdn.gouv.qc.ca\/nacelle\/wp-content\/uploads\/sites\/47\/2023\/04\/FANFARE-2023-1-scaled.jpg","contentUrl":"https:\/\/cssdn.gouv.qc.ca\/nacelle\/wp-content\/uploads\/sites\/47\/2023\/04\/FANFARE-2023-1-scaled.jpg","width":2560,"height":1920},{"@type":"BreadcrumbList","@id":"https:\/\/cssdn.gouv.qc.ca\/nacelle\/vie-scolaire\/#breadcrumb","itemListElement":[{"@type":"ListItem","position":1,"name":"Accueil","item":"https:\/\/cssdn.gouv.qc.ca\/nacelle\/"},{"@type":"ListItem","position":2,"name":"Vie scolaire"}]},{"@type":"WebSite","@id":"https:\/\/cssdn.gouv.qc.ca\/nacelle\/#website","url":"https:\/\/cssdn.gouv.qc.ca\/nacelle\/","name":"\u00c9cole de la Nacelle","description":"Un site des centres de services scolaires des Navigateurs","publisher":{"@id":"https:\/\/cssdn.gouv.qc.ca\/nacelle\/#organization"},"potentialAction":[{"@type":"SearchAction","target":{"@type":"EntryPoint","urlTemplate":"https:\/\/cssdn.gouv.qc.ca\/nacelle\/?s={search_term_string}"},"query-input":{"@type":"PropertyValueSpecification","valueRequired":true,"valueName":"search_term_string"}}],"inLanguage":"fr-CA"},{"@type":"Organization","@id":"https:\/\/cssdn.gouv.qc.ca\/nacelle\/#organization","name":"\u00c9cole de la Nacelle","url":"https:\/\/cssdn.gouv.qc.ca\/nacelle\/","logo":{"@type":"ImageObject","inLanguage":"fr-CA","@id":"https:\/\/cssdn.gouv.qc.ca\/nacelle\/#\/schema\/logo\/image\/","url":"https:\/\/cssdn.gouv.qc.ca\/nacelle\/wp-content\/uploads\/sites\/47\/2023\/01\/logo_quebec.svg","contentUrl":"https:\/\/cssdn.gouv.qc.ca\/nacelle\/wp-content\/uploads\/sites\/47\/2023\/01\/logo_quebec.svg","width":188,"height":41,"caption":"\u00c9cole de la Nacelle"},"image":{"@id":"https:\/\/cssdn.gouv.qc.ca\/nacelle\/#\/schema\/logo\/image\/"},"sameAs":["https:\/\/www.facebook.com\/ecoledelanacelle"]}]}},"publishpress_future_action":{"enabled":false,"date":"2026-04-26 08:29:06","action":"change-status","newStatus":"draft","terms":[],"taxonomy":"category","extraData":[]},"publishpress_future_workflow_manual_trigger":{"enabledWorkflows":[]},"_links":{"self":[{"href":"https:\/\/cssdn.gouv.qc.ca\/nacelle\/wp-json\/wp\/v2\/pages\/17","targetHints":{"allow":["GET"]}}],"collection":[{"href":"https:\/\/cssdn.gouv.qc.ca\/nacelle\/wp-json\/wp\/v2\/pages"}],"about":[{"href":"https:\/\/cssdn.gouv.qc.ca\/nacelle\/wp-json\/wp\/v2\/types\/page"}],"author":[{"embeddable":true,"href":"https:\/\/cssdn.gouv.qc.ca\/nacelle\/wp-json\/wp\/v2\/users\/1"}],"replies":[{"embeddable":true,"href":"https:\/\/cssdn.gouv.qc.ca\/nacelle\/wp-json\/wp\/v2\/comments?post=17"}],"version-history":[{"count":0,"href":"https:\/\/cssdn.gouv.qc.ca\/nacelle\/wp-json\/wp\/v2\/pages\/17\/revisions"}],"wp:attachment":[{"href":"https:\/\/cssdn.gouv.qc.ca\/nacelle\/wp-json\/wp\/v2\/media?parent=17"}],"wp:term":[{"taxonomy":"category","embeddable":true,"href":"https:\/\/cssdn.gouv.qc.ca\/nacelle\/wp-json\/wp\/v2\/categories?post=17"},{"taxonomy":"post_tag","embeddable":true,"href":"https:\/\/cssdn.gouv.qc.ca\/nacelle\/wp-json\/wp\/v2\/tags?post=17"}],"curies":[{"name":"wp","href":"https:\/\/api.w.org\/{rel}","templated":true}]}}