
{"id":15,"date":"2022-11-08T16:07:56","date_gmt":"2022-11-08T21:07:56","guid":{"rendered":"https:\/\/cssdn.gouv.qc.ca\/notredamedetchemin\/informations-aux-parents\/info-parents\/"},"modified":"2025-06-06T08:34:20","modified_gmt":"2025-06-06T12:34:20","slug":"info-parents","status":"publish","type":"page","link":"https:\/\/cssdn.gouv.qc.ca\/notredamedetchemin\/informations-aux-parents\/info-parents\/","title":{"rendered":"Info-parents"},"content":{"rendered":"\n<div class=\"wp-block-cover alignfull is-light is-style-title-banner\"><img decoding=\"async\" class=\"wp-block-cover__image-background wp-image-111 lazyload\" alt=\"\" data-src=\"https:\/\/stage.cssdn.gouv.qc.ca\/wp-content\/uploads\/2022\/08\/Seawire-Hero-06.jpg\" data-object-fit=\"cover\" src=\"data:image\/svg+xml;base64,PHN2ZyB3aWR0aD0iMSIgaGVpZ2h0PSIxIiB4bWxucz0iaHR0cDovL3d3dy53My5vcmcvMjAwMC9zdmciPjwvc3ZnPg==\" \/><span aria-hidden=\"true\" class=\"wp-block-cover__background has-primary-background-color has-background-dim\"><\/span><div class=\"wp-block-cover__inner-container\"><h3 class=\"wp-block-post-title\">Info-parents<\/h3><\/div><\/div>\n\n\n\n<div class=\"wp-block-group alignfull has-padding-y-large has-secondary-background-color has-background\"><div class=\"yoast-breadcrumbs alignwide \"><span class=\"breadcrumbs\"><a href=\"https:\/\/cssdn.gouv.qc.ca\/notredamedetchemin\/\" class=\"breadcrumbs__element\">Accueil<\/a> <span class=\"breadcrumbs__separator\">\n        <svg class=\"icon icon-breadcrumb__separator\"><use xlink:href=\"#icon-breadcrumb__separator\"><\/use><\/svg>\n    <\/span> <a href=\"https:\/\/cssdn.gouv.qc.ca\/notredamedetchemin\/informations-aux-parents\/\" class=\"breadcrumbs__element\">Informations aux parents<\/a> <span class=\"breadcrumbs__separator\">\n        <svg class=\"icon icon-breadcrumb__separator\"><use xlink:href=\"#icon-breadcrumb__separator\"><\/use><\/svg>\n    <\/span> <span class=\"breadcrumbs__element breadcrumbs__element-current\">Info-parents<\/span><\/span><\/div><\/div>\n\n\n\n<h2 class=\"wp-block-heading\">Info-parents<\/h2>\n\n\n\n<h2 class=\"wp-block-heading\">Juin 2025<\/h2>\n\n\n\n<div class=\"wp-block-file\"><a id=\"wp-block-file--media-d7213641-3009-4bf2-a8b1-679069167c7d\" href=\"https:\/\/cssdn.gouv.qc.ca\/notredamedetchemin\/wp-content\/uploads\/sites\/49\/2025\/06\/Info-Parents-Juin-corrige.pdf\">Juin Info-Parents <\/a><a href=\"https:\/\/cssdn.gouv.qc.ca\/notredamedetchemin\/wp-content\/uploads\/sites\/49\/2025\/06\/Info-Parents-Juin-corrige.pdf\" class=\"wp-block-file__button wp-element-button\" download aria-describedby=\"wp-block-file--media-d7213641-3009-4bf2-a8b1-679069167c7d\">T\u00e9l\u00e9charger<\/a><\/div>\n\n\n\n<h3 class=\"wp-block-heading\">Mai 2025<\/h3>\n\n\n\n<div class=\"wp-block-file\"><a id=\"wp-block-file--media-d8f709df-80fd-41e9-af65-1bab9720f6e6\" href=\"https:\/\/cssdn.gouv.qc.ca\/notredamedetchemin\/wp-content\/uploads\/sites\/49\/2025\/04\/Info-Parents-Mai.pdf\">Mai Info-Parents <\/a><a href=\"https:\/\/cssdn.gouv.qc.ca\/notredamedetchemin\/wp-content\/uploads\/sites\/49\/2025\/04\/Info-Parents-Mai.pdf\" class=\"wp-block-file__button wp-element-button\" download aria-describedby=\"wp-block-file--media-d8f709df-80fd-41e9-af65-1bab9720f6e6\">T\u00e9l\u00e9charger<\/a><\/div>\n\n\n\n<h3 class=\"wp-block-heading\">Avril 2025<\/h3>\n\n\n\n<div class=\"wp-block-file\"><a id=\"wp-block-file--media-421405ce-8fde-4480-a6dc-894253c184eb\" href=\"https:\/\/cssdn.gouv.qc.ca\/notredamedetchemin\/wp-content\/uploads\/sites\/49\/2025\/04\/Info-Parents-Avril.pdf\">Avril Info-Parents<\/a><a href=\"https:\/\/cssdn.gouv.qc.ca\/notredamedetchemin\/wp-content\/uploads\/sites\/49\/2025\/04\/Info-Parents-Avril.pdf\" class=\"wp-block-file__button wp-element-button\" download aria-describedby=\"wp-block-file--media-421405ce-8fde-4480-a6dc-894253c184eb\">T\u00e9l\u00e9charger<\/a><\/div>\n\n\n\n<h3 class=\"wp-block-heading\">Mars 2025<\/h3>\n\n\n\n<div class=\"wp-block-file\"><a id=\"wp-block-file--media-2ce252b1-c1a1-4c3d-8f64-914ede9c6c06\" href=\"https:\/\/cssdn.gouv.qc.ca\/notredamedetchemin\/wp-content\/uploads\/sites\/49\/2025\/03\/Info-Parents-Mars.pdf\">Mars Info-Parents<\/a><a href=\"https:\/\/cssdn.gouv.qc.ca\/notredamedetchemin\/wp-content\/uploads\/sites\/49\/2025\/03\/Info-Parents-Mars.pdf\" class=\"wp-block-file__button wp-element-button\" download aria-describedby=\"wp-block-file--media-2ce252b1-c1a1-4c3d-8f64-914ede9c6c06\">T\u00e9l\u00e9charger<\/a><\/div>\n\n\n\n<div class=\"wp-block-file\"><a id=\"wp-block-file--media-8be3f53b-2508-40d8-a5ee-5cb061a44727\" href=\"https:\/\/cssdn.gouv.qc.ca\/notredamedetchemin\/wp-content\/uploads\/sites\/49\/2025\/03\/Quand-doit-on-rester-a-la-maison.pdf\">Quand doit-on rester \u00e0 la maison<\/a><a href=\"https:\/\/cssdn.gouv.qc.ca\/notredamedetchemin\/wp-content\/uploads\/sites\/49\/2025\/03\/Quand-doit-on-rester-a-la-maison.pdf\" class=\"wp-block-file__button wp-element-button\" download aria-describedby=\"wp-block-file--media-8be3f53b-2508-40d8-a5ee-5cb061a44727\">T\u00e9l\u00e9charger<\/a><\/div>\n\n\n\n<h3 class=\"wp-block-heading\">F\u00e9vrier 2025<\/h3>\n\n\n\n<div class=\"wp-block-file\"><a id=\"wp-block-file--media-40a49c91-6a64-41b7-9ea0-14363965e47a\" href=\"https:\/\/cssdn.gouv.qc.ca\/notredamedetchemin\/wp-content\/uploads\/sites\/49\/2025\/02\/Info-Parent-Fevrier_compressed.pdf\">F\u00e9vrier Info-Parents<\/a><a href=\"https:\/\/cssdn.gouv.qc.ca\/notredamedetchemin\/wp-content\/uploads\/sites\/49\/2025\/02\/Info-Parent-Fevrier_compressed.pdf\" class=\"wp-block-file__button wp-element-button\" download aria-describedby=\"wp-block-file--media-40a49c91-6a64-41b7-9ea0-14363965e47a\">T\u00e9l\u00e9charger<\/a><\/div>\n\n\n\n<h3 class=\"wp-block-heading\">Janvier 2025<\/h3>\n\n\n\n<div class=\"wp-block-file\"><a id=\"wp-block-file--media-1747bba2-95c3-4f95-87ee-8ddd19007d75\" href=\"https:\/\/cssdn.gouv.qc.ca\/notredamedetchemin\/wp-content\/uploads\/sites\/49\/2025\/01\/Info-Parents-Janvier-2025_compressed.1-pdf.pdf\">Janvier Info-parents<\/a><a href=\"https:\/\/cssdn.gouv.qc.ca\/notredamedetchemin\/wp-content\/uploads\/sites\/49\/2025\/01\/Info-Parents-Janvier-2025_compressed.1-pdf.pdf\" class=\"wp-block-file__button wp-element-button\" download aria-describedby=\"wp-block-file--media-1747bba2-95c3-4f95-87ee-8ddd19007d75\">T\u00e9l\u00e9charger<\/a><\/div>\n\n\n\n<h3 class=\"wp-block-heading\">Juin 2024<\/h3>\n\n\n\n<div class=\"wp-block-file\"><a id=\"wp-block-file--media-1742622c-5e6a-4513-a99e-5995a6be0dda\" href=\"https:\/\/cssdn.gouv.qc.ca\/notredamedetchemin\/wp-content\/uploads\/sites\/49\/2024\/07\/17-juin-2024-info-parents.pdf\">17-juin-2024-info-parents<\/a><a href=\"https:\/\/cssdn.gouv.qc.ca\/notredamedetchemin\/wp-content\/uploads\/sites\/49\/2024\/07\/17-juin-2024-info-parents.pdf\" class=\"wp-block-file__button wp-element-button\" download aria-describedby=\"wp-block-file--media-1742622c-5e6a-4513-a99e-5995a6be0dda\">T\u00e9l\u00e9charger<\/a><\/div>\n\n\n\n<h3 class=\"wp-block-heading\">Ao\u00fbt 2023<\/h3>\n\n\n\n<div class=\"wp-block-file\"><a id=\"wp-block-file--media-402a884b-8a87-4933-96a7-3739640e1965\" href=\"https:\/\/cssdn.gouv.qc.ca\/notredamedetchemin\/wp-content\/uploads\/sites\/49\/2023\/11\/21-aout-info-parents-aout-2023.pdf\">21-aout-info-parents-aout-2023<\/a><a href=\"https:\/\/cssdn.gouv.qc.ca\/notredamedetchemin\/wp-content\/uploads\/sites\/49\/2023\/11\/21-aout-info-parents-aout-2023.pdf\" class=\"wp-block-file__button wp-element-button\" download aria-describedby=\"wp-block-file--media-402a884b-8a87-4933-96a7-3739640e1965\">Download<\/a><\/div>\n\n\n\n<h3 class=\"wp-block-heading\">Juin 2023<\/h3>\n\n\n\n<div class=\"wp-block-file\"><a id=\"wp-block-file--media-02a0779d-f212-471a-9acc-feb8dcc799e0\" href=\"https:\/\/cssdn.gouv.qc.ca\/notredamedetchemin\/wp-content\/uploads\/sites\/49\/2023\/11\/Info-parents-juin-2023.pdf\">Info-parents-juin-2023<\/a><a href=\"https:\/\/cssdn.gouv.qc.ca\/notredamedetchemin\/wp-content\/uploads\/sites\/49\/2023\/11\/Info-parents-juin-2023.pdf\" class=\"wp-block-file__button wp-element-button\" download aria-describedby=\"wp-block-file--media-02a0779d-f212-471a-9acc-feb8dcc799e0\">Download<\/a><\/div>\n\n\n\n<h3 class=\"wp-block-heading\">Mai 2023<\/h3>\n\n\n\n<div class=\"wp-block-file\"><a id=\"wp-block-file--media-8cf4feb2-35b2-4929-a7e2-a27438d9d375\" href=\"https:\/\/cssdn.gouv.qc.ca\/notredamedetchemin\/wp-content\/uploads\/sites\/49\/2023\/11\/Info-parents-envoi-du-18-mai-2023.pdf\">Info-parents-envoi-du-18-mai-2023<\/a><a href=\"https:\/\/cssdn.gouv.qc.ca\/notredamedetchemin\/wp-content\/uploads\/sites\/49\/2023\/11\/Info-parents-envoi-du-18-mai-2023.pdf\" class=\"wp-block-file__button wp-element-button\" download aria-describedby=\"wp-block-file--media-8cf4feb2-35b2-4929-a7e2-a27438d9d375\">Download<\/a><\/div>\n\n\n\n<h3 class=\"wp-block-heading\">Mars 2023<\/h3>\n\n\n\n<div class=\"wp-block-file\"><a id=\"wp-block-file--media-6bbca8da-d6a5-46d6-93ef-a569f2494982\" href=\"https:\/\/cssdn.gouv.qc.ca\/notredamedetchemin\/wp-content\/uploads\/sites\/49\/2023\/11\/Info-parents-mars-2023.pdf\">Info-parents-mars-2023<\/a><a href=\"https:\/\/cssdn.gouv.qc.ca\/notredamedetchemin\/wp-content\/uploads\/sites\/49\/2023\/11\/Info-parents-mars-2023.pdf\" class=\"wp-block-file__button wp-element-button\" download aria-describedby=\"wp-block-file--media-6bbca8da-d6a5-46d6-93ef-a569f2494982\">Download<\/a><\/div>\n\n\n\n<h3 class=\"wp-block-heading\">F\u00e9vrier 2023<\/h3>\n\n\n\n<div class=\"wp-block-file\"><a id=\"wp-block-file--media-03bb9cce-bd04-4e19-a6c9-2367765b9734\" href=\"https:\/\/cssdn.gouv.qc.ca\/notredamedetchemin\/wp-content\/uploads\/sites\/49\/2023\/11\/Info-parents-fevrier-2023.pdf\">Info-parents-fevrier-2023<\/a><a href=\"https:\/\/cssdn.gouv.qc.ca\/notredamedetchemin\/wp-content\/uploads\/sites\/49\/2023\/11\/Info-parents-fevrier-2023.pdf\" class=\"wp-block-file__button wp-element-button\" download aria-describedby=\"wp-block-file--media-03bb9cce-bd04-4e19-a6c9-2367765b9734\">Download<\/a><\/div>\n\n\n\n<h3 class=\"wp-block-heading\">D\u00e9cembre 2022<\/h3>\n\n\n\n<div class=\"wp-block-file\"><a id=\"wp-block-file--media-e3e64a3f-0c8f-412a-9bf8-687ea9dd2f8c\" href=\"https:\/\/cssdn.gouv.qc.ca\/notredamedetchemin\/wp-content\/uploads\/sites\/49\/2023\/01\/Info-parents-13-dec-correction-horaire-nde-1.pdf\" target=\"_blank\" rel=\"noreferrer noopener\">Info-parents 13 d\u00e9cembre 2022<\/a><\/div>\n\n\n\n<h3 class=\"wp-block-heading\">Septembre 2022<\/h3>\n\n\n\n<div class=\"wp-block-file\"><a id=\"wp-block-file--media-5e9e2e46-7c89-4a69-8d80-867659613178\" href=\"https:\/\/cssdn.gouv.qc.ca\/notredamedetchemin\/wp-content\/uploads\/sites\/49\/2023\/01\/Info-parents-13-septembre-2022-1.pdf\" target=\"_blank\" rel=\"noreferrer noopener\">Info-parents 13 septembre 2022<\/a><\/div>\n\n\n\n<h3 class=\"wp-block-heading\">Ao\u00fbt 2022<\/h3>\n\n\n\n<div class=\"wp-block-file\"><a id=\"wp-block-file--media-5bfcaf18-bcc1-439a-a5f9-ca802cf773d8\" href=\"https:\/\/cssdn.gouv.qc.ca\/notredamedetchemin\/wp-content\/uploads\/sites\/49\/2023\/01\/Info-parents-aout-2022-4.pdf\" target=\"_blank\" rel=\"noreferrer noopener\">Info-parents ao\u00fbt 2022<\/a><\/div>\n\n\n\n<h3 class=\"wp-block-heading\">Juin 2022<\/h3>\n\n\n\n<div class=\"wp-block-file\"><a id=\"wp-block-file--media-0352e314-312f-4f5a-b83b-440cde038500\" href=\"https:\/\/cssdn.gouv.qc.ca\/notredamedetchemin\/wp-content\/uploads\/sites\/49\/2023\/01\/2-juin-Info-parents.pdf\" target=\"_blank\" rel=\"noreferrer noopener\">Info-parents 2 juin 2022<\/a><\/div>\n\n\n\n<h3 class=\"wp-block-heading\">F\u00e9vrier 2022<\/h3>\n\n\n\n<div class=\"wp-block-file\"><a id=\"wp-block-file--media-9428597e-9533-4266-b791-d26a3298fb04\" href=\"https:\/\/cssdn.gouv.qc.ca\/notredamedetchemin\/wp-content\/uploads\/sites\/49\/2023\/01\/10-fev.-info-parents_compressed.pdf\">Info-parents 10 f\u00e9vrier<\/a><\/div>\n\n\n\n<h3 class=\"wp-block-heading\">Novembre 2021<\/h3>\n\n\n\n<div class=\"wp-block-file\"><a id=\"wp-block-file--media-d2721884-0e37-40af-830a-4a3747b28d80\" href=\"https:\/\/cssdn.gouv.qc.ca\/notredamedetchemin\/wp-content\/uploads\/sites\/49\/2023\/01\/9-novembre-info-parents.pdf\">Info-parents 9 novembre<\/a><\/div>\n\n\n\n<h3 class=\"wp-block-heading\">Septembre 2021<\/h3>\n\n\n\n<div class=\"wp-block-file\"><a id=\"wp-block-file--media-58eda517-9876-4b62-8afd-4b643e1923d0\" href=\"https:\/\/cssdn.gouv.qc.ca\/notredamedetchemin\/wp-content\/uploads\/sites\/49\/2023\/01\/13-septembre-info-parents-version-finale.pdf\">Info-parents 13 septembre<\/a><\/div>\n","protected":false},"excerpt":{"rendered":"<p>Info-parents Juin 2025 Mai 2025 Avril 2025 Mars 2025 F\u00e9vrier 2025 Janvier 2025 Juin 2024 Ao\u00fbt 2023 Juin 2023 Mai 2023 Mars 2023 F\u00e9vrier 2023 D\u00e9cembre 2022 Septembre 2022 Ao\u00fbt 2022 Juin 2022 F\u00e9vrier 2022 Novembre 2021 Septembre 2021<\/p>\n","protected":false},"author":1,"featured_media":0,"parent":13,"menu_order":0,"comment_status":"closed","ping_status":"closed","template":"","meta":{"_acf_changed":false,"_crdt_document":"","inline_featured_image":false,"footnotes":""},"categories":[],"tags":[],"class_list":["post-15","page","type-page","status-publish","hentry"],"acf":[],"yoast_head":"<!-- This site is optimized with the Yoast SEO plugin v27.4 - https:\/\/yoast.com\/product\/yoast-seo-wordpress\/ -->\n<title>Info-parents - \u00c9cole Notre-Dame-d\u2019Etchemin<\/title>\n<meta name=\"robots\" content=\"index, follow, max-snippet:-1, max-image-preview:large, max-video-preview:-1\" \/>\n<link rel=\"canonical\" href=\"https:\/\/cssdn.gouv.qc.ca\/notredamedetchemin\/informations-aux-parents\/info-parents\/\" \/>\n<meta property=\"og:locale\" content=\"fr_CA\" \/>\n<meta property=\"og:type\" content=\"article\" \/>\n<meta property=\"og:title\" content=\"Info-parents - \u00c9cole Notre-Dame-d\u2019Etchemin\" \/>\n<meta property=\"og:description\" content=\"Info-parents Juin 2025 Mai 2025 Avril 2025 Mars 2025 F\u00e9vrier 2025 Janvier 2025 Juin 2024 Ao\u00fbt 2023 Juin 2023 Mai 2023 Mars 2023 F\u00e9vrier 2023 D\u00e9cembre 2022 Septembre 2022 Ao\u00fbt 2022 Juin 2022 F\u00e9vrier 2022 Novembre 2021 Septembre 2021\" \/>\n<meta property=\"og:url\" content=\"https:\/\/cssdn.gouv.qc.ca\/notredamedetchemin\/informations-aux-parents\/info-parents\/\" \/>\n<meta property=\"og:site_name\" content=\"\u00c9cole Notre-Dame-d\u2019Etchemin\" \/>\n<meta property=\"article:publisher\" content=\"https:\/\/www.facebook.com\/notredamedetchemin\" \/>\n<meta property=\"article:modified_time\" content=\"2025-06-06T12:34:20+00:00\" \/>\n<meta name=\"twitter:card\" content=\"summary_large_image\" \/>\n<meta name=\"twitter:label1\" content=\"Estimation du temps de lecture\" \/>\n\t<meta name=\"twitter:data1\" content=\"1 minute\" \/>\n<script type=\"application\/ld+json\" class=\"yoast-schema-graph\">{\"@context\":\"https:\\\/\\\/schema.org\",\"@graph\":[{\"@type\":\"WebPage\",\"@id\":\"https:\\\/\\\/cssdn.gouv.qc.ca\\\/notredamedetchemin\\\/informations-aux-parents\\\/info-parents\\\/\",\"url\":\"https:\\\/\\\/cssdn.gouv.qc.ca\\\/notredamedetchemin\\\/informations-aux-parents\\\/info-parents\\\/\",\"name\":\"Info-parents - \u00c9cole Notre-Dame-d\u2019Etchemin\",\"isPartOf\":{\"@id\":\"https:\\\/\\\/cssdn.gouv.qc.ca\\\/notredamedetchemin\\\/#website\"},\"primaryImageOfPage\":{\"@id\":\"https:\\\/\\\/cssdn.gouv.qc.ca\\\/notredamedetchemin\\\/informations-aux-parents\\\/info-parents\\\/#primaryimage\"},\"image\":{\"@id\":\"https:\\\/\\\/cssdn.gouv.qc.ca\\\/notredamedetchemin\\\/informations-aux-parents\\\/info-parents\\\/#primaryimage\"},\"thumbnailUrl\":\"https:\\\/\\\/stage.cssdn.gouv.qc.ca\\\/wp-content\\\/uploads\\\/2022\\\/08\\\/Seawire-Hero-06.jpg\",\"datePublished\":\"2022-11-08T21:07:56+00:00\",\"dateModified\":\"2025-06-06T12:34:20+00:00\",\"breadcrumb\":{\"@id\":\"https:\\\/\\\/cssdn.gouv.qc.ca\\\/notredamedetchemin\\\/informations-aux-parents\\\/info-parents\\\/#breadcrumb\"},\"inLanguage\":\"fr-CA\",\"potentialAction\":[{\"@type\":\"ReadAction\",\"target\":[\"https:\\\/\\\/cssdn.gouv.qc.ca\\\/notredamedetchemin\\\/informations-aux-parents\\\/info-parents\\\/\"]}]},{\"@type\":\"ImageObject\",\"inLanguage\":\"fr-CA\",\"@id\":\"https:\\\/\\\/cssdn.gouv.qc.ca\\\/notredamedetchemin\\\/informations-aux-parents\\\/info-parents\\\/#primaryimage\",\"url\":\"https:\\\/\\\/stage.cssdn.gouv.qc.ca\\\/wp-content\\\/uploads\\\/2022\\\/08\\\/Seawire-Hero-06.jpg\",\"contentUrl\":\"https:\\\/\\\/stage.cssdn.gouv.qc.ca\\\/wp-content\\\/uploads\\\/2022\\\/08\\\/Seawire-Hero-06.jpg\"},{\"@type\":\"BreadcrumbList\",\"@id\":\"https:\\\/\\\/cssdn.gouv.qc.ca\\\/notredamedetchemin\\\/informations-aux-parents\\\/info-parents\\\/#breadcrumb\",\"itemListElement\":[{\"@type\":\"ListItem\",\"position\":1,\"name\":\"Accueil\",\"item\":\"https:\\\/\\\/cssdn.gouv.qc.ca\\\/notredamedetchemin\\\/\"},{\"@type\":\"ListItem\",\"position\":2,\"name\":\"Informations aux parents\",\"item\":\"https:\\\/\\\/cssdn.gouv.qc.ca\\\/notredamedetchemin\\\/informations-aux-parents\\\/\"},{\"@type\":\"ListItem\",\"position\":3,\"name\":\"Info-parents\"}]},{\"@type\":\"WebSite\",\"@id\":\"https:\\\/\\\/cssdn.gouv.qc.ca\\\/notredamedetchemin\\\/#website\",\"url\":\"https:\\\/\\\/cssdn.gouv.qc.ca\\\/notredamedetchemin\\\/\",\"name\":\"\u00c9cole Notre-Dame-d\u2019Etchemin\",\"description\":\"Un site du Centre de services scolaire des Navigateurs\",\"publisher\":{\"@id\":\"https:\\\/\\\/cssdn.gouv.qc.ca\\\/notredamedetchemin\\\/#organization\"},\"potentialAction\":[{\"@type\":\"SearchAction\",\"target\":{\"@type\":\"EntryPoint\",\"urlTemplate\":\"https:\\\/\\\/cssdn.gouv.qc.ca\\\/notredamedetchemin\\\/?s={search_term_string}\"},\"query-input\":{\"@type\":\"PropertyValueSpecification\",\"valueRequired\":true,\"valueName\":\"search_term_string\"}}],\"inLanguage\":\"fr-CA\"},{\"@type\":\"Organization\",\"@id\":\"https:\\\/\\\/cssdn.gouv.qc.ca\\\/notredamedetchemin\\\/#organization\",\"name\":\"\u00c9cole Notre-Dame-d\u2019Etchemin\",\"url\":\"https:\\\/\\\/cssdn.gouv.qc.ca\\\/notredamedetchemin\\\/\",\"logo\":{\"@type\":\"ImageObject\",\"inLanguage\":\"fr-CA\",\"@id\":\"https:\\\/\\\/cssdn.gouv.qc.ca\\\/notredamedetchemin\\\/#\\\/schema\\\/logo\\\/image\\\/\",\"url\":\"https:\\\/\\\/cssdn.gouv.qc.ca\\\/notredamedetchemin\\\/wp-content\\\/uploads\\\/sites\\\/49\\\/2023\\\/01\\\/logo_quebec.svg\",\"contentUrl\":\"https:\\\/\\\/cssdn.gouv.qc.ca\\\/notredamedetchemin\\\/wp-content\\\/uploads\\\/sites\\\/49\\\/2023\\\/01\\\/logo_quebec.svg\",\"width\":188,\"height\":41,\"caption\":\"\u00c9cole Notre-Dame-d\u2019Etchemin\"},\"image\":{\"@id\":\"https:\\\/\\\/cssdn.gouv.qc.ca\\\/notredamedetchemin\\\/#\\\/schema\\\/logo\\\/image\\\/\"},\"sameAs\":[\"https:\\\/\\\/www.facebook.com\\\/notredamedetchemin\"]}]}<\/script>\n<!-- \/ Yoast SEO plugin. -->","yoast_head_json":{"title":"Info-parents - \u00c9cole Notre-Dame-d\u2019Etchemin","robots":{"index":"index","follow":"follow","max-snippet":"max-snippet:-1","max-image-preview":"max-image-preview:large","max-video-preview":"max-video-preview:-1"},"canonical":"https:\/\/cssdn.gouv.qc.ca\/notredamedetchemin\/informations-aux-parents\/info-parents\/","og_locale":"fr_CA","og_type":"article","og_title":"Info-parents - \u00c9cole Notre-Dame-d\u2019Etchemin","og_description":"Info-parents Juin 2025 Mai 2025 Avril 2025 Mars 2025 F\u00e9vrier 2025 Janvier 2025 Juin 2024 Ao\u00fbt 2023 Juin 2023 Mai 2023 Mars 2023 F\u00e9vrier 2023 D\u00e9cembre 2022 Septembre 2022 Ao\u00fbt 2022 Juin 2022 F\u00e9vrier 2022 Novembre 2021 Septembre 2021","og_url":"https:\/\/cssdn.gouv.qc.ca\/notredamedetchemin\/informations-aux-parents\/info-parents\/","og_site_name":"\u00c9cole Notre-Dame-d\u2019Etchemin","article_publisher":"https:\/\/www.facebook.com\/notredamedetchemin","article_modified_time":"2025-06-06T12:34:20+00:00","twitter_card":"summary_large_image","twitter_misc":{"Estimation du temps de lecture":"1 minute"},"schema":{"@context":"https:\/\/schema.org","@graph":[{"@type":"WebPage","@id":"https:\/\/cssdn.gouv.qc.ca\/notredamedetchemin\/informations-aux-parents\/info-parents\/","url":"https:\/\/cssdn.gouv.qc.ca\/notredamedetchemin\/informations-aux-parents\/info-parents\/","name":"Info-parents - \u00c9cole Notre-Dame-d\u2019Etchemin","isPartOf":{"@id":"https:\/\/cssdn.gouv.qc.ca\/notredamedetchemin\/#website"},"primaryImageOfPage":{"@id":"https:\/\/cssdn.gouv.qc.ca\/notredamedetchemin\/informations-aux-parents\/info-parents\/#primaryimage"},"image":{"@id":"https:\/\/cssdn.gouv.qc.ca\/notredamedetchemin\/informations-aux-parents\/info-parents\/#primaryimage"},"thumbnailUrl":"https:\/\/stage.cssdn.gouv.qc.ca\/wp-content\/uploads\/2022\/08\/Seawire-Hero-06.jpg","datePublished":"2022-11-08T21:07:56+00:00","dateModified":"2025-06-06T12:34:20+00:00","breadcrumb":{"@id":"https:\/\/cssdn.gouv.qc.ca\/notredamedetchemin\/informations-aux-parents\/info-parents\/#breadcrumb"},"inLanguage":"fr-CA","potentialAction":[{"@type":"ReadAction","target":["https:\/\/cssdn.gouv.qc.ca\/notredamedetchemin\/informations-aux-parents\/info-parents\/"]}]},{"@type":"ImageObject","inLanguage":"fr-CA","@id":"https:\/\/cssdn.gouv.qc.ca\/notredamedetchemin\/informations-aux-parents\/info-parents\/#primaryimage","url":"https:\/\/stage.cssdn.gouv.qc.ca\/wp-content\/uploads\/2022\/08\/Seawire-Hero-06.jpg","contentUrl":"https:\/\/stage.cssdn.gouv.qc.ca\/wp-content\/uploads\/2022\/08\/Seawire-Hero-06.jpg"},{"@type":"BreadcrumbList","@id":"https:\/\/cssdn.gouv.qc.ca\/notredamedetchemin\/informations-aux-parents\/info-parents\/#breadcrumb","itemListElement":[{"@type":"ListItem","position":1,"name":"Accueil","item":"https:\/\/cssdn.gouv.qc.ca\/notredamedetchemin\/"},{"@type":"ListItem","position":2,"name":"Informations aux parents","item":"https:\/\/cssdn.gouv.qc.ca\/notredamedetchemin\/informations-aux-parents\/"},{"@type":"ListItem","position":3,"name":"Info-parents"}]},{"@type":"WebSite","@id":"https:\/\/cssdn.gouv.qc.ca\/notredamedetchemin\/#website","url":"https:\/\/cssdn.gouv.qc.ca\/notredamedetchemin\/","name":"\u00c9cole Notre-Dame-d\u2019Etchemin","description":"Un site du Centre de services scolaire des Navigateurs","publisher":{"@id":"https:\/\/cssdn.gouv.qc.ca\/notredamedetchemin\/#organization"},"potentialAction":[{"@type":"SearchAction","target":{"@type":"EntryPoint","urlTemplate":"https:\/\/cssdn.gouv.qc.ca\/notredamedetchemin\/?s={search_term_string}"},"query-input":{"@type":"PropertyValueSpecification","valueRequired":true,"valueName":"search_term_string"}}],"inLanguage":"fr-CA"},{"@type":"Organization","@id":"https:\/\/cssdn.gouv.qc.ca\/notredamedetchemin\/#organization","name":"\u00c9cole Notre-Dame-d\u2019Etchemin","url":"https:\/\/cssdn.gouv.qc.ca\/notredamedetchemin\/","logo":{"@type":"ImageObject","inLanguage":"fr-CA","@id":"https:\/\/cssdn.gouv.qc.ca\/notredamedetchemin\/#\/schema\/logo\/image\/","url":"https:\/\/cssdn.gouv.qc.ca\/notredamedetchemin\/wp-content\/uploads\/sites\/49\/2023\/01\/logo_quebec.svg","contentUrl":"https:\/\/cssdn.gouv.qc.ca\/notredamedetchemin\/wp-content\/uploads\/sites\/49\/2023\/01\/logo_quebec.svg","width":188,"height":41,"caption":"\u00c9cole Notre-Dame-d\u2019Etchemin"},"image":{"@id":"https:\/\/cssdn.gouv.qc.ca\/notredamedetchemin\/#\/schema\/logo\/image\/"},"sameAs":["https:\/\/www.facebook.com\/notredamedetchemin"]}]}},"publishpress_future_action":{"enabled":false,"date":"2026-04-26 07:28:47","action":"change-status","newStatus":"draft","terms":[],"taxonomy":"category","extraData":[]},"publishpress_future_workflow_manual_trigger":{"enabledWorkflows":[]},"_links":{"self":[{"href":"https:\/\/cssdn.gouv.qc.ca\/notredamedetchemin\/wp-json\/wp\/v2\/pages\/15","targetHints":{"allow":["GET"]}}],"collection":[{"href":"https:\/\/cssdn.gouv.qc.ca\/notredamedetchemin\/wp-json\/wp\/v2\/pages"}],"about":[{"href":"https:\/\/cssdn.gouv.qc.ca\/notredamedetchemin\/wp-json\/wp\/v2\/types\/page"}],"author":[{"embeddable":true,"href":"https:\/\/cssdn.gouv.qc.ca\/notredamedetchemin\/wp-json\/wp\/v2\/users\/1"}],"replies":[{"embeddable":true,"href":"https:\/\/cssdn.gouv.qc.ca\/notredamedetchemin\/wp-json\/wp\/v2\/comments?post=15"}],"version-history":[{"count":0,"href":"https:\/\/cssdn.gouv.qc.ca\/notredamedetchemin\/wp-json\/wp\/v2\/pages\/15\/revisions"}],"up":[{"embeddable":true,"href":"https:\/\/cssdn.gouv.qc.ca\/notredamedetchemin\/wp-json\/wp\/v2\/pages\/13"}],"wp:attachment":[{"href":"https:\/\/cssdn.gouv.qc.ca\/notredamedetchemin\/wp-json\/wp\/v2\/media?parent=15"}],"wp:term":[{"taxonomy":"category","embeddable":true,"href":"https:\/\/cssdn.gouv.qc.ca\/notredamedetchemin\/wp-json\/wp\/v2\/categories?post=15"},{"taxonomy":"post_tag","embeddable":true,"href":"https:\/\/cssdn.gouv.qc.ca\/notredamedetchemin\/wp-json\/wp\/v2\/tags?post=15"}],"curies":[{"name":"wp","href":"https:\/\/api.w.org\/{rel}","templated":true}]}}