
{"id":9,"date":"2022-11-08T16:07:54","date_gmt":"2022-11-08T21:07:54","guid":{"rendered":"https:\/\/cssdn.gouv.qc.ca\/odyssee\/a-propos\/notre-equipe\/"},"modified":"2025-09-17T15:03:22","modified_gmt":"2025-09-17T19:03:22","slug":"notre-equipe","status":"publish","type":"page","link":"https:\/\/cssdn.gouv.qc.ca\/odyssee\/a-propos\/notre-equipe\/","title":{"rendered":"Notre \u00e9quipe"},"content":{"rendered":"\n<div class=\"wp-block-cover alignfull is-light is-style-title-banner\"><img decoding=\"async\" class=\"wp-block-cover__image-background wp-image-111 lazyload\" alt=\"\" data-src=\"https:\/\/cssdn.gouv.qc.ca\/wp-content\/uploads\/2022\/08\/Seawire-Hero-06.jpg\" data-object-fit=\"cover\" src=\"data:image\/svg+xml;base64,PHN2ZyB3aWR0aD0iMSIgaGVpZ2h0PSIxIiB4bWxucz0iaHR0cDovL3d3dy53My5vcmcvMjAwMC9zdmciPjwvc3ZnPg==\" \/><span aria-hidden=\"true\" class=\"wp-block-cover__background has-primary-background-color has-background-dim\"><\/span><div class=\"wp-block-cover__inner-container\"><h3 class=\"wp-block-post-title\">Notre \u00e9quipe<\/h3><\/div><\/div>\n\n\n\n<div class=\"wp-block-group alignfull has-padding-y-large has-secondary-background-color has-background\"><div class=\"yoast-breadcrumbs alignwide \"><span class=\"breadcrumbs\"><a href=\"https:\/\/cssdn.gouv.qc.ca\/odyssee\/\" class=\"breadcrumbs__element\">Accueil<\/a> <span class=\"breadcrumbs__separator\">\n        <svg class=\"icon icon-breadcrumb__separator\"><use xlink:href=\"#icon-breadcrumb__separator\"><\/use><\/svg>\n    <\/span> <a href=\"https:\/\/cssdn.gouv.qc.ca\/odyssee\/a-propos\/\" class=\"breadcrumbs__element\">\u00c0 propos<\/a> <span class=\"breadcrumbs__separator\">\n        <svg class=\"icon icon-breadcrumb__separator\"><use xlink:href=\"#icon-breadcrumb__separator\"><\/use><\/svg>\n    <\/span> <span class=\"breadcrumbs__element breadcrumbs__element-current\">Notre \u00e9quipe<\/span><\/span><\/div><\/div>\n\n\n\n<h2 class=\"wp-block-heading is-style-orange\">Personnel de l&rsquo;\u00e9cole<\/h2>\n\n\n\n<p class=\"wp-block-paragraph\">Directrice :&nbsp;Cathie Guay<\/p>\n\n\n\n<p class=\"wp-block-paragraph\">Secr\u00e9taire d&rsquo;\u00e9cole&nbsp;:&nbsp;&nbsp; Marie-\u00c8ve B\u00e9dard<\/p>\n\n\n\n<div class=\"wp-block-group\">\n<p class=\"wp-block-paragraph\">Pr\u00e9scolaire\u00a0:\u00a0 Caroline Boisvert, Katherine Leblond et Jos\u00e9e-Anne Simard<\/p>\n\n\n\n<p class=\"wp-block-paragraph\">1<sup>re<\/sup>&nbsp;ann\u00e9e&nbsp;: Caroline No\u00ebl et Nadia Bourget<\/p>\n\n\n\n<p class=\"wp-block-paragraph\">1<sup>re<\/sup>\/2<sup>e<\/sup> ann\u00e9e : Sylvie Lessard<\/p>\n\n\n\n<p class=\"wp-block-paragraph\">2<sup>e<\/sup>&nbsp;ann\u00e9e&nbsp;:&nbsp; Manon Martineau et Karen Turgeon<\/p>\n\n\n\n<p class=\"wp-block-paragraph\">3<sup>e<\/sup>&nbsp;ann\u00e9e&nbsp;:&nbsp; Isabelle St-Denis et&nbsp;Maryline Bouffard<\/p>\n\n\n\n<p class=\"wp-block-paragraph\">3<sup>e<\/sup>\/4<sup>e<\/sup> ann\u00e9e : Julie Mc Nicoll<\/p>\n\n\n\n<p class=\"wp-block-paragraph\">4<sup>e<\/sup>&nbsp;ann\u00e9e&nbsp;:&nbsp; Yannie Fontaine<\/p>\n\n\n\n<p class=\"wp-block-paragraph\">4<sup>e<\/sup>\/5<sup>e<\/sup> ann\u00e9e : \u00c9lise Bisson-Fortin<\/p>\n\n\n\n<p class=\"wp-block-paragraph\">5<sup>e<\/sup>&nbsp;ann\u00e9e&nbsp;:&nbsp; Myriam Breton et Julie L\u00e9vesque<\/p>\n\n\n\n<p class=\"wp-block-paragraph\">6<sup>e<\/sup>&nbsp;ann\u00e9e&nbsp;:&nbsp; Am\u00e9lie Filteau, Julie Martin (anglais) et Norma Mountain<\/p>\n\n\n\n<p class=\"wp-block-paragraph\">Compl\u00e9ments de t\u00e2ches :&nbsp;B\u00e9atrice Richard et Justine Simard<\/p>\n\n\n\n<p class=\"wp-block-paragraph\">Musique&nbsp;: Am\u00e9lie Potvin et Catherine Marquis<\/p>\n\n\n\n<p class=\"wp-block-paragraph\">Anglais\u00a0: Yan Beaulieu et Claudette Fru Achick<\/p>\n\n\n\n<p class=\"wp-block-paragraph\">\u00c9ducation physique&nbsp;:&nbsp;Christian Larochelle et Marie-Pier Genest Simard<\/p>\n<\/div>\n\n\n\n<p class=\"wp-block-paragraph\">\u00c9ducation sp\u00e9cialis\u00e9e (TES)&nbsp;:&nbsp;Carine Melan\u00e7on, France Tardif, Maude Perron et Sophie Gingras-Lambert<\/p>\n\n\n\n<p class=\"wp-block-paragraph\">Orthop\u00e9dagogues&nbsp;:&nbsp;Nancy Dub\u00e9 et Vicky Lessard<\/p>\n\n\n\n<p class=\"wp-block-paragraph\">Psycho\u00e9ducatrice&nbsp;:&nbsp;Camille Larochelle<\/p>\n\n\n\n<p class=\"wp-block-paragraph\">Concierges\u00a0:\u00a0Daniel Savard et Charles Paradis<\/p>\n\n\n\n<p class=\"wp-block-paragraph\">AVSEC&nbsp;:&nbsp;\u00c9ric Demers<\/p>\n\n\n\n<p class=\"wp-block-paragraph\">Infirmi\u00e8re&nbsp;:&nbsp;Am\u00e9lie Drouin<\/p>\n\n\n\n<h2 class=\"wp-block-heading is-style-orange\">Personnel du service de garde<\/h2>\n\n\n\n<p class=\"wp-block-paragraph\">Mich\u00e8le C\u00f4t\u00e9 (Technicienne en service de garde),\u00a0M\u00e9lanie Nicol (agente de bureau, classe principale)<br>\u00c9ducateurs et \u00e9ducatrices : Meriem Abderrahi,, Kareen Beaulieu, Gabrielle Boutin,\u00a0Carl Desmarais,\u00a0Ahlem Elkadi,\u00a0Martine Fortin, Jean-Fran\u00e7ois Fournier, Nathacha Gagnon, Diane Gaudet,\u00a0Karine No\u00ebl, Karine Nolin,\u00a0Nathalie Plante, Sophie Gingras-Lambert, Sylvie Rondeau et Karine Simard.<\/p>\n\n\n\n<h2 class=\"wp-block-heading is-style-orange\">Services offerts :<\/h2>\n\n\n\n<ul class=\"wp-block-list\">\n<li>Passe-Partout (4 ans)<\/li>\n\n\n\n<li>Pr\u00e9scolaire 4 ans<\/li>\n\n\n\n<li>Pr\u00e9scolaire 5 ans<\/li>\n\n\n\n<li>Primaire 1<sup>re<\/sup> \u00e0 6<sup>e<\/sup> ann\u00e9e<\/li>\n\n\n\n<li>Orthop\u00e9dagogie<\/li>\n\n\n\n<li>Orthophonie<\/li>\n\n\n\n<li>Psycho\u00e9ducation<\/li>\n\n\n\n<li>\u00c9ducation sp\u00e9cialis\u00e9e<\/li>\n<\/ul>\n","protected":false},"excerpt":{"rendered":"<p>Personnel de l&rsquo;\u00e9cole Directrice :&nbsp;Cathie Guay Secr\u00e9taire d&rsquo;\u00e9cole&nbsp;:&nbsp;&nbsp; Marie-\u00c8ve B\u00e9dard Pr\u00e9scolaire\u00a0:\u00a0 Caroline Boisvert, Katherine Leblond et Jos\u00e9e-Anne Simard 1re&nbsp;ann\u00e9e&nbsp;: Caroline No\u00ebl et Nadia Bourget 1re\/2e ann\u00e9e : Sylvie Lessard 2e&nbsp;ann\u00e9e&nbsp;:&nbsp; Manon Martineau et Karen Turgeon 3e&nbsp;ann\u00e9e&nbsp;:&nbsp; Isabelle St-Denis et&nbsp;Maryline Bouffard 3e\/4e ann\u00e9e : Julie Mc Nicoll 4e&nbsp;ann\u00e9e&nbsp;:&nbsp; Yannie Fontaine 4e\/5e ann\u00e9e : \u00c9lise Bisson-Fortin 5e&nbsp;ann\u00e9e&nbsp;:&nbsp; [&hellip;]<\/p>\n","protected":false},"author":1,"featured_media":0,"parent":6,"menu_order":0,"comment_status":"closed","ping_status":"closed","template":"","meta":{"_acf_changed":false,"_crdt_document":"","inline_featured_image":false,"footnotes":""},"categories":[],"tags":[],"class_list":["post-9","page","type-page","status-publish","hentry"],"acf":[],"yoast_head":"<!-- This site is optimized with the Yoast SEO plugin v27.3 - https:\/\/yoast.com\/product\/yoast-seo-wordpress\/ -->\n<title>Notre \u00e9quipe - \u00c9cole de l\u2019Odyss\u00e9e<\/title>\n<meta name=\"robots\" content=\"index, follow, max-snippet:-1, max-image-preview:large, max-video-preview:-1\" \/>\n<link rel=\"canonical\" href=\"https:\/\/cssdn.gouv.qc.ca\/odyssee\/a-propos\/notre-equipe\/\" \/>\n<meta property=\"og:locale\" content=\"fr_CA\" \/>\n<meta property=\"og:type\" content=\"article\" \/>\n<meta property=\"og:title\" content=\"Notre \u00e9quipe - \u00c9cole de l\u2019Odyss\u00e9e\" \/>\n<meta property=\"og:description\" content=\"Personnel de l&rsquo;\u00e9cole Directrice :&nbsp;Cathie Guay Secr\u00e9taire d&rsquo;\u00e9cole&nbsp;:&nbsp;&nbsp; Marie-\u00c8ve B\u00e9dard Pr\u00e9scolaire\u00a0:\u00a0 Caroline Boisvert, Katherine Leblond et Jos\u00e9e-Anne Simard 1re&nbsp;ann\u00e9e&nbsp;: Caroline No\u00ebl et Nadia Bourget 1re\/2e ann\u00e9e : Sylvie Lessard 2e&nbsp;ann\u00e9e&nbsp;:&nbsp; Manon Martineau et Karen Turgeon 3e&nbsp;ann\u00e9e&nbsp;:&nbsp; Isabelle St-Denis et&nbsp;Maryline Bouffard 3e\/4e ann\u00e9e : Julie Mc Nicoll 4e&nbsp;ann\u00e9e&nbsp;:&nbsp; Yannie Fontaine 4e\/5e ann\u00e9e : \u00c9lise Bisson-Fortin 5e&nbsp;ann\u00e9e&nbsp;:&nbsp; [&hellip;]\" \/>\n<meta property=\"og:url\" content=\"https:\/\/cssdn.gouv.qc.ca\/odyssee\/a-propos\/notre-equipe\/\" \/>\n<meta property=\"og:site_name\" content=\"\u00c9cole de l\u2019Odyss\u00e9e\" \/>\n<meta property=\"article:publisher\" content=\"https:\/\/www.facebook.com\/profile.php?id=100034650562063\" \/>\n<meta property=\"article:modified_time\" content=\"2025-09-17T19:03:22+00:00\" \/>\n<meta property=\"og:image\" content=\"https:\/\/cssdn.gouv.qc.ca\/odyssee\/wp-content\/uploads\/sites\/50\/2022\/12\/ODYSSEE.jpg\" \/>\n\t<meta property=\"og:image:width\" content=\"1417\" \/>\n\t<meta property=\"og:image:height\" content=\"794\" \/>\n\t<meta property=\"og:image:type\" content=\"image\/jpeg\" \/>\n<meta name=\"twitter:card\" content=\"summary_large_image\" \/>\n<meta name=\"twitter:label1\" content=\"Estimation du temps de lecture\" \/>\n\t<meta name=\"twitter:data1\" content=\"2 minutes\" \/>\n<script type=\"application\/ld+json\" class=\"yoast-schema-graph\">{\"@context\":\"https:\\\/\\\/schema.org\",\"@graph\":[{\"@type\":\"WebPage\",\"@id\":\"https:\\\/\\\/cssdn.gouv.qc.ca\\\/odyssee\\\/a-propos\\\/notre-equipe\\\/\",\"url\":\"https:\\\/\\\/cssdn.gouv.qc.ca\\\/odyssee\\\/a-propos\\\/notre-equipe\\\/\",\"name\":\"Notre \u00e9quipe - \u00c9cole de l\u2019Odyss\u00e9e\",\"isPartOf\":{\"@id\":\"https:\\\/\\\/cssdn.gouv.qc.ca\\\/odyssee\\\/#website\"},\"primaryImageOfPage\":{\"@id\":\"https:\\\/\\\/cssdn.gouv.qc.ca\\\/odyssee\\\/a-propos\\\/notre-equipe\\\/#primaryimage\"},\"image\":{\"@id\":\"https:\\\/\\\/cssdn.gouv.qc.ca\\\/odyssee\\\/a-propos\\\/notre-equipe\\\/#primaryimage\"},\"thumbnailUrl\":\"https:\\\/\\\/cssdn.gouv.qc.ca\\\/wp-content\\\/uploads\\\/2022\\\/08\\\/Seawire-Hero-06.jpg\",\"datePublished\":\"2022-11-08T21:07:54+00:00\",\"dateModified\":\"2025-09-17T19:03:22+00:00\",\"breadcrumb\":{\"@id\":\"https:\\\/\\\/cssdn.gouv.qc.ca\\\/odyssee\\\/a-propos\\\/notre-equipe\\\/#breadcrumb\"},\"inLanguage\":\"fr-CA\",\"potentialAction\":[{\"@type\":\"ReadAction\",\"target\":[\"https:\\\/\\\/cssdn.gouv.qc.ca\\\/odyssee\\\/a-propos\\\/notre-equipe\\\/\"]}]},{\"@type\":\"ImageObject\",\"inLanguage\":\"fr-CA\",\"@id\":\"https:\\\/\\\/cssdn.gouv.qc.ca\\\/odyssee\\\/a-propos\\\/notre-equipe\\\/#primaryimage\",\"url\":\"https:\\\/\\\/cssdn.gouv.qc.ca\\\/wp-content\\\/uploads\\\/2022\\\/08\\\/Seawire-Hero-06.jpg\",\"contentUrl\":\"https:\\\/\\\/cssdn.gouv.qc.ca\\\/wp-content\\\/uploads\\\/2022\\\/08\\\/Seawire-Hero-06.jpg\"},{\"@type\":\"BreadcrumbList\",\"@id\":\"https:\\\/\\\/cssdn.gouv.qc.ca\\\/odyssee\\\/a-propos\\\/notre-equipe\\\/#breadcrumb\",\"itemListElement\":[{\"@type\":\"ListItem\",\"position\":1,\"name\":\"Accueil\",\"item\":\"https:\\\/\\\/cssdn.gouv.qc.ca\\\/odyssee\\\/\"},{\"@type\":\"ListItem\",\"position\":2,\"name\":\"\u00c0 propos\",\"item\":\"https:\\\/\\\/cssdn.gouv.qc.ca\\\/odyssee\\\/a-propos\\\/\"},{\"@type\":\"ListItem\",\"position\":3,\"name\":\"Notre \u00e9quipe\"}]},{\"@type\":\"WebSite\",\"@id\":\"https:\\\/\\\/cssdn.gouv.qc.ca\\\/odyssee\\\/#website\",\"url\":\"https:\\\/\\\/cssdn.gouv.qc.ca\\\/odyssee\\\/\",\"name\":\"\u00c9cole de l\u2019Odyss\u00e9e\",\"description\":\"Un site des centres de services scolaires des Navigateurs\",\"publisher\":{\"@id\":\"https:\\\/\\\/cssdn.gouv.qc.ca\\\/odyssee\\\/#organization\"},\"potentialAction\":[{\"@type\":\"SearchAction\",\"target\":{\"@type\":\"EntryPoint\",\"urlTemplate\":\"https:\\\/\\\/cssdn.gouv.qc.ca\\\/odyssee\\\/?s={search_term_string}\"},\"query-input\":{\"@type\":\"PropertyValueSpecification\",\"valueRequired\":true,\"valueName\":\"search_term_string\"}}],\"inLanguage\":\"fr-CA\"},{\"@type\":\"Organization\",\"@id\":\"https:\\\/\\\/cssdn.gouv.qc.ca\\\/odyssee\\\/#organization\",\"name\":\"\u00c9cole de l\u2019Odyss\u00e9e\",\"url\":\"https:\\\/\\\/cssdn.gouv.qc.ca\\\/odyssee\\\/\",\"logo\":{\"@type\":\"ImageObject\",\"inLanguage\":\"fr-CA\",\"@id\":\"https:\\\/\\\/cssdn.gouv.qc.ca\\\/odyssee\\\/#\\\/schema\\\/logo\\\/image\\\/\",\"url\":\"https:\\\/\\\/cssdn.gouv.qc.ca\\\/odyssee\\\/wp-content\\\/uploads\\\/sites\\\/50\\\/2023\\\/01\\\/logo_quebec.svg\",\"contentUrl\":\"https:\\\/\\\/cssdn.gouv.qc.ca\\\/odyssee\\\/wp-content\\\/uploads\\\/sites\\\/50\\\/2023\\\/01\\\/logo_quebec.svg\",\"width\":188,\"height\":41,\"caption\":\"\u00c9cole de l\u2019Odyss\u00e9e\"},\"image\":{\"@id\":\"https:\\\/\\\/cssdn.gouv.qc.ca\\\/odyssee\\\/#\\\/schema\\\/logo\\\/image\\\/\"},\"sameAs\":[\"https:\\\/\\\/www.facebook.com\\\/profile.php?id=100034650562063\"]}]}<\/script>\n<!-- \/ Yoast SEO plugin. -->","yoast_head_json":{"title":"Notre \u00e9quipe - \u00c9cole de l\u2019Odyss\u00e9e","robots":{"index":"index","follow":"follow","max-snippet":"max-snippet:-1","max-image-preview":"max-image-preview:large","max-video-preview":"max-video-preview:-1"},"canonical":"https:\/\/cssdn.gouv.qc.ca\/odyssee\/a-propos\/notre-equipe\/","og_locale":"fr_CA","og_type":"article","og_title":"Notre \u00e9quipe - \u00c9cole de l\u2019Odyss\u00e9e","og_description":"Personnel de l&rsquo;\u00e9cole Directrice :&nbsp;Cathie Guay Secr\u00e9taire d&rsquo;\u00e9cole&nbsp;:&nbsp;&nbsp; Marie-\u00c8ve B\u00e9dard Pr\u00e9scolaire\u00a0:\u00a0 Caroline Boisvert, Katherine Leblond et Jos\u00e9e-Anne Simard 1re&nbsp;ann\u00e9e&nbsp;: Caroline No\u00ebl et Nadia Bourget 1re\/2e ann\u00e9e : Sylvie Lessard 2e&nbsp;ann\u00e9e&nbsp;:&nbsp; Manon Martineau et Karen Turgeon 3e&nbsp;ann\u00e9e&nbsp;:&nbsp; Isabelle St-Denis et&nbsp;Maryline Bouffard 3e\/4e ann\u00e9e : Julie Mc Nicoll 4e&nbsp;ann\u00e9e&nbsp;:&nbsp; Yannie Fontaine 4e\/5e ann\u00e9e : \u00c9lise Bisson-Fortin 5e&nbsp;ann\u00e9e&nbsp;:&nbsp; [&hellip;]","og_url":"https:\/\/cssdn.gouv.qc.ca\/odyssee\/a-propos\/notre-equipe\/","og_site_name":"\u00c9cole de l\u2019Odyss\u00e9e","article_publisher":"https:\/\/www.facebook.com\/profile.php?id=100034650562063","article_modified_time":"2025-09-17T19:03:22+00:00","og_image":[{"width":1417,"height":794,"url":"https:\/\/cssdn.gouv.qc.ca\/odyssee\/wp-content\/uploads\/sites\/50\/2022\/12\/ODYSSEE.jpg","type":"image\/jpeg"}],"twitter_card":"summary_large_image","twitter_misc":{"Estimation du temps de lecture":"2 minutes"},"schema":{"@context":"https:\/\/schema.org","@graph":[{"@type":"WebPage","@id":"https:\/\/cssdn.gouv.qc.ca\/odyssee\/a-propos\/notre-equipe\/","url":"https:\/\/cssdn.gouv.qc.ca\/odyssee\/a-propos\/notre-equipe\/","name":"Notre \u00e9quipe - \u00c9cole de l\u2019Odyss\u00e9e","isPartOf":{"@id":"https:\/\/cssdn.gouv.qc.ca\/odyssee\/#website"},"primaryImageOfPage":{"@id":"https:\/\/cssdn.gouv.qc.ca\/odyssee\/a-propos\/notre-equipe\/#primaryimage"},"image":{"@id":"https:\/\/cssdn.gouv.qc.ca\/odyssee\/a-propos\/notre-equipe\/#primaryimage"},"thumbnailUrl":"https:\/\/cssdn.gouv.qc.ca\/wp-content\/uploads\/2022\/08\/Seawire-Hero-06.jpg","datePublished":"2022-11-08T21:07:54+00:00","dateModified":"2025-09-17T19:03:22+00:00","breadcrumb":{"@id":"https:\/\/cssdn.gouv.qc.ca\/odyssee\/a-propos\/notre-equipe\/#breadcrumb"},"inLanguage":"fr-CA","potentialAction":[{"@type":"ReadAction","target":["https:\/\/cssdn.gouv.qc.ca\/odyssee\/a-propos\/notre-equipe\/"]}]},{"@type":"ImageObject","inLanguage":"fr-CA","@id":"https:\/\/cssdn.gouv.qc.ca\/odyssee\/a-propos\/notre-equipe\/#primaryimage","url":"https:\/\/cssdn.gouv.qc.ca\/wp-content\/uploads\/2022\/08\/Seawire-Hero-06.jpg","contentUrl":"https:\/\/cssdn.gouv.qc.ca\/wp-content\/uploads\/2022\/08\/Seawire-Hero-06.jpg"},{"@type":"BreadcrumbList","@id":"https:\/\/cssdn.gouv.qc.ca\/odyssee\/a-propos\/notre-equipe\/#breadcrumb","itemListElement":[{"@type":"ListItem","position":1,"name":"Accueil","item":"https:\/\/cssdn.gouv.qc.ca\/odyssee\/"},{"@type":"ListItem","position":2,"name":"\u00c0 propos","item":"https:\/\/cssdn.gouv.qc.ca\/odyssee\/a-propos\/"},{"@type":"ListItem","position":3,"name":"Notre \u00e9quipe"}]},{"@type":"WebSite","@id":"https:\/\/cssdn.gouv.qc.ca\/odyssee\/#website","url":"https:\/\/cssdn.gouv.qc.ca\/odyssee\/","name":"\u00c9cole de l\u2019Odyss\u00e9e","description":"Un site des centres de services scolaires des Navigateurs","publisher":{"@id":"https:\/\/cssdn.gouv.qc.ca\/odyssee\/#organization"},"potentialAction":[{"@type":"SearchAction","target":{"@type":"EntryPoint","urlTemplate":"https:\/\/cssdn.gouv.qc.ca\/odyssee\/?s={search_term_string}"},"query-input":{"@type":"PropertyValueSpecification","valueRequired":true,"valueName":"search_term_string"}}],"inLanguage":"fr-CA"},{"@type":"Organization","@id":"https:\/\/cssdn.gouv.qc.ca\/odyssee\/#organization","name":"\u00c9cole de l\u2019Odyss\u00e9e","url":"https:\/\/cssdn.gouv.qc.ca\/odyssee\/","logo":{"@type":"ImageObject","inLanguage":"fr-CA","@id":"https:\/\/cssdn.gouv.qc.ca\/odyssee\/#\/schema\/logo\/image\/","url":"https:\/\/cssdn.gouv.qc.ca\/odyssee\/wp-content\/uploads\/sites\/50\/2023\/01\/logo_quebec.svg","contentUrl":"https:\/\/cssdn.gouv.qc.ca\/odyssee\/wp-content\/uploads\/sites\/50\/2023\/01\/logo_quebec.svg","width":188,"height":41,"caption":"\u00c9cole de l\u2019Odyss\u00e9e"},"image":{"@id":"https:\/\/cssdn.gouv.qc.ca\/odyssee\/#\/schema\/logo\/image\/"},"sameAs":["https:\/\/www.facebook.com\/profile.php?id=100034650562063"]}]}},"publishpress_future_action":{"enabled":false,"date":"2026-04-15 07:32:19","action":"change-status","newStatus":"draft","terms":[],"taxonomy":"category","extraData":[]},"publishpress_future_workflow_manual_trigger":{"enabledWorkflows":[]},"_links":{"self":[{"href":"https:\/\/cssdn.gouv.qc.ca\/odyssee\/wp-json\/wp\/v2\/pages\/9","targetHints":{"allow":["GET"]}}],"collection":[{"href":"https:\/\/cssdn.gouv.qc.ca\/odyssee\/wp-json\/wp\/v2\/pages"}],"about":[{"href":"https:\/\/cssdn.gouv.qc.ca\/odyssee\/wp-json\/wp\/v2\/types\/page"}],"author":[{"embeddable":true,"href":"https:\/\/cssdn.gouv.qc.ca\/odyssee\/wp-json\/wp\/v2\/users\/1"}],"replies":[{"embeddable":true,"href":"https:\/\/cssdn.gouv.qc.ca\/odyssee\/wp-json\/wp\/v2\/comments?post=9"}],"version-history":[{"count":0,"href":"https:\/\/cssdn.gouv.qc.ca\/odyssee\/wp-json\/wp\/v2\/pages\/9\/revisions"}],"up":[{"embeddable":true,"href":"https:\/\/cssdn.gouv.qc.ca\/odyssee\/wp-json\/wp\/v2\/pages\/6"}],"wp:attachment":[{"href":"https:\/\/cssdn.gouv.qc.ca\/odyssee\/wp-json\/wp\/v2\/media?parent=9"}],"wp:term":[{"taxonomy":"category","embeddable":true,"href":"https:\/\/cssdn.gouv.qc.ca\/odyssee\/wp-json\/wp\/v2\/categories?post=9"},{"taxonomy":"post_tag","embeddable":true,"href":"https:\/\/cssdn.gouv.qc.ca\/odyssee\/wp-json\/wp\/v2\/tags?post=9"}],"curies":[{"name":"wp","href":"https:\/\/api.w.org\/{rel}","templated":true}]}}