
{"id":602,"date":"2025-09-12T15:09:49","date_gmt":"2025-09-12T19:09:49","guid":{"rendered":"https:\/\/cssdn.gouv.qc.ca\/saintdominique\/?page_id=602"},"modified":"2025-10-27T14:19:31","modified_gmt":"2025-10-27T18:19:31","slug":"liste-de-materiel-scolaire","status":"publish","type":"page","link":"https:\/\/cssdn.gouv.qc.ca\/saintdominique\/informations-aux-parents\/liste-de-materiel-scolaire\/","title":{"rendered":"Liste de fournitures scolaires"},"content":{"rendered":"\n<div class=\"wp-block-cover alignfull is-light is-style-title-banner\"><img decoding=\"async\" class=\"wp-block-cover__image-background wp-image-111 lazyload\" alt=\"\" data-src=\"https:\/\/stage.cssdn.gouv.qc.ca\/wp-content\/uploads\/2022\/08\/Seawire-Hero-06.jpg\" data-object-fit=\"cover\" src=\"data:image\/svg+xml;base64,PHN2ZyB3aWR0aD0iMSIgaGVpZ2h0PSIxIiB4bWxucz0iaHR0cDovL3d3dy53My5vcmcvMjAwMC9zdmciPjwvc3ZnPg==\" \/><span aria-hidden=\"true\" class=\"wp-block-cover__background has-background-dim\"><\/span><div class=\"wp-block-cover__inner-container\"><h3 class=\"wp-block-post-title\">Liste de fournitures scolaires<\/h3><\/div><\/div>\n\n\n\n<h2 class=\"wp-block-heading\">Pr\u00e9scolaire<\/h2>\n\n\n\n<div class=\"wp-block-file\"><a id=\"wp-block-file--media-624d30f3-3d17-4cbf-84b1-bc59ec98a8a5\" href=\"https:\/\/cssdn.gouv.qc.ca\/saintdominique\/wp-content\/uploads\/sites\/56\/2025\/10\/Articles-scolaires-Prescolaire-2025-2026.docx\">Articles scolaires Pr\u00e9scolaire 2025-2026<\/a><a href=\"https:\/\/cssdn.gouv.qc.ca\/saintdominique\/wp-content\/uploads\/sites\/56\/2025\/10\/Articles-scolaires-Prescolaire-2025-2026.docx\" class=\"wp-block-file__button wp-element-button\" download aria-describedby=\"wp-block-file--media-624d30f3-3d17-4cbf-84b1-bc59ec98a8a5\">Download<\/a><\/div>\n\n\n\n<h2 class=\"wp-block-heading\">Premi\u00e8re ann\u00e9e<\/h2>\n\n\n\n<div class=\"wp-block-file\"><a id=\"wp-block-file--media-1a0e710f-77ae-4fc0-a498-b79dcdd39674\" href=\"https:\/\/cssdn.gouv.qc.ca\/saintdominique\/wp-content\/uploads\/sites\/56\/2025\/10\/Articles-scolaires-1re-annee-2025-2026.docx\">Articles scolaires 1re ann\u00e9e 2025-2026<\/a><a href=\"https:\/\/cssdn.gouv.qc.ca\/saintdominique\/wp-content\/uploads\/sites\/56\/2025\/10\/Articles-scolaires-1re-annee-2025-2026.docx\" class=\"wp-block-file__button wp-element-button\" download aria-describedby=\"wp-block-file--media-1a0e710f-77ae-4fc0-a498-b79dcdd39674\">Download<\/a><\/div>\n\n\n\n<h2 class=\"wp-block-heading\">Deuxi\u00e8me ann\u00e9e<\/h2>\n\n\n\n<div class=\"wp-block-file\"><a id=\"wp-block-file--media-a03dcba9-cf2b-4af5-8fd5-6763c0b13ce2\" href=\"https:\/\/cssdn.gouv.qc.ca\/saintdominique\/wp-content\/uploads\/sites\/56\/2025\/10\/Articles-scolaires-2e-annee-2025-2026.docx\">Articles scolaires 2e ann\u00e9e 2025-2026<\/a><a href=\"https:\/\/cssdn.gouv.qc.ca\/saintdominique\/wp-content\/uploads\/sites\/56\/2025\/10\/Articles-scolaires-2e-annee-2025-2026.docx\" class=\"wp-block-file__button wp-element-button\" download aria-describedby=\"wp-block-file--media-a03dcba9-cf2b-4af5-8fd5-6763c0b13ce2\">Download<\/a><\/div>\n\n\n\n<h2 class=\"wp-block-heading\">Troisi\u00e8me ann\u00e9e<\/h2>\n\n\n\n<div class=\"wp-block-file\"><a id=\"wp-block-file--media-4c345d92-8055-43d6-a988-8cb1edb2258b\" href=\"https:\/\/cssdn.gouv.qc.ca\/saintdominique\/wp-content\/uploads\/sites\/56\/2025\/10\/Articles-scolaires-3e-annee-2025-2026.docx\">Articles scolaires 3e ann\u00e9e 2025-2026<\/a><a href=\"https:\/\/cssdn.gouv.qc.ca\/saintdominique\/wp-content\/uploads\/sites\/56\/2025\/10\/Articles-scolaires-3e-annee-2025-2026.docx\" class=\"wp-block-file__button wp-element-button\" download aria-describedby=\"wp-block-file--media-4c345d92-8055-43d6-a988-8cb1edb2258b\">Download<\/a><\/div>\n\n\n\n<h2 class=\"wp-block-heading\">Quatri\u00e8me ann\u00e9e<\/h2>\n\n\n\n<div class=\"wp-block-file\"><a id=\"wp-block-file--media-32625dcc-3337-4a8d-b87a-6e321caf9c73\" href=\"https:\/\/cssdn.gouv.qc.ca\/saintdominique\/wp-content\/uploads\/sites\/56\/2025\/10\/Articles-scolaires-4e-annee-2025-2026.docx\">Articles scolaires 4e ann\u00e9e 2025-2026<\/a><a href=\"https:\/\/cssdn.gouv.qc.ca\/saintdominique\/wp-content\/uploads\/sites\/56\/2025\/10\/Articles-scolaires-4e-annee-2025-2026.docx\" class=\"wp-block-file__button wp-element-button\" download aria-describedby=\"wp-block-file--media-32625dcc-3337-4a8d-b87a-6e321caf9c73\">Download<\/a><\/div>\n\n\n\n<h2 class=\"wp-block-heading\">Cinqui\u00e8me ann\u00e9e<\/h2>\n\n\n\n<div class=\"wp-block-file\"><a id=\"wp-block-file--media-2a57c3e2-2345-44da-a523-495dc96067f6\" href=\"https:\/\/cssdn.gouv.qc.ca\/saintdominique\/wp-content\/uploads\/sites\/56\/2025\/10\/Articles-scolaires-5e-annee-2025-2026.docx\">Articles scolaires 5e ann\u00e9e &#8211; 2025-2026<\/a><a href=\"https:\/\/cssdn.gouv.qc.ca\/saintdominique\/wp-content\/uploads\/sites\/56\/2025\/10\/Articles-scolaires-5e-annee-2025-2026.docx\" class=\"wp-block-file__button wp-element-button\" download aria-describedby=\"wp-block-file--media-2a57c3e2-2345-44da-a523-495dc96067f6\">Download<\/a><\/div>\n\n\n\n<h2 class=\"wp-block-heading\">Sixi\u00e8me ann\u00e9e &#8211; anglais intensif<\/h2>\n\n\n\n<div class=\"wp-block-file\"><a id=\"wp-block-file--media-01138021-c4c5-4079-bf0b-6dfbc770e30c\" href=\"https:\/\/cssdn.gouv.qc.ca\/saintdominique\/wp-content\/uploads\/sites\/56\/2025\/10\/Articles-scolaires-6e-annee-intensif-2025-2026.docx\">Articles scolaires 6e ann\u00e9e intensif 2025-2026<\/a><a href=\"https:\/\/cssdn.gouv.qc.ca\/saintdominique\/wp-content\/uploads\/sites\/56\/2025\/10\/Articles-scolaires-6e-annee-intensif-2025-2026.docx\" class=\"wp-block-file__button wp-element-button\" download aria-describedby=\"wp-block-file--media-01138021-c4c5-4079-bf0b-6dfbc770e30c\">Download<\/a><\/div>\n\n\n\n<h2 class=\"wp-block-heading\">Sixi\u00e8me ann\u00e9e &#8211; anglais bonifi\u00e9<\/h2>\n\n\n\n<div class=\"wp-block-file\"><a id=\"wp-block-file--media-311ba523-3389-4d63-8679-d136eb577dfa\" href=\"https:\/\/cssdn.gouv.qc.ca\/saintdominique\/wp-content\/uploads\/sites\/56\/2025\/10\/Articles-scolaires-6e-annee-bonifie-2025-2026.doc\">Articles scolaires 6e ann\u00e9e bonifi\u00e9 &#8211; 2025-2026<\/a><a href=\"https:\/\/cssdn.gouv.qc.ca\/saintdominique\/wp-content\/uploads\/sites\/56\/2025\/10\/Articles-scolaires-6e-annee-bonifie-2025-2026.doc\" class=\"wp-block-file__button wp-element-button\" download aria-describedby=\"wp-block-file--media-311ba523-3389-4d63-8679-d136eb577dfa\">Download<\/a><\/div>\n\n\n\n<p class=\"wp-block-paragraph\"><\/p>\n\n\n\n<p class=\"wp-block-paragraph\"><\/p>\n","protected":false},"excerpt":{"rendered":"<p>Pr\u00e9scolaire Premi\u00e8re ann\u00e9e Deuxi\u00e8me ann\u00e9e Troisi\u00e8me ann\u00e9e Quatri\u00e8me ann\u00e9e Cinqui\u00e8me ann\u00e9e Sixi\u00e8me ann\u00e9e &#8211; anglais intensif Sixi\u00e8me ann\u00e9e &#8211; anglais bonifi\u00e9<\/p>\n","protected":false},"author":248,"featured_media":0,"parent":13,"menu_order":0,"comment_status":"closed","ping_status":"closed","template":"","meta":{"_acf_changed":false,"_crdt_document":"","inline_featured_image":false,"footnotes":""},"categories":[],"tags":[],"class_list":["post-602","page","type-page","status-publish","hentry"],"acf":[],"yoast_head":"<!-- This site is optimized with the Yoast SEO plugin v27.4 - https:\/\/yoast.com\/product\/yoast-seo-wordpress\/ -->\n<title>Liste de fournitures scolaires - \u00c9cole Saint-Dominique<\/title>\n<meta name=\"robots\" content=\"index, follow, max-snippet:-1, max-image-preview:large, max-video-preview:-1\" \/>\n<link rel=\"canonical\" href=\"https:\/\/cssdn.gouv.qc.ca\/saintdominique\/informations-aux-parents\/liste-de-materiel-scolaire\/\" \/>\n<meta property=\"og:locale\" content=\"fr_CA\" \/>\n<meta property=\"og:type\" content=\"article\" \/>\n<meta property=\"og:title\" content=\"Liste de fournitures scolaires - \u00c9cole Saint-Dominique\" \/>\n<meta property=\"og:description\" content=\"Pr\u00e9scolaire Premi\u00e8re ann\u00e9e Deuxi\u00e8me ann\u00e9e Troisi\u00e8me ann\u00e9e Quatri\u00e8me ann\u00e9e Cinqui\u00e8me ann\u00e9e Sixi\u00e8me ann\u00e9e &#8211; anglais intensif Sixi\u00e8me ann\u00e9e &#8211; anglais bonifi\u00e9\" \/>\n<meta property=\"og:url\" content=\"https:\/\/cssdn.gouv.qc.ca\/saintdominique\/informations-aux-parents\/liste-de-materiel-scolaire\/\" \/>\n<meta property=\"og:site_name\" content=\"\u00c9cole Saint-Dominique\" \/>\n<meta property=\"article:publisher\" content=\"https:\/\/www.facebook.com\/csdn.qc.ca\" \/>\n<meta property=\"article:modified_time\" content=\"2025-10-27T18:19:31+00:00\" \/>\n<meta name=\"twitter:card\" content=\"summary_large_image\" \/>\n<meta name=\"twitter:label1\" content=\"Estimation du temps de lecture\" \/>\n\t<meta name=\"twitter:data1\" content=\"1 minute\" \/>\n<script type=\"application\/ld+json\" class=\"yoast-schema-graph\">{\"@context\":\"https:\\\/\\\/schema.org\",\"@graph\":[{\"@type\":\"WebPage\",\"@id\":\"https:\\\/\\\/cssdn.gouv.qc.ca\\\/saintdominique\\\/informations-aux-parents\\\/liste-de-materiel-scolaire\\\/\",\"url\":\"https:\\\/\\\/cssdn.gouv.qc.ca\\\/saintdominique\\\/informations-aux-parents\\\/liste-de-materiel-scolaire\\\/\",\"name\":\"Liste de fournitures scolaires - \u00c9cole Saint-Dominique\",\"isPartOf\":{\"@id\":\"https:\\\/\\\/cssdn.gouv.qc.ca\\\/saintdominique\\\/#website\"},\"primaryImageOfPage\":{\"@id\":\"https:\\\/\\\/cssdn.gouv.qc.ca\\\/saintdominique\\\/informations-aux-parents\\\/liste-de-materiel-scolaire\\\/#primaryimage\"},\"image\":{\"@id\":\"https:\\\/\\\/cssdn.gouv.qc.ca\\\/saintdominique\\\/informations-aux-parents\\\/liste-de-materiel-scolaire\\\/#primaryimage\"},\"thumbnailUrl\":\"https:\\\/\\\/stage.cssdn.gouv.qc.ca\\\/wp-content\\\/uploads\\\/2022\\\/08\\\/Seawire-Hero-06.jpg\",\"datePublished\":\"2025-09-12T19:09:49+00:00\",\"dateModified\":\"2025-10-27T18:19:31+00:00\",\"breadcrumb\":{\"@id\":\"https:\\\/\\\/cssdn.gouv.qc.ca\\\/saintdominique\\\/informations-aux-parents\\\/liste-de-materiel-scolaire\\\/#breadcrumb\"},\"inLanguage\":\"fr-CA\",\"potentialAction\":[{\"@type\":\"ReadAction\",\"target\":[\"https:\\\/\\\/cssdn.gouv.qc.ca\\\/saintdominique\\\/informations-aux-parents\\\/liste-de-materiel-scolaire\\\/\"]}]},{\"@type\":\"ImageObject\",\"inLanguage\":\"fr-CA\",\"@id\":\"https:\\\/\\\/cssdn.gouv.qc.ca\\\/saintdominique\\\/informations-aux-parents\\\/liste-de-materiel-scolaire\\\/#primaryimage\",\"url\":\"https:\\\/\\\/stage.cssdn.gouv.qc.ca\\\/wp-content\\\/uploads\\\/2022\\\/08\\\/Seawire-Hero-06.jpg\",\"contentUrl\":\"https:\\\/\\\/stage.cssdn.gouv.qc.ca\\\/wp-content\\\/uploads\\\/2022\\\/08\\\/Seawire-Hero-06.jpg\"},{\"@type\":\"BreadcrumbList\",\"@id\":\"https:\\\/\\\/cssdn.gouv.qc.ca\\\/saintdominique\\\/informations-aux-parents\\\/liste-de-materiel-scolaire\\\/#breadcrumb\",\"itemListElement\":[{\"@type\":\"ListItem\",\"position\":1,\"name\":\"Accueil\",\"item\":\"https:\\\/\\\/cssdn.gouv.qc.ca\\\/saintdominique\\\/\"},{\"@type\":\"ListItem\",\"position\":2,\"name\":\"Informations aux parents\",\"item\":\"https:\\\/\\\/cssdn.gouv.qc.ca\\\/saintdominique\\\/informations-aux-parents\\\/\"},{\"@type\":\"ListItem\",\"position\":3,\"name\":\"Liste de fournitures scolaires\"}]},{\"@type\":\"WebSite\",\"@id\":\"https:\\\/\\\/cssdn.gouv.qc.ca\\\/saintdominique\\\/#website\",\"url\":\"https:\\\/\\\/cssdn.gouv.qc.ca\\\/saintdominique\\\/\",\"name\":\"\u00c9cole Saint-Dominique\",\"description\":\"Un site des centres de services scolaires des Navigateurs\",\"publisher\":{\"@id\":\"https:\\\/\\\/cssdn.gouv.qc.ca\\\/saintdominique\\\/#organization\"},\"potentialAction\":[{\"@type\":\"SearchAction\",\"target\":{\"@type\":\"EntryPoint\",\"urlTemplate\":\"https:\\\/\\\/cssdn.gouv.qc.ca\\\/saintdominique\\\/?s={search_term_string}\"},\"query-input\":{\"@type\":\"PropertyValueSpecification\",\"valueRequired\":true,\"valueName\":\"search_term_string\"}}],\"inLanguage\":\"fr-CA\"},{\"@type\":\"Organization\",\"@id\":\"https:\\\/\\\/cssdn.gouv.qc.ca\\\/saintdominique\\\/#organization\",\"name\":\"\u00c9cole Saint-Dominique\",\"url\":\"https:\\\/\\\/cssdn.gouv.qc.ca\\\/saintdominique\\\/\",\"logo\":{\"@type\":\"ImageObject\",\"inLanguage\":\"fr-CA\",\"@id\":\"https:\\\/\\\/cssdn.gouv.qc.ca\\\/saintdominique\\\/#\\\/schema\\\/logo\\\/image\\\/\",\"url\":\"https:\\\/\\\/cssdn.gouv.qc.ca\\\/saintdominique\\\/wp-content\\\/uploads\\\/sites\\\/56\\\/2023\\\/01\\\/logo_quebec.svg\",\"contentUrl\":\"https:\\\/\\\/cssdn.gouv.qc.ca\\\/saintdominique\\\/wp-content\\\/uploads\\\/sites\\\/56\\\/2023\\\/01\\\/logo_quebec.svg\",\"width\":188,\"height\":41,\"caption\":\"\u00c9cole Saint-Dominique\"},\"image\":{\"@id\":\"https:\\\/\\\/cssdn.gouv.qc.ca\\\/saintdominique\\\/#\\\/schema\\\/logo\\\/image\\\/\"},\"sameAs\":[\"https:\\\/\\\/www.facebook.com\\\/csdn.qc.ca\"]}]}<\/script>\n<!-- \/ Yoast SEO plugin. -->","yoast_head_json":{"title":"Liste de fournitures scolaires - \u00c9cole Saint-Dominique","robots":{"index":"index","follow":"follow","max-snippet":"max-snippet:-1","max-image-preview":"max-image-preview:large","max-video-preview":"max-video-preview:-1"},"canonical":"https:\/\/cssdn.gouv.qc.ca\/saintdominique\/informations-aux-parents\/liste-de-materiel-scolaire\/","og_locale":"fr_CA","og_type":"article","og_title":"Liste de fournitures scolaires - \u00c9cole Saint-Dominique","og_description":"Pr\u00e9scolaire Premi\u00e8re ann\u00e9e Deuxi\u00e8me ann\u00e9e Troisi\u00e8me ann\u00e9e Quatri\u00e8me ann\u00e9e Cinqui\u00e8me ann\u00e9e Sixi\u00e8me ann\u00e9e &#8211; anglais intensif Sixi\u00e8me ann\u00e9e &#8211; anglais bonifi\u00e9","og_url":"https:\/\/cssdn.gouv.qc.ca\/saintdominique\/informations-aux-parents\/liste-de-materiel-scolaire\/","og_site_name":"\u00c9cole Saint-Dominique","article_publisher":"https:\/\/www.facebook.com\/csdn.qc.ca","article_modified_time":"2025-10-27T18:19:31+00:00","twitter_card":"summary_large_image","twitter_misc":{"Estimation du temps de lecture":"1 minute"},"schema":{"@context":"https:\/\/schema.org","@graph":[{"@type":"WebPage","@id":"https:\/\/cssdn.gouv.qc.ca\/saintdominique\/informations-aux-parents\/liste-de-materiel-scolaire\/","url":"https:\/\/cssdn.gouv.qc.ca\/saintdominique\/informations-aux-parents\/liste-de-materiel-scolaire\/","name":"Liste de fournitures scolaires - \u00c9cole Saint-Dominique","isPartOf":{"@id":"https:\/\/cssdn.gouv.qc.ca\/saintdominique\/#website"},"primaryImageOfPage":{"@id":"https:\/\/cssdn.gouv.qc.ca\/saintdominique\/informations-aux-parents\/liste-de-materiel-scolaire\/#primaryimage"},"image":{"@id":"https:\/\/cssdn.gouv.qc.ca\/saintdominique\/informations-aux-parents\/liste-de-materiel-scolaire\/#primaryimage"},"thumbnailUrl":"https:\/\/stage.cssdn.gouv.qc.ca\/wp-content\/uploads\/2022\/08\/Seawire-Hero-06.jpg","datePublished":"2025-09-12T19:09:49+00:00","dateModified":"2025-10-27T18:19:31+00:00","breadcrumb":{"@id":"https:\/\/cssdn.gouv.qc.ca\/saintdominique\/informations-aux-parents\/liste-de-materiel-scolaire\/#breadcrumb"},"inLanguage":"fr-CA","potentialAction":[{"@type":"ReadAction","target":["https:\/\/cssdn.gouv.qc.ca\/saintdominique\/informations-aux-parents\/liste-de-materiel-scolaire\/"]}]},{"@type":"ImageObject","inLanguage":"fr-CA","@id":"https:\/\/cssdn.gouv.qc.ca\/saintdominique\/informations-aux-parents\/liste-de-materiel-scolaire\/#primaryimage","url":"https:\/\/stage.cssdn.gouv.qc.ca\/wp-content\/uploads\/2022\/08\/Seawire-Hero-06.jpg","contentUrl":"https:\/\/stage.cssdn.gouv.qc.ca\/wp-content\/uploads\/2022\/08\/Seawire-Hero-06.jpg"},{"@type":"BreadcrumbList","@id":"https:\/\/cssdn.gouv.qc.ca\/saintdominique\/informations-aux-parents\/liste-de-materiel-scolaire\/#breadcrumb","itemListElement":[{"@type":"ListItem","position":1,"name":"Accueil","item":"https:\/\/cssdn.gouv.qc.ca\/saintdominique\/"},{"@type":"ListItem","position":2,"name":"Informations aux parents","item":"https:\/\/cssdn.gouv.qc.ca\/saintdominique\/informations-aux-parents\/"},{"@type":"ListItem","position":3,"name":"Liste de fournitures scolaires"}]},{"@type":"WebSite","@id":"https:\/\/cssdn.gouv.qc.ca\/saintdominique\/#website","url":"https:\/\/cssdn.gouv.qc.ca\/saintdominique\/","name":"\u00c9cole Saint-Dominique","description":"Un site des centres de services scolaires des Navigateurs","publisher":{"@id":"https:\/\/cssdn.gouv.qc.ca\/saintdominique\/#organization"},"potentialAction":[{"@type":"SearchAction","target":{"@type":"EntryPoint","urlTemplate":"https:\/\/cssdn.gouv.qc.ca\/saintdominique\/?s={search_term_string}"},"query-input":{"@type":"PropertyValueSpecification","valueRequired":true,"valueName":"search_term_string"}}],"inLanguage":"fr-CA"},{"@type":"Organization","@id":"https:\/\/cssdn.gouv.qc.ca\/saintdominique\/#organization","name":"\u00c9cole Saint-Dominique","url":"https:\/\/cssdn.gouv.qc.ca\/saintdominique\/","logo":{"@type":"ImageObject","inLanguage":"fr-CA","@id":"https:\/\/cssdn.gouv.qc.ca\/saintdominique\/#\/schema\/logo\/image\/","url":"https:\/\/cssdn.gouv.qc.ca\/saintdominique\/wp-content\/uploads\/sites\/56\/2023\/01\/logo_quebec.svg","contentUrl":"https:\/\/cssdn.gouv.qc.ca\/saintdominique\/wp-content\/uploads\/sites\/56\/2023\/01\/logo_quebec.svg","width":188,"height":41,"caption":"\u00c9cole Saint-Dominique"},"image":{"@id":"https:\/\/cssdn.gouv.qc.ca\/saintdominique\/#\/schema\/logo\/image\/"},"sameAs":["https:\/\/www.facebook.com\/csdn.qc.ca"]}]}},"publishpress_future_action":{"enabled":false,"date":"2026-04-28 08:34:50","action":"change-status","newStatus":"draft","terms":[],"taxonomy":"category","extraData":[]},"publishpress_future_workflow_manual_trigger":{"enabledWorkflows":[]},"_links":{"self":[{"href":"https:\/\/cssdn.gouv.qc.ca\/saintdominique\/wp-json\/wp\/v2\/pages\/602","targetHints":{"allow":["GET"]}}],"collection":[{"href":"https:\/\/cssdn.gouv.qc.ca\/saintdominique\/wp-json\/wp\/v2\/pages"}],"about":[{"href":"https:\/\/cssdn.gouv.qc.ca\/saintdominique\/wp-json\/wp\/v2\/types\/page"}],"author":[{"embeddable":true,"href":"https:\/\/cssdn.gouv.qc.ca\/saintdominique\/wp-json\/wp\/v2\/users\/248"}],"replies":[{"embeddable":true,"href":"https:\/\/cssdn.gouv.qc.ca\/saintdominique\/wp-json\/wp\/v2\/comments?post=602"}],"version-history":[{"count":0,"href":"https:\/\/cssdn.gouv.qc.ca\/saintdominique\/wp-json\/wp\/v2\/pages\/602\/revisions"}],"up":[{"embeddable":true,"href":"https:\/\/cssdn.gouv.qc.ca\/saintdominique\/wp-json\/wp\/v2\/pages\/13"}],"wp:attachment":[{"href":"https:\/\/cssdn.gouv.qc.ca\/saintdominique\/wp-json\/wp\/v2\/media?parent=602"}],"wp:term":[{"taxonomy":"category","embeddable":true,"href":"https:\/\/cssdn.gouv.qc.ca\/saintdominique\/wp-json\/wp\/v2\/categories?post=602"},{"taxonomy":"post_tag","embeddable":true,"href":"https:\/\/cssdn.gouv.qc.ca\/saintdominique\/wp-json\/wp\/v2\/tags?post=602"}],"curies":[{"name":"wp","href":"https:\/\/api.w.org\/{rel}","templated":true}]}}