
{"id":764,"date":"2023-07-12T15:47:01","date_gmt":"2023-07-12T19:47:01","guid":{"rendered":"https:\/\/cssdn.gouv.qc.ca\/saintjoseph\/?page_id=764"},"modified":"2026-04-16T10:43:17","modified_gmt":"2026-04-16T14:43:17","slug":"concentrations-sportives","status":"publish","type":"page","link":"https:\/\/cssdn.gouv.qc.ca\/saintjoseph\/concentrations-sportives\/","title":{"rendered":"Concentrations sportives"},"content":{"rendered":"\n<div class=\"wp-block-cover alignfull is-style-title-banner\"><img decoding=\"async\" width=\"1095\" height=\"665\" class=\"wp-block-cover__image-background wp-image-773 lazyload\" alt=\"Jeune fille sur une poutre de gymnastique\" data-src=\"https:\/\/cssdn.gouv.qc.ca\/saintjoseph\/wp-content\/uploads\/sites\/59\/2023\/07\/gym.jpg\" style=\"--smush-placeholder-width: 1095px; --smush-placeholder-aspect-ratio: 1095\/665;object-position:54% 78%\" data-object-fit=\"cover\" data-object-position=\"54% 78%\" data-srcset=\"https:\/\/cssdn.gouv.qc.ca\/saintjoseph\/wp-content\/uploads\/sites\/59\/2023\/07\/gym.jpg 1095w, https:\/\/cssdn.gouv.qc.ca\/saintjoseph\/wp-content\/uploads\/sites\/59\/2023\/07\/gym-300x182.jpg 300w, https:\/\/cssdn.gouv.qc.ca\/saintjoseph\/wp-content\/uploads\/sites\/59\/2023\/07\/gym-1024x622.jpg 1024w, https:\/\/cssdn.gouv.qc.ca\/saintjoseph\/wp-content\/uploads\/sites\/59\/2023\/07\/gym-768x466.jpg 768w\" data-sizes=\"(max-width: 1095px) 100vw, 1095px\" src=\"data:image\/svg+xml;base64,PHN2ZyB3aWR0aD0iMSIgaGVpZ2h0PSIxIiB4bWxucz0iaHR0cDovL3d3dy53My5vcmcvMjAwMC9zdmciPjwvc3ZnPg==\" \/><span aria-hidden=\"true\" class=\"wp-block-cover__background has-background-dim\"><\/span><div class=\"wp-block-cover__inner-container\"><h3 class=\"wp-block-post-title\">Concentrations sportives<\/h3><\/div><\/div>\n\n\n\n<div class=\"wp-block-group alignfull has-padding-y-large has-secondary-background-color has-background\"><div class=\"yoast-breadcrumbs alignwide \"><span class=\"breadcrumbs\"><a href=\"https:\/\/cssdn.gouv.qc.ca\/saintjoseph\/\" class=\"breadcrumbs__element\">Accueil<\/a> <span class=\"breadcrumbs__separator\">\n        <svg class=\"icon icon-breadcrumb__separator\"><use xlink:href=\"#icon-breadcrumb__separator\"><\/use><\/svg>\n    <\/span> <span class=\"breadcrumbs__element breadcrumbs__element-current\">Concentrations sportives<\/span><\/span><\/div><\/div>\n\n\n\n<h1 class=\"wp-block-heading\">Concentrations sportives<\/h1>\n\n\n\n\n\n<div class=\"act-collapsible\">\n<h2 class=\"wp-block-heading act-collapsible__heading is-style-default\">Handball<\/h2>\n\n\n\n<div class=\"act-collapsible__content\"><div class=\"act-collapsible__content-inner\">\n<p class=\"wp-block-paragraph\"><strong>Handball, Club de Handball de L\u00e9vis<\/strong><\/p>\n\n\n\n<p class=\"wp-block-paragraph\">\u00c9cole secondaire de l&rsquo;Envol<br>Jean-Fran\u00e7ois Mainguy<br>418 889-0707<br><a href=\"mailto:jeffmainguy@hotmail.com\">jeffmainguy@hotmail.com<\/a><\/p>\n\n\n\n<p class=\"wp-block-paragraph\">5<sup>e<\/sup> et 6<sup>e<\/sup> ann\u00e9e<br>1 600$<\/p>\n<\/div><\/div>\n<\/div>\n\n\n\n<div class=\"act-collapsible\">\n<h2 class=\"wp-block-heading act-collapsible__heading\">Golf<\/h2>\n\n\n\n<div class=\"act-collapsible__content\"><div class=\"act-collapsible__content-inner\">\n<p class=\"wp-block-paragraph\"><strong>Acad\u00e9mie juniors du Royal Qu\u00e9bec<\/strong><\/p>\n\n\n\n<p class=\"wp-block-paragraph\">Concentration golf&nbsp;<\/p>\n\n\n\n<p class=\"wp-block-paragraph\">Kevin Bergeron&nbsp;<\/p>\n\n\n\n<p class=\"wp-block-paragraph\"><a href=\"mailto:Kevinbcoaching@gmail.com\" rel=\"noreferrer noopener\" target=\"_blank\">Kevinbcoaching@gmail.com<\/a><\/p>\n\n\n\n<p class=\"wp-block-paragraph\">(418)571-9026<\/p>\n\n\n\n<p class=\"wp-block-paragraph\"><a href=\"https:\/\/can01.safelinks.protection.outlook.com\/?url=http%3A%2F%2Facademieroyalquebec.com%2F&amp;data=05%7C02%7CJade.Gill-Lebel%40cssdn.gouv.qc.ca%7C2619985fbf82466c9ebe08ddf7a40971%7C116b0fe7428e49b58982f9c63799268d%7C0%7C0%7C638939006102511943%7CUnknown%7CTWFpbGZsb3d8eyJFbXB0eU1hcGkiOnRydWUsIlYiOiIwLjAuMDAwMCIsIlAiOiJXaW4zMiIsIkFOIjoiTWFpbCIsIldUIjoyfQ%3D%3D%7C0%7C%7C%7C&amp;sdata=Jf3C684P9oV8y3wUt8LdMYnluTqMmMU4jHCE3LnSirI%3D&amp;reserved=0\">http:\/\/academieroyalquebec.com<\/a><\/p>\n\n\n\n<p class=\"wp-block-paragraph\">5e et 6e ann\u00e9e<\/p>\n\n\n\n<p class=\"wp-block-paragraph\">3250$&nbsp;<\/p>\n<\/div><\/div>\n<\/div>\n\n\n\n<div class=\"act-collapsible\">\n<h2 class=\"wp-block-heading act-collapsible__heading\">Gymnastique*<\/h2>\n\n\n\n<div class=\"act-collapsible__content\"><div class=\"act-collapsible__content-inner\">\n<div class=\"wp-block-columns\">\n<div class=\"wp-block-column\">\n<p class=\"wp-block-paragraph\"><strong>Club l&rsquo;Envol<\/strong><br>Gymnastique f\u00e9minine<br>Palestre de l\u2019\u00c9cole Pointe-L\u00e9vy<br><a href=\"mailto:admin@gymenvol.com\">admin@gymenvol.com<\/a><br><a href=\"http:\/\/gymenvol.com\">gymenvol.com<\/a><\/p>\n\n\n\n<p class=\"wp-block-paragraph\">4<sup>e<\/sup> \u00e0 6<sup>e<\/sup> ann\u00e9e<br>4 424,48 $ (\u00e9t\u00e9 en sus)\u00a0<\/p>\n<\/div>\n\n\n\n<div class=\"wp-block-column\">\n<p class=\"wp-block-paragraph\"><strong>Club Gymnamic<\/strong><br>Gymnastique mixte<br>\u00c9cole secondaire les Etchemins<br>David Huard<br>418 832-8322 poste 234<br><a href=\"mailto:info@gymnamic.org\">info@gymnamic.org<\/a><br><a href=\"http:\/\/gymnamic.org\">gymnamic.org<\/a><\/p>\n\n\n\n<p class=\"wp-block-paragraph\">4<sup>e<\/sup> \u00e0 6<sup>e<\/sup> ann\u00e9e<br>3 600 $&nbsp;<\/p>\n<\/div>\n<\/div>\n\n\n\n<p class=\"wp-block-paragraph\">* Les entrainements se font avec les groupes Sport-\u00e9tudes du secondaire. L\u2019\u00e9l\u00e8ve doit d\u00e9j\u00e0 avoir un tr\u00e8s bon calibre et avoir \u00e9t\u00e9 recrut\u00e9 par l\u2019entraineur.&nbsp;<\/p>\n<\/div><\/div>\n<\/div>\n\n\n\n<div class=\"act-collapsible\">\n<h2 class=\"wp-block-heading act-collapsible__heading\">Hockey<\/h2>\n\n\n\n<div class=\"act-collapsible__content\"><div class=\"act-collapsible__content-inner\">\n<div class=\"wp-block-columns\">\n<div class=\"wp-block-column\">\n<p class=\"wp-block-paragraph\"><strong>Programme Hockey Chaudi\u00e8re-Appalaches <br><\/strong>Ar\u00e9nas du grand L\u00e9vis<br>Daniel Thibault<br>581 888-2907<br><a href=\"mailto:dthibault@hotmail.com\">dthibault@hotmail.com<\/a><br><a href=\"http:\/\/phca.qc.ca\">phca.qc.ca<\/a><\/p>\n\n\n\n<p class=\"wp-block-paragraph\">5<sup>e<\/sup> et 6<sup>e<\/sup> ann\u00e9e<br>1 940 $<\/p>\n<\/div>\n\n\n\n<div class=\"wp-block-column\">\n<p class=\"wp-block-paragraph\"><strong>Corsaires, Ligue de Hockey d&rsquo;Excellence du Qu\u00e9bec*<br><\/strong>M13 AAA<br>Gabriel Beaupr\u00e9<br>581 888-8010<br><a href=\"mailto:corsaireslheq@hotmail.com\">corsaireslheq@hotmail.com<\/a><\/p>\n\n\n\n<p class=\"wp-block-paragraph\">5<sup>e<\/sup> et 6<sup>e<\/sup> ann\u00e9e<br>3 400 $&nbsp;<\/p>\n\n\n\n<p class=\"wp-block-paragraph\">* Les entrainements se font avec les groupes Sport-\u00e9tudes du secondaire. L\u2019\u00e9l\u00e8ve doit d\u00e9j\u00e0 avoir un tr\u00e8s bon calibre et avoir \u00e9t\u00e9 recrut\u00e9 par l\u2019entraineur.&nbsp;<\/p>\n<\/div>\n<\/div>\n<\/div><\/div>\n<\/div>\n\n\n\n<div class=\"act-collapsible\">\n<h2 class=\"wp-block-heading act-collapsible__heading\">Natation<\/h2>\n\n\n\n<div class=\"act-collapsible__content\"><div class=\"act-collapsible__content-inner\">\n<p class=\"wp-block-paragraph\"><strong>Club Les Riverains de L\u00e9vis<\/strong><br>Complexe aquatique multifonctionnel<br>Guillaume Mecteau<br>418 833-7088<br><a href=\"mailto:riverains2001@hotmail.com\">riverains2001@hotmail.com<\/a><br><a href=\"https:\/\/can01.safelinks.protection.outlook.com\/?url=https%3A%2F%2Flesriverainslevis.com%2F&amp;data=05%7C02%7CJade.Gill-Lebel%40cssdn.gouv.qc.ca%7Ccf97e8fed2be44af859508dcd28fb0a6%7C116b0fe7428e49b58982f9c63799268d%7C0%7C0%7C638616761788414728%7CUnknown%7CTWFpbGZsb3d8eyJWIjoiMC4wLjAwMDAiLCJQIjoiV2luMzIiLCJBTiI6Ik1haWwiLCJXVCI6Mn0%3D%7C0%7C%7C%7C&amp;sdata=BE8Mro8wdbbqAXePi9%2BB8DF7VW7z88HBjjeYKhBi268%3D&amp;reserved=0\" target=\"_blank\" rel=\"noreferrer noopener\">lesriverainslevis.com&nbsp;<\/a><\/p>\n\n\n\n<p class=\"wp-block-paragraph\"><strong>Les \u00e9tudiants souhaitant \u00eatre admis au programme PALS natation primaire doivent avoir compl\u00e9t\u00e9 au moins une ann\u00e9e dans un programme comp\u00e9titif avec les Riverains ou un autre club et avoir \u00e9t\u00e9 \u00e9valu\u00e9s par un entra\u00eeneur du programme.<\/strong><\/p>\n\n\n\n<p class=\"wp-block-paragraph\">2 550 $<\/p>\n<\/div><\/div>\n<\/div>\n\n\n\n<div class=\"act-collapsible\">\n<h2 class=\"wp-block-heading act-collapsible__heading\">Patinage artistique*<\/h2>\n\n\n\n<div class=\"act-collapsible__content\"><div class=\"act-collapsible__content-inner\">\n<div class=\"wp-block-columns\">\n<div class=\"wp-block-column\">\n<p class=\"wp-block-paragraph\"><strong>PEPACA<\/strong><br>Ar\u00e9nas de L\u00e9vis<br>Virginie Pouliot-Roberge<br>418 931-1580<br><a href=\"mailto:bellemare.lise@gmail.com\">info@pepaca.ca<\/a><\/p>\n\n\n\n<p class=\"wp-block-paragraph\">4<sup>e<\/sup> \u00e0 6<sup>e<\/sup> ann\u00e9e<br>1 925 $&nbsp;<\/p>\n<\/div>\n\n\n\n<div class=\"wp-block-column\">\n<p class=\"wp-block-paragraph\"><strong>\u00c9cole de patinage EDISA<br><\/strong>Centre Bruno-Verret<br>Isabelle Leli\u00e8vre<br>418 271-1739<br><a href=\"mailto:ecole.EDISA@gmail.com\">ecole.EDISA@gmail.com<\/a><br><a href=\"http:\/\/ecoleEDISA.com\">ecoleEDISA.com<\/a><\/p>\n\n\n\n<p class=\"wp-block-paragraph\">4<sup>e<\/sup> \u00e0 6<sup>e<\/sup> ann\u00e9e<br>2 104 $ (sujet \u00e0 modification et \u00e9t\u00e9 en sus)&nbsp;<\/p>\n<\/div>\n<\/div>\n\n\n\n<p class=\"wp-block-paragraph\">* Les entrainements se font avec les groupes Sport-\u00e9tudes du secondaire. L\u2019\u00e9l\u00e8ve doit d\u00e9j\u00e0 avoir un tr\u00e8s bon calibre et avoir \u00e9t\u00e9 recrut\u00e9 par l\u2019entraineur.&nbsp;<\/p>\n<\/div><\/div>\n<\/div>\n\n\n\n<div class=\"act-collapsible\">\n<h2 class=\"wp-block-heading act-collapsible__heading\">Tennis<\/h2>\n\n\n\n<div class=\"act-collapsible__content\"><div class=\"act-collapsible__content-inner\">\n<p class=\"wp-block-paragraph\"><strong>Acad\u00e9mie de tennis Hugues Laverdi\u00e8re<br><\/strong>Cit\u00e9 sportive<br>Hugues Laverdi\u00e8re<br>418 561-8963<br><a href=\"mailto:noubiz@hotmail.com\">noubiz@hotmail.com<\/a><br><a href=\"http:\/\/athl.ca\">athl.ca<\/a><\/p>\n\n\n\n<p class=\"wp-block-paragraph\">4<sup>e<\/sup> \u00e0 6<sup>e<\/sup> ann\u00e9e<br>4 600 $&nbsp;<\/p>\n<\/div><\/div>\n<\/div>\n\n\n\n<div class=\"act-collapsible\">\n<h2 class=\"wp-block-heading act-collapsible__heading\">Triathlon<\/h2>\n\n\n\n<div class=\"act-collapsible__content\"><div class=\"act-collapsible__content-inner\">\n<p class=\"wp-block-paragraph\"><strong>Triathlon Junior L\u00e9vis (TJL)<br><\/strong>Fr\u00e9d\u00e9ric Jardot<br>418 948-2453<br><a href=\"mailto:fredjardot@gmail.com\">fredjardot@gmail.com<\/a>&nbsp;\/&nbsp;<a href=\"mailto:trijuniorlevis@gmail.com\">trijuniorlevis@gmail.com<\/a><\/p>\n\n\n\n<p class=\"wp-block-paragraph\"><a href=\"https:\/\/can01.safelinks.protection.outlook.com\/?url=http%3A%2F%2Fwww.triathlonjuniorlevis.ca%2F&amp;data=05%7C02%7CJade.Gill-Lebel%40cssdn.gouv.qc.ca%7Cd1c9b40fccb244dce6a208dcd29babb0%7C116b0fe7428e49b58982f9c63799268d%7C0%7C0%7C638616813259590236%7CUnknown%7CTWFpbGZsb3d8eyJWIjoiMC4wLjAwMDAiLCJQIjoiV2luMzIiLCJBTiI6Ik1haWwiLCJXVCI6Mn0%3D%7C0%7C%7C%7C&amp;sdata=BbdyUGrmILWoSXA13H3ESeuM81DCgFTOGy6lhmrI%2B2w%3D&amp;reserved=0\">www.triathlonjuniorlevis.ca<\/a><\/p>\n\n\n\n<p class=\"wp-block-paragraph\">6e ann\u00e9e<\/p>\n\n\n\n<p class=\"wp-block-paragraph\">2 600$<\/p>\n<\/div><\/div>\n<\/div>\n\n\n\n<p class=\"wp-block-paragraph\"><\/p>\n","protected":false},"excerpt":{"rendered":"<p>Concentrations sportives<\/p>\n","protected":false},"author":20,"featured_media":0,"parent":0,"menu_order":0,"comment_status":"closed","ping_status":"closed","template":"","meta":{"_acf_changed":false,"_crdt_document":"","inline_featured_image":false,"footnotes":""},"categories":[],"tags":[],"class_list":["post-764","page","type-page","status-publish","hentry"],"acf":[],"yoast_head":"<!-- This site is optimized with the Yoast SEO plugin v27.4 - https:\/\/yoast.com\/product\/yoast-seo-wordpress\/ -->\n<title>Concentrations sportives - \u00c9cole Saint-Joseph<\/title>\n<meta name=\"robots\" content=\"index, follow, max-snippet:-1, max-image-preview:large, max-video-preview:-1\" \/>\n<link rel=\"canonical\" href=\"https:\/\/cssdn.gouv.qc.ca\/saintjoseph\/concentrations-sportives\/\" \/>\n<meta property=\"og:locale\" content=\"fr_CA\" \/>\n<meta property=\"og:type\" content=\"article\" \/>\n<meta property=\"og:title\" content=\"Concentrations sportives - \u00c9cole Saint-Joseph\" \/>\n<meta property=\"og:description\" content=\"Concentrations sportives\" \/>\n<meta property=\"og:url\" content=\"https:\/\/cssdn.gouv.qc.ca\/saintjoseph\/concentrations-sportives\/\" \/>\n<meta property=\"og:site_name\" content=\"\u00c9cole Saint-Joseph\" \/>\n<meta property=\"article:publisher\" content=\"https:\/\/www.facebook.com\/cole-Saint-Joseph-1208534525882283\/\" \/>\n<meta property=\"article:modified_time\" content=\"2026-04-16T14:43:17+00:00\" \/>\n<meta property=\"og:image\" content=\"https:\/\/cssdn.gouv.qc.ca\/saintjoseph\/wp-content\/uploads\/sites\/59\/2023\/07\/gym.jpg\" \/>\n\t<meta property=\"og:image:width\" content=\"1095\" \/>\n\t<meta property=\"og:image:height\" content=\"665\" \/>\n\t<meta property=\"og:image:type\" content=\"image\/jpeg\" \/>\n<meta name=\"twitter:card\" content=\"summary_large_image\" \/>\n<meta name=\"twitter:label1\" content=\"Estimation du temps de lecture\" \/>\n\t<meta name=\"twitter:data1\" content=\"3 minutes\" \/>\n<script type=\"application\/ld+json\" class=\"yoast-schema-graph\">{\"@context\":\"https:\\\/\\\/schema.org\",\"@graph\":[{\"@type\":\"WebPage\",\"@id\":\"https:\\\/\\\/cssdn.gouv.qc.ca\\\/saintjoseph\\\/concentrations-sportives\\\/\",\"url\":\"https:\\\/\\\/cssdn.gouv.qc.ca\\\/saintjoseph\\\/concentrations-sportives\\\/\",\"name\":\"Concentrations sportives - \u00c9cole Saint-Joseph\",\"isPartOf\":{\"@id\":\"https:\\\/\\\/cssdn.gouv.qc.ca\\\/saintjoseph\\\/#website\"},\"primaryImageOfPage\":{\"@id\":\"https:\\\/\\\/cssdn.gouv.qc.ca\\\/saintjoseph\\\/concentrations-sportives\\\/#primaryimage\"},\"image\":{\"@id\":\"https:\\\/\\\/cssdn.gouv.qc.ca\\\/saintjoseph\\\/concentrations-sportives\\\/#primaryimage\"},\"thumbnailUrl\":\"https:\\\/\\\/cssdn.gouv.qc.ca\\\/saintjoseph\\\/wp-content\\\/uploads\\\/sites\\\/59\\\/2023\\\/07\\\/gym.jpg\",\"datePublished\":\"2023-07-12T19:47:01+00:00\",\"dateModified\":\"2026-04-16T14:43:17+00:00\",\"breadcrumb\":{\"@id\":\"https:\\\/\\\/cssdn.gouv.qc.ca\\\/saintjoseph\\\/concentrations-sportives\\\/#breadcrumb\"},\"inLanguage\":\"fr-CA\",\"potentialAction\":[{\"@type\":\"ReadAction\",\"target\":[\"https:\\\/\\\/cssdn.gouv.qc.ca\\\/saintjoseph\\\/concentrations-sportives\\\/\"]}]},{\"@type\":\"ImageObject\",\"inLanguage\":\"fr-CA\",\"@id\":\"https:\\\/\\\/cssdn.gouv.qc.ca\\\/saintjoseph\\\/concentrations-sportives\\\/#primaryimage\",\"url\":\"https:\\\/\\\/cssdn.gouv.qc.ca\\\/saintjoseph\\\/wp-content\\\/uploads\\\/sites\\\/59\\\/2023\\\/07\\\/gym.jpg\",\"contentUrl\":\"https:\\\/\\\/cssdn.gouv.qc.ca\\\/saintjoseph\\\/wp-content\\\/uploads\\\/sites\\\/59\\\/2023\\\/07\\\/gym.jpg\",\"width\":1095,\"height\":665},{\"@type\":\"BreadcrumbList\",\"@id\":\"https:\\\/\\\/cssdn.gouv.qc.ca\\\/saintjoseph\\\/concentrations-sportives\\\/#breadcrumb\",\"itemListElement\":[{\"@type\":\"ListItem\",\"position\":1,\"name\":\"Accueil\",\"item\":\"https:\\\/\\\/cssdn.gouv.qc.ca\\\/saintjoseph\\\/\"},{\"@type\":\"ListItem\",\"position\":2,\"name\":\"Concentrations sportives\"}]},{\"@type\":\"WebSite\",\"@id\":\"https:\\\/\\\/cssdn.gouv.qc.ca\\\/saintjoseph\\\/#website\",\"url\":\"https:\\\/\\\/cssdn.gouv.qc.ca\\\/saintjoseph\\\/\",\"name\":\"\u00c9cole Saint-Joseph\",\"description\":\"Un site des centres de services scolaires des Navigateurs\",\"publisher\":{\"@id\":\"https:\\\/\\\/cssdn.gouv.qc.ca\\\/saintjoseph\\\/#organization\"},\"potentialAction\":[{\"@type\":\"SearchAction\",\"target\":{\"@type\":\"EntryPoint\",\"urlTemplate\":\"https:\\\/\\\/cssdn.gouv.qc.ca\\\/saintjoseph\\\/?s={search_term_string}\"},\"query-input\":{\"@type\":\"PropertyValueSpecification\",\"valueRequired\":true,\"valueName\":\"search_term_string\"}}],\"inLanguage\":\"fr-CA\"},{\"@type\":\"Organization\",\"@id\":\"https:\\\/\\\/cssdn.gouv.qc.ca\\\/saintjoseph\\\/#organization\",\"name\":\"\u00c9cole Saint-Joseph\",\"url\":\"https:\\\/\\\/cssdn.gouv.qc.ca\\\/saintjoseph\\\/\",\"logo\":{\"@type\":\"ImageObject\",\"inLanguage\":\"fr-CA\",\"@id\":\"https:\\\/\\\/cssdn.gouv.qc.ca\\\/saintjoseph\\\/#\\\/schema\\\/logo\\\/image\\\/\",\"url\":\"https:\\\/\\\/cssdn.gouv.qc.ca\\\/saintjoseph\\\/wp-content\\\/uploads\\\/sites\\\/59\\\/2023\\\/01\\\/logo_quebec.svg\",\"contentUrl\":\"https:\\\/\\\/cssdn.gouv.qc.ca\\\/saintjoseph\\\/wp-content\\\/uploads\\\/sites\\\/59\\\/2023\\\/01\\\/logo_quebec.svg\",\"width\":188,\"height\":41,\"caption\":\"\u00c9cole Saint-Joseph\"},\"image\":{\"@id\":\"https:\\\/\\\/cssdn.gouv.qc.ca\\\/saintjoseph\\\/#\\\/schema\\\/logo\\\/image\\\/\"},\"sameAs\":[\"https:\\\/\\\/www.facebook.com\\\/cole-Saint-Joseph-1208534525882283\\\/\"]}]}<\/script>\n<!-- \/ Yoast SEO plugin. -->","yoast_head_json":{"title":"Concentrations sportives - \u00c9cole Saint-Joseph","robots":{"index":"index","follow":"follow","max-snippet":"max-snippet:-1","max-image-preview":"max-image-preview:large","max-video-preview":"max-video-preview:-1"},"canonical":"https:\/\/cssdn.gouv.qc.ca\/saintjoseph\/concentrations-sportives\/","og_locale":"fr_CA","og_type":"article","og_title":"Concentrations sportives - \u00c9cole Saint-Joseph","og_description":"Concentrations sportives","og_url":"https:\/\/cssdn.gouv.qc.ca\/saintjoseph\/concentrations-sportives\/","og_site_name":"\u00c9cole Saint-Joseph","article_publisher":"https:\/\/www.facebook.com\/cole-Saint-Joseph-1208534525882283\/","article_modified_time":"2026-04-16T14:43:17+00:00","og_image":[{"width":1095,"height":665,"url":"https:\/\/cssdn.gouv.qc.ca\/saintjoseph\/wp-content\/uploads\/sites\/59\/2023\/07\/gym.jpg","type":"image\/jpeg"}],"twitter_card":"summary_large_image","twitter_misc":{"Estimation du temps de lecture":"3 minutes"},"schema":{"@context":"https:\/\/schema.org","@graph":[{"@type":"WebPage","@id":"https:\/\/cssdn.gouv.qc.ca\/saintjoseph\/concentrations-sportives\/","url":"https:\/\/cssdn.gouv.qc.ca\/saintjoseph\/concentrations-sportives\/","name":"Concentrations sportives - \u00c9cole Saint-Joseph","isPartOf":{"@id":"https:\/\/cssdn.gouv.qc.ca\/saintjoseph\/#website"},"primaryImageOfPage":{"@id":"https:\/\/cssdn.gouv.qc.ca\/saintjoseph\/concentrations-sportives\/#primaryimage"},"image":{"@id":"https:\/\/cssdn.gouv.qc.ca\/saintjoseph\/concentrations-sportives\/#primaryimage"},"thumbnailUrl":"https:\/\/cssdn.gouv.qc.ca\/saintjoseph\/wp-content\/uploads\/sites\/59\/2023\/07\/gym.jpg","datePublished":"2023-07-12T19:47:01+00:00","dateModified":"2026-04-16T14:43:17+00:00","breadcrumb":{"@id":"https:\/\/cssdn.gouv.qc.ca\/saintjoseph\/concentrations-sportives\/#breadcrumb"},"inLanguage":"fr-CA","potentialAction":[{"@type":"ReadAction","target":["https:\/\/cssdn.gouv.qc.ca\/saintjoseph\/concentrations-sportives\/"]}]},{"@type":"ImageObject","inLanguage":"fr-CA","@id":"https:\/\/cssdn.gouv.qc.ca\/saintjoseph\/concentrations-sportives\/#primaryimage","url":"https:\/\/cssdn.gouv.qc.ca\/saintjoseph\/wp-content\/uploads\/sites\/59\/2023\/07\/gym.jpg","contentUrl":"https:\/\/cssdn.gouv.qc.ca\/saintjoseph\/wp-content\/uploads\/sites\/59\/2023\/07\/gym.jpg","width":1095,"height":665},{"@type":"BreadcrumbList","@id":"https:\/\/cssdn.gouv.qc.ca\/saintjoseph\/concentrations-sportives\/#breadcrumb","itemListElement":[{"@type":"ListItem","position":1,"name":"Accueil","item":"https:\/\/cssdn.gouv.qc.ca\/saintjoseph\/"},{"@type":"ListItem","position":2,"name":"Concentrations sportives"}]},{"@type":"WebSite","@id":"https:\/\/cssdn.gouv.qc.ca\/saintjoseph\/#website","url":"https:\/\/cssdn.gouv.qc.ca\/saintjoseph\/","name":"\u00c9cole Saint-Joseph","description":"Un site des centres de services scolaires des Navigateurs","publisher":{"@id":"https:\/\/cssdn.gouv.qc.ca\/saintjoseph\/#organization"},"potentialAction":[{"@type":"SearchAction","target":{"@type":"EntryPoint","urlTemplate":"https:\/\/cssdn.gouv.qc.ca\/saintjoseph\/?s={search_term_string}"},"query-input":{"@type":"PropertyValueSpecification","valueRequired":true,"valueName":"search_term_string"}}],"inLanguage":"fr-CA"},{"@type":"Organization","@id":"https:\/\/cssdn.gouv.qc.ca\/saintjoseph\/#organization","name":"\u00c9cole Saint-Joseph","url":"https:\/\/cssdn.gouv.qc.ca\/saintjoseph\/","logo":{"@type":"ImageObject","inLanguage":"fr-CA","@id":"https:\/\/cssdn.gouv.qc.ca\/saintjoseph\/#\/schema\/logo\/image\/","url":"https:\/\/cssdn.gouv.qc.ca\/saintjoseph\/wp-content\/uploads\/sites\/59\/2023\/01\/logo_quebec.svg","contentUrl":"https:\/\/cssdn.gouv.qc.ca\/saintjoseph\/wp-content\/uploads\/sites\/59\/2023\/01\/logo_quebec.svg","width":188,"height":41,"caption":"\u00c9cole Saint-Joseph"},"image":{"@id":"https:\/\/cssdn.gouv.qc.ca\/saintjoseph\/#\/schema\/logo\/image\/"},"sameAs":["https:\/\/www.facebook.com\/cole-Saint-Joseph-1208534525882283\/"]}]}},"publishpress_future_action":{"enabled":false,"date":"2026-04-26 01:22:04","action":"change-status","newStatus":"draft","terms":[],"taxonomy":"category","extraData":[]},"publishpress_future_workflow_manual_trigger":{"enabledWorkflows":[]},"_links":{"self":[{"href":"https:\/\/cssdn.gouv.qc.ca\/saintjoseph\/wp-json\/wp\/v2\/pages\/764","targetHints":{"allow":["GET"]}}],"collection":[{"href":"https:\/\/cssdn.gouv.qc.ca\/saintjoseph\/wp-json\/wp\/v2\/pages"}],"about":[{"href":"https:\/\/cssdn.gouv.qc.ca\/saintjoseph\/wp-json\/wp\/v2\/types\/page"}],"author":[{"embeddable":true,"href":"https:\/\/cssdn.gouv.qc.ca\/saintjoseph\/wp-json\/wp\/v2\/users\/20"}],"replies":[{"embeddable":true,"href":"https:\/\/cssdn.gouv.qc.ca\/saintjoseph\/wp-json\/wp\/v2\/comments?post=764"}],"version-history":[{"count":0,"href":"https:\/\/cssdn.gouv.qc.ca\/saintjoseph\/wp-json\/wp\/v2\/pages\/764\/revisions"}],"wp:attachment":[{"href":"https:\/\/cssdn.gouv.qc.ca\/saintjoseph\/wp-json\/wp\/v2\/media?parent=764"}],"wp:term":[{"taxonomy":"category","embeddable":true,"href":"https:\/\/cssdn.gouv.qc.ca\/saintjoseph\/wp-json\/wp\/v2\/categories?post=764"},{"taxonomy":"post_tag","embeddable":true,"href":"https:\/\/cssdn.gouv.qc.ca\/saintjoseph\/wp-json\/wp\/v2\/tags?post=764"}],"curies":[{"name":"wp","href":"https:\/\/api.w.org\/{rel}","templated":true}]}}