
{"id":16,"date":"2022-11-08T16:07:56","date_gmt":"2022-11-08T21:07:56","guid":{"rendered":"https:\/\/cssdn.gouv.qc.ca\/sentiers\/service-de-garde\/"},"modified":"2026-01-08T13:37:20","modified_gmt":"2026-01-08T18:37:20","slug":"service-de-garde","status":"publish","type":"page","link":"https:\/\/cssdn.gouv.qc.ca\/sentiers\/service-de-garde\/","title":{"rendered":"Service de garde"},"content":{"rendered":"\n<div class=\"wp-block-cover alignfull is-light is-style-title-banner\"><img decoding=\"async\" class=\"wp-block-cover__image-background wp-image-111 lazyload\" alt=\"\" data-src=\"https:\/\/cssdn.gouv.qc.ca\/wp-content\/uploads\/2022\/08\/Seawire-Hero-06.jpg\" data-object-fit=\"cover\" src=\"data:image\/svg+xml;base64,PHN2ZyB3aWR0aD0iMSIgaGVpZ2h0PSIxIiB4bWxucz0iaHR0cDovL3d3dy53My5vcmcvMjAwMC9zdmciPjwvc3ZnPg==\" \/><span aria-hidden=\"true\" class=\"wp-block-cover__background has-primary-background-color has-background-dim\"><\/span><div class=\"wp-block-cover__inner-container\"><h3 class=\"wp-block-post-title\">Service de garde<\/h3><\/div><\/div>\n\n\n\n<div class=\"wp-block-group alignfull has-padding-y-large has-secondary-background-color has-background\"><div class=\"yoast-breadcrumbs alignwide \"><span class=\"breadcrumbs\"><a href=\"https:\/\/cssdn.gouv.qc.ca\/sentiers\/\" class=\"breadcrumbs__element\">Accueil<\/a> <span class=\"breadcrumbs__separator\">\n        <svg class=\"icon icon-breadcrumb__separator\"><use xlink:href=\"#icon-breadcrumb__separator\"><\/use><\/svg>\n    <\/span> <span class=\"breadcrumbs__element breadcrumbs__element-current\">Service de garde<\/span><\/span><\/div><\/div>\n\n\n\n<div class=\"wp-block-file\"><a id=\"wp-block-file--media-d8e35917-9bd4-486f-a03d-96f56601c523\" href=\"https:\/\/cssdn.gouv.qc.ca\/sentiers\/wp-content\/uploads\/sites\/61\/2026\/01\/Programme-dactivites-SDG-des-Sentiers-2025-2026.pdf\">Programme d&rsquo;activit\u00e9s SDG des Sentiers 2025-2026<\/a><a href=\"https:\/\/cssdn.gouv.qc.ca\/sentiers\/wp-content\/uploads\/sites\/61\/2026\/01\/Programme-dactivites-SDG-des-Sentiers-2025-2026.pdf\" class=\"wp-block-file__button wp-element-button\" download aria-describedby=\"wp-block-file--media-d8e35917-9bd4-486f-a03d-96f56601c523\">Download<\/a><\/div>\n\n\n\n<div class=\"wp-block-file\"><a id=\"wp-block-file--media-7d6bacdd-9df9-4851-b53f-90cef316a2e2\" href=\"https:\/\/cssdn.gouv.qc.ca\/sentiers\/wp-content\/uploads\/sites\/61\/2025\/10\/Regie-interne-Sentiers-2025-2026-1.pdf\">R\u00e9gie interne Sentiers 2025-2026<\/a><\/div>\n\n\n\n<div class=\"wp-block-file\"><a id=\"wp-block-file--media-fcbad405-68e3-45ac-9b37-45a2141f5f27\" href=\"https:\/\/cssdn.gouv.qc.ca\/sentiers\/wp-content\/uploads\/sites\/61\/2025\/10\/Journee-pedagogiques-2025-206.pdf\">Journ\u00e9e p\u00e9dagogiques 2025-206<\/a><a href=\"https:\/\/cssdn.gouv.qc.ca\/sentiers\/wp-content\/uploads\/sites\/61\/2025\/10\/Journee-pedagogiques-2025-206.pdf\" class=\"wp-block-file__button wp-element-button\" download aria-describedby=\"wp-block-file--media-fcbad405-68e3-45ac-9b37-45a2141f5f27\">Download<\/a><\/div>\n\n\n\n<div class=\"wp-block-file\"><a id=\"wp-block-file--media-def20d84-2bfb-44f2-aea8-3c1da47a0bbe\" href=\"https:\/\/cssdn.gouv.qc.ca\/sentiers\/wp-content\/uploads\/sites\/61\/2025\/10\/Changement-de-frequentation-2025-2026.pdf\">Changement de frequentation 2025-2026<\/a><a href=\"https:\/\/cssdn.gouv.qc.ca\/sentiers\/wp-content\/uploads\/sites\/61\/2025\/10\/Changement-de-frequentation-2025-2026.pdf\" class=\"wp-block-file__button wp-element-button\" download aria-describedby=\"wp-block-file--media-def20d84-2bfb-44f2-aea8-3c1da47a0bbe\">Download<\/a><\/div>\n\n\n\n<div class=\"wp-block-file\"><a id=\"wp-block-file--media-d9b67d29-d251-476d-ac5b-5a193c82547b\" href=\"https:\/\/cssdn.gouv.qc.ca\/sentiers\/wp-content\/uploads\/sites\/61\/2025\/10\/Formulaire-dinscription-SDG-25-26.pdf\">Formulaire d&rsquo;inscription SDG 25-26<\/a><a href=\"https:\/\/cssdn.gouv.qc.ca\/sentiers\/wp-content\/uploads\/sites\/61\/2025\/10\/Formulaire-dinscription-SDG-25-26.pdf\" class=\"wp-block-file__button wp-element-button\" download aria-describedby=\"wp-block-file--media-d9b67d29-d251-476d-ac5b-5a193c82547b\">Download<\/a><\/div>\n\n\n\n<div class=\"wp-block-file\"><a id=\"wp-block-file--media-5210683e-25f5-42b2-a9ab-a592fa11564b\" href=\"https:\/\/cssdn.gouv.qc.ca\/sentiers\/wp-content\/uploads\/sites\/61\/2025\/10\/Autorisation-pour-ajout-de-personne-autorisees-2025-2026.pdf\">Autorisation pour ajout de personne autoris\u00e9es 2025-2026<\/a><a href=\"https:\/\/cssdn.gouv.qc.ca\/sentiers\/wp-content\/uploads\/sites\/61\/2025\/10\/Autorisation-pour-ajout-de-personne-autorisees-2025-2026.pdf\" class=\"wp-block-file__button wp-element-button\" download aria-describedby=\"wp-block-file--media-5210683e-25f5-42b2-a9ab-a592fa11564b\">Download<\/a><\/div>\n\n\n\n<div class=\"wp-block-file\"><a id=\"wp-block-file--media-2b8f84db-0955-4528-b6bc-27c9698f9b4c\" href=\"https:\/\/cssdn.gouv.qc.ca\/sentiers\/wp-content\/uploads\/sites\/61\/2025\/10\/Autorisation-depart-a-pied-seul-25-26.pdf\">Autorisation d\u00e9part \u00e0 pied seul 25-26<\/a><a href=\"https:\/\/cssdn.gouv.qc.ca\/sentiers\/wp-content\/uploads\/sites\/61\/2025\/10\/Autorisation-depart-a-pied-seul-25-26.pdf\" class=\"wp-block-file__button wp-element-button\" download aria-describedby=\"wp-block-file--media-2b8f84db-0955-4528-b6bc-27c9698f9b4c\">Download<\/a><\/div>\n\n\n\n<div class=\"wp-block-file\"><a id=\"wp-block-file--media-ece82398-8e86-47df-a7ad-d4c7bdc749cf\" href=\"https:\/\/cssdn.gouv.qc.ca\/sentiers\/wp-content\/uploads\/sites\/61\/2025\/10\/Calendrier-de-garde-partagee-2025-2026.pdf\">Calendrier de garde partag\u00e9e 2025-2026<\/a><a href=\"https:\/\/cssdn.gouv.qc.ca\/sentiers\/wp-content\/uploads\/sites\/61\/2025\/10\/Calendrier-de-garde-partagee-2025-2026.pdf\" class=\"wp-block-file__button wp-element-button\" download aria-describedby=\"wp-block-file--media-ece82398-8e86-47df-a7ad-d4c7bdc749cf\">Download<\/a><\/div>\n\n\n\n<p class=\"wp-block-paragraph\">Pour information :       Jos\u00e9e Montigny, technicienne en service de garde                                                                  <\/p>\n\n\n\n<p class=\"wp-block-paragraph\">Courriel : service-garde.sentiers@cssdn.gouv.qc.ca<\/p>\n\n\n\n<p class=\"wp-block-paragraph\">T\u00e9l\u00e9phone:  418-888-4873   poste 19140<\/p>\n\n\n\n<p class=\"wp-block-paragraph\"><\/p>\n","protected":false},"excerpt":{"rendered":"<p>Pour information : Jos\u00e9e Montigny, technicienne en service de garde Courriel : service-garde.sentiers@cssdn.gouv.qc.ca T\u00e9l\u00e9phone: 418-888-4873 poste 19140<\/p>\n","protected":false},"author":1,"featured_media":0,"parent":0,"menu_order":40,"comment_status":"closed","ping_status":"closed","template":"","meta":{"_acf_changed":false,"_crdt_document":"","inline_featured_image":false,"footnotes":""},"categories":[],"tags":[],"class_list":["post-16","page","type-page","status-publish","hentry"],"acf":[],"yoast_head":"<!-- This site is optimized with the Yoast SEO plugin v27.3 - https:\/\/yoast.com\/product\/yoast-seo-wordpress\/ -->\n<title>Service de garde - \u00c9cole des Sentiers<\/title>\n<meta name=\"robots\" content=\"index, follow, max-snippet:-1, max-image-preview:large, max-video-preview:-1\" \/>\n<link rel=\"canonical\" href=\"https:\/\/cssdn.gouv.qc.ca\/sentiers\/service-de-garde\/\" \/>\n<meta property=\"og:locale\" content=\"fr_CA\" \/>\n<meta property=\"og:type\" content=\"article\" \/>\n<meta property=\"og:title\" content=\"Service de garde - \u00c9cole des Sentiers\" \/>\n<meta property=\"og:description\" content=\"Pour information : Jos\u00e9e Montigny, technicienne en service de garde Courriel : service-garde.sentiers@cssdn.gouv.qc.ca T\u00e9l\u00e9phone: 418-888-4873 poste 19140\" \/>\n<meta property=\"og:url\" content=\"https:\/\/cssdn.gouv.qc.ca\/sentiers\/service-de-garde\/\" \/>\n<meta property=\"og:site_name\" content=\"\u00c9cole des Sentiers\" \/>\n<meta property=\"article:publisher\" content=\"https:\/\/www.facebook.com\/ecoledessentiers\" \/>\n<meta property=\"article:modified_time\" content=\"2026-01-08T18:37:20+00:00\" \/>\n<meta name=\"twitter:card\" content=\"summary_large_image\" \/>\n<meta name=\"twitter:label1\" content=\"Estimation du temps de lecture\" \/>\n\t<meta name=\"twitter:data1\" content=\"1 minute\" \/>\n<script type=\"application\/ld+json\" class=\"yoast-schema-graph\">{\"@context\":\"https:\\\/\\\/schema.org\",\"@graph\":[{\"@type\":\"WebPage\",\"@id\":\"https:\\\/\\\/cssdn.gouv.qc.ca\\\/sentiers\\\/service-de-garde\\\/\",\"url\":\"https:\\\/\\\/cssdn.gouv.qc.ca\\\/sentiers\\\/service-de-garde\\\/\",\"name\":\"Service de garde - \u00c9cole des Sentiers\",\"isPartOf\":{\"@id\":\"https:\\\/\\\/cssdn.gouv.qc.ca\\\/sentiers\\\/#website\"},\"primaryImageOfPage\":{\"@id\":\"https:\\\/\\\/cssdn.gouv.qc.ca\\\/sentiers\\\/service-de-garde\\\/#primaryimage\"},\"image\":{\"@id\":\"https:\\\/\\\/cssdn.gouv.qc.ca\\\/sentiers\\\/service-de-garde\\\/#primaryimage\"},\"thumbnailUrl\":\"https:\\\/\\\/cssdn.gouv.qc.ca\\\/wp-content\\\/uploads\\\/2022\\\/08\\\/Seawire-Hero-06.jpg\",\"datePublished\":\"2022-11-08T21:07:56+00:00\",\"dateModified\":\"2026-01-08T18:37:20+00:00\",\"breadcrumb\":{\"@id\":\"https:\\\/\\\/cssdn.gouv.qc.ca\\\/sentiers\\\/service-de-garde\\\/#breadcrumb\"},\"inLanguage\":\"fr-CA\",\"potentialAction\":[{\"@type\":\"ReadAction\",\"target\":[\"https:\\\/\\\/cssdn.gouv.qc.ca\\\/sentiers\\\/service-de-garde\\\/\"]}]},{\"@type\":\"ImageObject\",\"inLanguage\":\"fr-CA\",\"@id\":\"https:\\\/\\\/cssdn.gouv.qc.ca\\\/sentiers\\\/service-de-garde\\\/#primaryimage\",\"url\":\"https:\\\/\\\/cssdn.gouv.qc.ca\\\/wp-content\\\/uploads\\\/2022\\\/08\\\/Seawire-Hero-06.jpg\",\"contentUrl\":\"https:\\\/\\\/cssdn.gouv.qc.ca\\\/wp-content\\\/uploads\\\/2022\\\/08\\\/Seawire-Hero-06.jpg\"},{\"@type\":\"BreadcrumbList\",\"@id\":\"https:\\\/\\\/cssdn.gouv.qc.ca\\\/sentiers\\\/service-de-garde\\\/#breadcrumb\",\"itemListElement\":[{\"@type\":\"ListItem\",\"position\":1,\"name\":\"Accueil\",\"item\":\"https:\\\/\\\/cssdn.gouv.qc.ca\\\/sentiers\\\/\"},{\"@type\":\"ListItem\",\"position\":2,\"name\":\"Service de garde\"}]},{\"@type\":\"WebSite\",\"@id\":\"https:\\\/\\\/cssdn.gouv.qc.ca\\\/sentiers\\\/#website\",\"url\":\"https:\\\/\\\/cssdn.gouv.qc.ca\\\/sentiers\\\/\",\"name\":\"\u00c9cole des Sentiers\",\"description\":\"Un site des centres de services scolaires des Navigateurs\",\"publisher\":{\"@id\":\"https:\\\/\\\/cssdn.gouv.qc.ca\\\/sentiers\\\/#organization\"},\"potentialAction\":[{\"@type\":\"SearchAction\",\"target\":{\"@type\":\"EntryPoint\",\"urlTemplate\":\"https:\\\/\\\/cssdn.gouv.qc.ca\\\/sentiers\\\/?s={search_term_string}\"},\"query-input\":{\"@type\":\"PropertyValueSpecification\",\"valueRequired\":true,\"valueName\":\"search_term_string\"}}],\"inLanguage\":\"fr-CA\"},{\"@type\":\"Organization\",\"@id\":\"https:\\\/\\\/cssdn.gouv.qc.ca\\\/sentiers\\\/#organization\",\"name\":\"\u00c9cole des Sentiers\",\"url\":\"https:\\\/\\\/cssdn.gouv.qc.ca\\\/sentiers\\\/\",\"logo\":{\"@type\":\"ImageObject\",\"inLanguage\":\"fr-CA\",\"@id\":\"https:\\\/\\\/cssdn.gouv.qc.ca\\\/sentiers\\\/#\\\/schema\\\/logo\\\/image\\\/\",\"url\":\"https:\\\/\\\/cssdn.gouv.qc.ca\\\/sentiers\\\/wp-content\\\/uploads\\\/sites\\\/61\\\/2023\\\/01\\\/logo_quebec.svg\",\"contentUrl\":\"https:\\\/\\\/cssdn.gouv.qc.ca\\\/sentiers\\\/wp-content\\\/uploads\\\/sites\\\/61\\\/2023\\\/01\\\/logo_quebec.svg\",\"width\":188,\"height\":41,\"caption\":\"\u00c9cole des Sentiers\"},\"image\":{\"@id\":\"https:\\\/\\\/cssdn.gouv.qc.ca\\\/sentiers\\\/#\\\/schema\\\/logo\\\/image\\\/\"},\"sameAs\":[\"https:\\\/\\\/www.facebook.com\\\/ecoledessentiers\"]}]}<\/script>\n<!-- \/ Yoast SEO plugin. -->","yoast_head_json":{"title":"Service de garde - \u00c9cole des Sentiers","robots":{"index":"index","follow":"follow","max-snippet":"max-snippet:-1","max-image-preview":"max-image-preview:large","max-video-preview":"max-video-preview:-1"},"canonical":"https:\/\/cssdn.gouv.qc.ca\/sentiers\/service-de-garde\/","og_locale":"fr_CA","og_type":"article","og_title":"Service de garde - \u00c9cole des Sentiers","og_description":"Pour information : Jos\u00e9e Montigny, technicienne en service de garde Courriel : service-garde.sentiers@cssdn.gouv.qc.ca T\u00e9l\u00e9phone: 418-888-4873 poste 19140","og_url":"https:\/\/cssdn.gouv.qc.ca\/sentiers\/service-de-garde\/","og_site_name":"\u00c9cole des Sentiers","article_publisher":"https:\/\/www.facebook.com\/ecoledessentiers","article_modified_time":"2026-01-08T18:37:20+00:00","twitter_card":"summary_large_image","twitter_misc":{"Estimation du temps de lecture":"1 minute"},"schema":{"@context":"https:\/\/schema.org","@graph":[{"@type":"WebPage","@id":"https:\/\/cssdn.gouv.qc.ca\/sentiers\/service-de-garde\/","url":"https:\/\/cssdn.gouv.qc.ca\/sentiers\/service-de-garde\/","name":"Service de garde - \u00c9cole des Sentiers","isPartOf":{"@id":"https:\/\/cssdn.gouv.qc.ca\/sentiers\/#website"},"primaryImageOfPage":{"@id":"https:\/\/cssdn.gouv.qc.ca\/sentiers\/service-de-garde\/#primaryimage"},"image":{"@id":"https:\/\/cssdn.gouv.qc.ca\/sentiers\/service-de-garde\/#primaryimage"},"thumbnailUrl":"https:\/\/cssdn.gouv.qc.ca\/wp-content\/uploads\/2022\/08\/Seawire-Hero-06.jpg","datePublished":"2022-11-08T21:07:56+00:00","dateModified":"2026-01-08T18:37:20+00:00","breadcrumb":{"@id":"https:\/\/cssdn.gouv.qc.ca\/sentiers\/service-de-garde\/#breadcrumb"},"inLanguage":"fr-CA","potentialAction":[{"@type":"ReadAction","target":["https:\/\/cssdn.gouv.qc.ca\/sentiers\/service-de-garde\/"]}]},{"@type":"ImageObject","inLanguage":"fr-CA","@id":"https:\/\/cssdn.gouv.qc.ca\/sentiers\/service-de-garde\/#primaryimage","url":"https:\/\/cssdn.gouv.qc.ca\/wp-content\/uploads\/2022\/08\/Seawire-Hero-06.jpg","contentUrl":"https:\/\/cssdn.gouv.qc.ca\/wp-content\/uploads\/2022\/08\/Seawire-Hero-06.jpg"},{"@type":"BreadcrumbList","@id":"https:\/\/cssdn.gouv.qc.ca\/sentiers\/service-de-garde\/#breadcrumb","itemListElement":[{"@type":"ListItem","position":1,"name":"Accueil","item":"https:\/\/cssdn.gouv.qc.ca\/sentiers\/"},{"@type":"ListItem","position":2,"name":"Service de garde"}]},{"@type":"WebSite","@id":"https:\/\/cssdn.gouv.qc.ca\/sentiers\/#website","url":"https:\/\/cssdn.gouv.qc.ca\/sentiers\/","name":"\u00c9cole des Sentiers","description":"Un site des centres de services scolaires des Navigateurs","publisher":{"@id":"https:\/\/cssdn.gouv.qc.ca\/sentiers\/#organization"},"potentialAction":[{"@type":"SearchAction","target":{"@type":"EntryPoint","urlTemplate":"https:\/\/cssdn.gouv.qc.ca\/sentiers\/?s={search_term_string}"},"query-input":{"@type":"PropertyValueSpecification","valueRequired":true,"valueName":"search_term_string"}}],"inLanguage":"fr-CA"},{"@type":"Organization","@id":"https:\/\/cssdn.gouv.qc.ca\/sentiers\/#organization","name":"\u00c9cole des Sentiers","url":"https:\/\/cssdn.gouv.qc.ca\/sentiers\/","logo":{"@type":"ImageObject","inLanguage":"fr-CA","@id":"https:\/\/cssdn.gouv.qc.ca\/sentiers\/#\/schema\/logo\/image\/","url":"https:\/\/cssdn.gouv.qc.ca\/sentiers\/wp-content\/uploads\/sites\/61\/2023\/01\/logo_quebec.svg","contentUrl":"https:\/\/cssdn.gouv.qc.ca\/sentiers\/wp-content\/uploads\/sites\/61\/2023\/01\/logo_quebec.svg","width":188,"height":41,"caption":"\u00c9cole des Sentiers"},"image":{"@id":"https:\/\/cssdn.gouv.qc.ca\/sentiers\/#\/schema\/logo\/image\/"},"sameAs":["https:\/\/www.facebook.com\/ecoledessentiers"]}]}},"publishpress_future_action":{"enabled":false,"date":"2026-04-21 21:56:12","action":"change-status","newStatus":"draft","terms":[],"taxonomy":"category","extraData":[]},"publishpress_future_workflow_manual_trigger":{"enabledWorkflows":[]},"_links":{"self":[{"href":"https:\/\/cssdn.gouv.qc.ca\/sentiers\/wp-json\/wp\/v2\/pages\/16","targetHints":{"allow":["GET"]}}],"collection":[{"href":"https:\/\/cssdn.gouv.qc.ca\/sentiers\/wp-json\/wp\/v2\/pages"}],"about":[{"href":"https:\/\/cssdn.gouv.qc.ca\/sentiers\/wp-json\/wp\/v2\/types\/page"}],"author":[{"embeddable":true,"href":"https:\/\/cssdn.gouv.qc.ca\/sentiers\/wp-json\/wp\/v2\/users\/1"}],"replies":[{"embeddable":true,"href":"https:\/\/cssdn.gouv.qc.ca\/sentiers\/wp-json\/wp\/v2\/comments?post=16"}],"version-history":[{"count":0,"href":"https:\/\/cssdn.gouv.qc.ca\/sentiers\/wp-json\/wp\/v2\/pages\/16\/revisions"}],"wp:attachment":[{"href":"https:\/\/cssdn.gouv.qc.ca\/sentiers\/wp-json\/wp\/v2\/media?parent=16"}],"wp:term":[{"taxonomy":"category","embeddable":true,"href":"https:\/\/cssdn.gouv.qc.ca\/sentiers\/wp-json\/wp\/v2\/categories?post=16"},{"taxonomy":"post_tag","embeddable":true,"href":"https:\/\/cssdn.gouv.qc.ca\/sentiers\/wp-json\/wp\/v2\/tags?post=16"}],"curies":[{"name":"wp","href":"https:\/\/api.w.org\/{rel}","templated":true}]}}